000
CXUS53 KFGF 010815
CF6GFK
PRELIMINARY LOCAL CLIMATOLOGICAL DATA (WS FORM: F-6)
STATION: GRAND FORKS INTL AP ND
MONTH: JULY
YEAR: 2023
LATITUDE: 47 57 N
LONGITUDE: 97 11 W
TEMPERATURE IN F: :PCPN: SNOW: WIND :SUNSHINE: SKY :PK WND
================================================================================
1 2 3 4 5 6A 6B 7 8 9 10 11 12 13 14 15 16 17 18
12Z AVG MX 2MIN
DY MAX MIN AVG DEP HDD CDD WTR SNW DPTH SPD SPD DIR MIN PSBL S-S WX SPD DR
================================================================================
1 88 58 73 5 0 8 0.00 0.0 0 3.0 10 120 M M 2 1 15 180
2 90 67 79 11 0 14 T 0.0 0 10.0 16 150 M M 4 26 270
3 82 62 72 4 0 7 T 0.0 0 9.2 21 310 M M 5 8 30 320
4 80 56 68 0 0 3 T 0.0 0 10.4 21 320 M M 7 1 29 300
5 69 47 58 -10 7 0 T 0.0 0 8.2 17 340 M M 7 23 320
6 83 45 64 -4 1 0 0.00 0.0 0 11.6 25 40 M M 4 35 220
7 76 50 63 -5 2 0 0.01 0.0 0 11.0 23 360 M M 6 3 30 330
8 78 44 61 -7 4 0 0.44 0.0 0 5.7 33 360 M M 4 3 47 10
9 88 56 72 3 0 7 0.00 0.0 0 10.4 23 270 M M 2 3 32 260
10 75 46 61 -8 4 0 0.00 0.0 0 8.4 20 330 M M 4 18 29 330
11 69 42 56 -13 9 0 0.00 0.0 0 4.6 16 230 M M 6 21 230
12 74 43 59 -10 6 0 T 0.0 0 3.4 12 200 M M 6 128 20 150
13 81 55 68 -1 0 3 0.95 0.0 0 7.7 36 210 M M 6 13 55 210
14 80 58 69 0 0 4 0.07 0.0 0 8.4 17 260 M M 5 138 23 260
15 74 52 63 -6 2 0 T 0.0 0 9.2 18 310 M M 7 27 300
16 71 55 63 -6 2 0 T 0.0 0 12.7 23 340 M M 8 30 340
17 77 50 64 -5 1 0 0.00 0.0 0 8.0 17 330 M M 5 18 24 300
18 80 50 65 -4 0 0 T 0.0 0 6.9 17 140 M M 6 138 30 140
19 79 55 67 -2 0 2 0.02 0.0 0 9.2 24 300 M M 4 31 290
20 82 56 69 0 0 4 0.00 0.0 0 7.1 16 350 M M 1 18 22 330
21 85 50 68 -1 0 3 0.00 0.0 0 3.9 14 290 M M 3 1 17 280
22 84 58 71 2 0 6 0.00 0.0 0 7.8 17 350 M M 1 8 23 320
23 88 56 72 3 0 7 0.00 0.0 0 3.7 16 30 M M 4 8 23 40
24 89 61 75 6 0 10 0.00 0.0 0 5.8 9 120 M M 2 18 M M
25 87 67 77 8 0 12 0.28 0.0 0 11.1 36 180 M M 5 138 51 180
26 97 64 81 12 0 16 0.10 0.0 0 3.7 28 300 M M 4 13 44 290
27 84 58 71 2 0 6 T 0.0 0 5.7 12 70 M M 5 17 20
28 78 54 66 -3 0 1 T 0.0 0 9.5 17 360 M M 5 1 M M
29 76 47 62 -7 3 0 0.00 0.0 0 7.4 16 360 M M 3 20 10
30 83 51 67 -2 0 2 T 0.0 0 4.5 12 90 M M 4 22 180
31 84 52 68 -1 0 3 T 0.0 0 5.9 12 140 M M 5 18 130
================================================================================
SM 2511 1665 41 118 1.87 0.0 234.1 M 140
================================================================================
AV 81.0 53.7 7.6 FASTST M M 5 MAX(MPH)
MISC ----> # 36 210 55 210
================================================================================
NOTES:
# LAST OF SEVERAL OCCURRENCES
COLUMN 17 PEAK WIND IN M.P.H.
PRELIMINARY LOCAL CLIMATOLOGICAL DATA (WS FORM: F-6) , PAGE 2
STATION: GRAND FORKS INTL AP ND
MONTH: JULY
YEAR: 2023
LATITUDE: 47 57 N
LONGITUDE: 97 11 W
[TEMPERATURE DATA] [PRECIPITATION DATA] SYMBOLS USED IN COLUMN 16
AVERAGE MONTHLY: 67.4 TOTAL FOR MONTH: 1.87 1 = FOG OR MIST
DPTR FM NORMAL: -1.5 DPTR FM NORMAL: -1.65 2 = FOG REDUCING VISIBILITY
HIGHEST: 97 ON 26 GRTST 24HR 0.95 ON 13-13 TO 1/4 MILE OR LESS
LOWEST: 42 ON 11 3 = THUNDER
SNOW, ICE PELLETS, HAIL 4 = ICE PELLETS
TOTAL MONTH: 0.0 INCH 5 = HAIL
GRTST 24HR 0.0 6 = FREEZING RAIN OR DRIZZLE
GRTST DEPTH: 0 7 = DUSTSTORM OR SANDSTORM:
VSBY 1/2 MILE OR LESS
8 = SMOKE OR HAZE
[NO. OF DAYS WITH] [WEATHER - DAYS WITH] 9 = BLOWING SNOW
X = TORNADO
MAX 32 OR BELOW: 0 0.01 INCH OR MORE: 7
MAX 90 OR ABOVE: 2 0.10 INCH OR MORE: 4
MIN 32 OR BELOW: 0 0.50 INCH OR MORE: 1
MIN 0 OR BELOW: 0 1.00 INCH OR MORE: 0
[HDD (BASE 65) ]
TOTAL THIS MO. 41 CLEAR (SCALE 0-3) 6
DPTR FM NORMAL 14 PTCLDY (SCALE 4-7) 25
TOTAL FM JUL 1 41 CLOUDY (SCALE 8-10) 0
DPTR FM NORMAL 9
[CDD (BASE 65) ]
TOTAL THIS MO. 118
DPTR FM NORMAL -28 [PRESSURE DATA]
TOTAL FM JAN 1 416 HIGHEST SLP M ON M
DPTR FM NORMAL 176 LOWEST SLP 29.56 ON 9
[REMARKS]
#FINAL-07-23#