000
CXUS55 KGGW 010810
CF6GGW
PRELIMINARY LOCAL CLIMATOLOGICAL DATA (WS FORM: F-6)
STATION: GLASGOW MT
MONTH: JUNE
YEAR: 2022
LATITUDE: 48 13 N
LONGITUDE: 106 37 W
TEMPERATURE IN F: :PCPN: SNOW: WIND :SUNSHINE: SKY :PK WND
================================================================================
1 2 3 4 5 6A 6B 7 8 9 10 11 12 13 14 15 16 17 18
12Z AVG MX 2MIN
DY MAX MIN AVG DEP HDD CDD WTR SNW DPTH SPD SPD DIR MIN PSBL S-S WX SPD DR
================================================================================
1 74 41 58 -3 7 0 0.00 0.0 0 9.7 22 320 M M 2 30 300
2 75 40 58 -3 7 0 0.00 0.0 0 10.4 22 330 M M 0 31 340
3 78 42 60 -1 5 0 0.00 0.0 0 7.8 16 70 M M 1 8 20 80
4 79 53 66 4 0 1 0.00 0.0 0 12.3 21 120 M M 3 35 140
5 70 56 63 1 2 0 0.10 0.0 0 11.8 25 120 M M 9 33 110
6 60 48 54 -8 11 0 0.45 0.0 0 16.8 28 100 M M 10 1 34 90
7 60 47 54 -8 11 0 0.23 0.0 0 9.7 24 50 M M 9 1 30 50
8 72 44 58 -5 7 0 0.00 0.0 0 8.5 16 180 M M 2 12 22 180
9 82 57 70 7 0 5 0.00 0.0 0 9.8 23 290 M M 3 31 280
10 87 56 72 9 0 7 0.00 0.0 M 11.9 25 290 M M 5 35 290
11 83 54 69 6 0 4 0.00 0.0 0 7.1 18 250 M M 2 25 260
12 79 57 68 4 0 3 0.00 0.0 0 7.4 14 250 M M 1 18 220
13 79 55 67 3 0 2 T 0.0 0 10.8 25 290 M M 5 35 280
14 68 49 59 -5 6 0 0.01 0.0 0 18.4 37 250 M M 6 52 250
15 65 49 57 -7 8 0 0.30 0.0 0 27.6 45 280 M M 9 1 61 250
16 80 53 67 2 0 2 0.00 0.0 0 12.2 24 290 M M 0 33 290
17 95 61 78 13 0 13 0.00 0.0 0 23.7 36 140 M M 0 47 130
18 93 71 82 17 0 17 0.00 0.0 0 12.6 23 120 M M 0 31 300
19 73 60 67 2 0 2 0.12 0.0 0 14.5 31 30 M M 8 13 43 20
20 80 56 68 2 0 3 0.00 0.0 0 10.7 23 290 M M 3 12 31 290
21 79 55 67 1 0 2 0.01 0.0 0 13.2 25 310 M M 4 1 35 310
22 88 52 70 4 0 5 0.00 0.0 0 10.7 23 270 M M 0 31 250
23 92 57 75 9 0 10 0.01 0.0 0 7.6 32 230 M M 1 3 46 250
24 76 53 65 -1 0 0 0.02 0.0 0 14.0 26 290 M M 5 36 280
25 73 50 62 -5 3 0 0.07 0.0 0 17.3 32 320 M M 4 51 280
26 81 46 64 -3 1 0 0.00 0.0 0 7.1 14 240 M M 0 19 240
27 88 50 69 2 0 4 0.00 0.0 0 6.9 14 100 M M 0 20 290
28 86 56 71 3 0 6 0.03 0.0 0 18.1 28 90 M M 1 3 36 90
29 88 59 74 6 0 9 0.03 0.0 0 11.6 28 300 M M 0 40 320
30 78 51 65 -3 0 0 0.06 0.0 0 8.9 25 340 M M 1 33 340
================================================================================
SM 2361 1578 68 95 1.44 0.0 369.1 M 94
================================================================================
AV 78.7 52.6 12.3 FASTST M M 3 MAX(MPH)
MISC ----> 45 280 61 250
================================================================================
NOTES:
# LAST OF SEVERAL OCCURRENCES
COLUMN 17 PEAK WIND IN M.P.H.
PRELIMINARY LOCAL CLIMATOLOGICAL DATA (WS FORM: F-6) , PAGE 2
STATION: GLASGOW MT
MONTH: JUNE
YEAR: 2022
LATITUDE: 48 13 N
LONGITUDE: 106 37 W
[TEMPERATURE DATA] [PRECIPITATION DATA] SYMBOLS USED IN COLUMN 16
AVERAGE MONTHLY: 65.6 TOTAL FOR MONTH: 1.44 1 = FOG OR MIST
DPTR FM NORMAL: 1.1 DPTR FM NORMAL: -1.39 2 = FOG REDUCING VISIBILITY
HIGHEST: 95 ON 17 GRTST 24HR 0.50 ON 6- 7 TO 1/4 MILE OR LESS
LOWEST: 40 ON 2 3 = THUNDER
SNOW, ICE PELLETS, HAIL 4 = ICE PELLETS
TOTAL MONTH: 0.0 INCH 5 = HAIL
GRTST 24HR 0.0 6 = FREEZING RAIN OR DRIZZLE
GRTST DEPTH: 0 7 = DUSTSTORM OR SANDSTORM:
VSBY 1/2 MILE OR LESS
8 = SMOKE OR HAZE
[NO. OF DAYS WITH] [WEATHER - DAYS WITH] 9 = BLOWING SNOW
X = TORNADO
MAX 32 OR BELOW: 0 0.01 INCH OR MORE: 13
MAX 90 OR ABOVE: 3 0.10 INCH OR MORE: 5
MIN 32 OR BELOW: 0 0.50 INCH OR MORE: 0
MIN 0 OR BELOW: 0 1.00 INCH OR MORE: 0
[HDD (BASE 65) ]
TOTAL THIS MO. 68 CLEAR (SCALE 0-3) 17
DPTR FM NORMAL -20 PTCLDY (SCALE 4-7) 9
TOTAL FM JUL 1 7845 CLOUDY (SCALE 8-10) 4
DPTR FM NORMAL -400
[CDD (BASE 65) ]
TOTAL THIS MO. 95
DPTR FM NORMAL 22 [PRESSURE DATA]
TOTAL FM JAN 1 98 HIGHEST SLP M ON M
DPTR FM NORMAL 9 LOWEST SLP 29.34 ON 15
[REMARKS]
#FINAL-06-22#