000
CXUS55 KGGW 280810
CF6GGW
PRELIMINARY LOCAL CLIMATOLOGICAL DATA (WS FORM: F-6)
STATION: GLASGOW MT
MONTH: MARCH
YEAR: 2024
LATITUDE: 48 13 N
LONGITUDE: 106 37 W
TEMPERATURE IN F: :PCPN: SNOW: WIND :SUNSHINE: SKY :PK WND
================================================================================
1 2 3 4 5 6A 6B 7 8 9 10 11 12 13 14 15 16 17 18
12Z AVG MX 2MIN
DY MAX MIN AVG DEP HDD CDD WTR SNW DPTH SPD SPD DIR MIN PSBL S-S WX SPD DR
================================================================================
1 48 29 39 15 26 0 0.00 0.0 0 10.6 23 120 M M 2 29 120
2 42 27 35 11 30 0 0.14 1.8 0 21.9 33 100 M M 5 12 46 90
3 28 4 16 -9 49 0 0.05 1.0 2 18.1 30 300 M M 8 18 39 310
4 16 -2 7 -18 58 0 0.00 0.0 3 7.9 14 300 M M 1 20 290
5 17 4 11 -15 54 0 0.00 0.0 2 14.7 24 110 M M 6 30 110
6 19 -2 9 -17 56 0 0.09 1.7 2 8.6 18 330 M M 5 18 22 330
7 24 -4 10 -17 55 0 0.00 0.0 2 9.7 17 120 M M 1 21 110
8 36 2 19 -8 46 0 0.00 0.0 2 4.6 14 120 M M 0 18 15 120
9 50 20 35 7 30 0 0.00 0.0 1 10.6 16 110 M M 0 20 130
10 58 33 46 18 19 0 0.00 0.0 0 9.2 22 260 M M 0 27 250
11 56 34 45 16 20 0 0.00 0.0 0 9.2 22 310 M M 1 28 310
12 57 35 46 16 19 0 0.01 0.0 0 6.8 16 350 M M 5 22 330
13 57 29 43 13 22 0 0.00 0.0 0 10.4 21 10 M M 2 27 10
14 42 29 36 5 29 0 0.00 0.0 0 8.9 17 360 M M 7 22 340
15 58 28 43 12 22 0 0.00 0.0 0 12.0 30 310 M M 0 37 320
16 51 29 40 8 25 0 0.00 0.0 0 9.5 17 320 M M 3 24 350
17 46 24 35 3 30 0 0.00 0.0 0 4.7 13 110 M M 0 17 130
18 71 26 49 16 16 0 0.00 0.0 0 11.5 32 320 M M 0 41 330
19 47 26 37 4 28 0 0.00 0.0 0 10.6 22 340 M M 6 26 360
20 27 20 24 -10 41 0 0.17 2.8 T 15.9 25 120 M M 10 18 31 120
21 24 14 19 -15 46 0 0.17 2.9 4 12.3 18 90 M M 10 18 23 90
22 23 9 16 -19 49 0 T T 5 9.2 15 100 M M 10 18 100
23 26 17 22 -13 43 0 0.08 1.2 5 20.5 26 100 M M 10 18 34 90
24 25 13 19 -17 46 0 0.14 2.4 4 15.7 23 80 M M 10 18 30 90
25 20 4 12 -24 53 0 T T 4 14.4 21 120 M M 5 18 24 110
26 21 2 12 -25 53 0 0.00 0.0 3 9.5 14 110 M M 3 17 110
27 29 5 17 -20 48 0 0.00 0.0 3 14.6 20 110 M M 2 24 100
================================================================================
SM 1018 455 1013 0 0.85 13.8 311.6 M 112
================================================================================
AV 37.7 16.9 11.5 FASTST M M 4 MAX(MPH)
MISC ----> 33 100 46 90
================================================================================
NOTES:
# LAST OF SEVERAL OCCURRENCES
COLUMN 17 PEAK WIND IN M.P.H.
PRELIMINARY LOCAL CLIMATOLOGICAL DATA (WS FORM: F-6) , PAGE 2
STATION: GLASGOW MT
MONTH: MARCH
YEAR: 2024
LATITUDE: 48 13 N
LONGITUDE: 106 37 W
[TEMPERATURE DATA] [PRECIPITATION DATA] SYMBOLS USED IN COLUMN 16
AVERAGE MONTHLY: 27.3 TOTAL FOR MONTH: 0.85 1 = FOG OR MIST
DPTR FM NORMAL: -3.3 DPTR FM NORMAL: 0.46 2 = FOG REDUCING VISIBILITY
HIGHEST: 71 ON 18 GRTST 24HR 0.30 ON 20-21 TO 1/4 MILE OR LESS
LOWEST: -4 ON 7 3 = THUNDER
SNOW, ICE PELLETS, HAIL 4 = ICE PELLETS
TOTAL MONTH: 13.8 INCHES 5 = HAIL
GRTST 24HR 2.9 ON 21-21 6 = FREEZING RAIN OR DRIZZLE
GRTST DEPTH: 5 ON 23,22 7 = DUSTSTORM OR SANDSTORM:
VSBY 1/2 MILE OR LESS
8 = SMOKE OR HAZE
[NO. OF DAYS WITH] [WEATHER - DAYS WITH] 9 = BLOWING SNOW
X = TORNADO
MAX 32 OR BELOW: 13 0.01 INCH OR MORE: 8
MAX 90 OR ABOVE: 0 0.10 INCH OR MORE: 4
MIN 32 OR BELOW: 24 0.50 INCH OR MORE: 0
MIN 0 OR BELOW: 3 1.00 INCH OR MORE: 0
[HDD (BASE 65) ]
TOTAL THIS MO. 1013 CLEAR (SCALE 0-3) 13
DPTR FM NORMAL 82 PTCLDY (SCALE 4-7) 9
TOTAL FM JUL 1 6292 CLOUDY (SCALE 8-10) 5
DPTR FM NORMAL -843
[CDD (BASE 65) ]
TOTAL THIS MO. 0
DPTR FM NORMAL 0 [PRESSURE DATA]
TOTAL FM JAN 1 0 HIGHEST SLP M ON M
DPTR FM NORMAL 0 LOWEST SLP 29.38 ON 1
[REMARKS]