000
CXUS55 KGJT 011010
CF6GJT
PRELIMINARY LOCAL CLIMATOLOGICAL DATA (WS FORM: F-6)
STATION: GRAND JUNCTION CO
MONTH: NOVEMBER
YEAR: 2022
LATITUDE: 39 7 N
LONGITUDE: 108 32 W
TEMPERATURE IN F: :PCPN: SNOW: WIND :SUNSHINE: SKY :PK WND
================================================================================
1 2 3 4 5 6A 6B 7 8 9 10 11 12 13 14 15 16 17 18
12Z AVG MX 2MIN
DY MAX MIN AVG DEP HDD CDD WTR SNW DPTH SPD SPD DIR MIN PSBL S-S WX SPD DR
================================================================================
1 60 36 48 2 17 0 0.00 0.0 0 10.1 21 130 M M 0 26 130
2 67 45 56 10 9 0 T 0.0 0 15.6 28 230 M M 3 42 170
3 47 32 40 -5 25 0 0.47 1.7 0 6.1 21 290 M M 10 1 27 270
4 42 23 33 -12 32 0 T T 2 4.0 13 110 M M 4 1 15 110
5 47 35 41 -3 24 0 0.00 0.0 T 5.1 13 110 M M 8 16 110
6 53 39 46 2 19 0 0.00 0.0 0 3.7 18 100 M M 7 23 90
7 69 41 55 11 10 0 0.00 0.0 0 15.1 25 150 M M 0 34 140
8 68 52 60 17 5 0 0.00 0.0 0 14.9 29 150 M M 0 39 150
9 64 32 48 5 17 0 0.04 T 0 13.3 39 210 M M 4 1 54 210
10 44 28 36 -6 29 0 0.00 0.0 0 5.6 15 350 M M 2 21 300
11 41 24 33 -9 32 0 0.00 0.0 0 2.2 8 310 M M 1 11 300
12 42 24 33 -8 32 0 0.00 0.0 0 5.5 13 130 M M 0 15 70
13 47 21 34 -7 31 0 0.00 0.0 0 4.1 14 350 M M 2 16 10
14 45 27 36 -4 29 0 0.00 0.0 0 4.7 12 250 M M 3 8 17 320
15 40 25 33 -7 32 0 0.00 0.0 0 7.6 20 30 M M 3 8 26 30
16 42 20 31 -8 34 0 0.00 0.0 0 4.5 14 40 M M 0 8 16 40
17 42 19 31 -8 34 0 0.00 0.0 0 4.8 14 120 M M 0 17 120
18 43 22 33 -5 32 0 0.00 0.0 0 4.2 16 40 M M 1 8 21 40
19 42 16 29 -9 36 0 0.00 0.0 0 5.6 14 110 M M 0 8 19 160
20 45 16 31 -7 34 0 0.00 0.0 0 3.6 12 140 M M 0 14 110
21 45 18 32 -5 33 0 0.00 0.0 0 4.3 12 130 M M 0 8 14 120
22 45 18 32 -5 33 0 0.00 0.0 0 4.0 12 120 M M 0 8 14 120
23 43 18 31 -5 34 0 0.00 0.0 0 3.9 12 340 M M 4 15 340
24 49 27 38 2 27 0 0.00 0.0 0 6.8 14 250 M M 4 8 22 310
25 50 25 38 3 27 0 0.00 0.0 0 7.5 21 130 M M 0 24 130
26 46 22 34 -1 31 0 0.01 0.0 0 5.3 16 330 M M 3 20 330
27 45 27 36 2 29 0 0.00 0.0 0 5.0 13 100 M M 5 1 16 90
28 45 26 36 2 29 0 T 0.0 0 7.1 35 260 M M 3 8 43 260
29 40 23 32 -2 33 0 0.06 0.9 1 9.2 25 320 M M 5 1 31 320
30 40 19 30 -3 35 0 0.00 0.0 T 6.6 20 100 M M 0 8 24 110
================================================================================
SM 1438 800 824 0 0.58 2.6 200.0 M 72
================================================================================
AV 47.9 26.7 6.7 FASTST M M 2 MAX(MPH)
MISC ----> 39 210 54 210
================================================================================
NOTES:
# LAST OF SEVERAL OCCURRENCES
COLUMN 17 PEAK WIND IN M.P.H.
PRELIMINARY LOCAL CLIMATOLOGICAL DATA (WS FORM: F-6) , PAGE 2
STATION: GRAND JUNCTION CO
MONTH: NOVEMBER
YEAR: 2022
LATITUDE: 39 7 N
LONGITUDE: 108 32 W
[TEMPERATURE DATA] [PRECIPITATION DATA] SYMBOLS USED IN COLUMN 16
AVERAGE MONTHLY: 37.3 TOTAL FOR MONTH: 0.58 1 = FOG OR MIST
DPTR FM NORMAL: -2.3 DPTR FM NORMAL: -0.03 2 = FOG REDUCING VISIBILITY
HIGHEST: 69 ON 7 GRTST 24HR 0.47 ON 2- 3 TO 1/4 MILE OR LESS
LOWEST: 16 ON 20,19 3 = THUNDER
SNOW, ICE PELLETS, HAIL 4 = ICE PELLETS
TOTAL MONTH: 2.6 INCHES 5 = HAIL
GRTST 24HR 1.7 ON 3- 3 6 = FREEZING RAIN OR DRIZZLE
GRTST DEPTH: 2 ON 4 7 = DUSTSTORM OR SANDSTORM:
VSBY 1/2 MILE OR LESS
8 = SMOKE OR HAZE
[NO. OF DAYS WITH] [WEATHER - DAYS WITH] 9 = BLOWING SNOW
X = TORNADO
MAX 32 OR BELOW: 0 0.01 INCH OR MORE: 4
MAX 90 OR ABOVE: 0 0.10 INCH OR MORE: 1
MIN 32 OR BELOW: 24 0.50 INCH OR MORE: 0
MIN 0 OR BELOW: 0 1.00 INCH OR MORE: 0
[HDD (BASE 65) ]
TOTAL THIS MO. 824 CLEAR (SCALE 0-3) 18
DPTR FM NORMAL 64 PTCLDY (SCALE 4-7) 11
TOTAL FM JUL 1 1175 CLOUDY (SCALE 8-10) 1
DPTR FM NORMAL -16
[CDD (BASE 65) ]
TOTAL THIS MO. 0
DPTR FM NORMAL 0 [PRESSURE DATA]
TOTAL FM JAN 1 1514 HIGHEST SLP 30.67 ON 16
DPTR FM NORMAL 281 LOWEST SLP 29.43 ON 28
[REMARKS]
#FINAL-11-22#