000
CXUS54 KFWD 010730
CF6GKY
PRELIMINARY LOCAL CLIMATOLOGICAL DATA (WS FORM: F-6)
STATION: ARLINGTON
MONTH: MAY
YEAR: 2022
LATITUDE: 32 39 N
LONGITUDE: 97 6 W
TEMPERATURE IN F: :PCPN: SNOW: WIND :SUNSHINE: SKY :PK WND
================================================================================
1 2 3 4 5 6A 6B 7 8 9 10 11 12 13 14 15 16 17 18
12Z AVG MX 2MIN
DY MAX MIN AVG DEP HDD CDD WTR SNW DPTH SPD SPD DIR MIN PSBL S-S WX SPD DR
================================================================================
1 85 51 68 -1 0 3 0.00 M M 8.0 18 110 M M 1 24 90
2 86 66 76 6 0 11 0.56 M M 15.4 28 160 M M 6 13 45 160
3 77 54 66 -4 0 1 0.65 M M 8.9 24 330 M M 9 13 32 320
4 87 61 74 4 0 9 0.12 M M 10.2 26 140 M M 7 13 36 140
5 79 56 68 -2 0 3 0.05 M M 7.5 21 300 M M 3 3 31 290
6 86 54 70 -1 0 5 0.00 M M 4.9 16 120 M M 0 22 140
7 90 70 80 9 0 15 0.00 M M 12.1 22 130 M M 5 8 30 130
8 93 75 84 13 0 19 0.00 M M 16.7 24 160 M M 3 37 130
9 92 76 84 12 0 19 0.00 M M 18.3 28 140 M M 3 8 39 130
10 91 78 85 13 0 20 0.00 M M 13.9 24 150 M M 6 34 160
11 90 71 81 9 0 16 0.00 M M 12.0 21 150 M M 1 28 140
12 92 70 81 8 0 16 0.00 M M 12.6 23 140 M M 0 32 140
13 93 69 81 8 0 16 T M M 12.7 31 170 M M 0 52 170
14 93 64 79 6 0 14 0.00 M M 7.3 16 200 M M 0 31 210
15 95 69 82 8 0 17 T M M 11.4 26 60 M M 0 36 50
16 93 65 79 5 0 14 0.00 M M 7.5 20 100 M M 0 29 100
17 95 73 84 10 0 19 0.00 M M 13.5 23 150 M M 0 34 140
18 95 73 84 9 0 19 0.00 M M 13.9 24 150 M M 0 34 160
19 95 72 84 9 0 19 0.00 M M 18.1 28 150 M M 1 40 150
20 94 75 85 10 0 20 0.00 M M 18.1 26 150 M M 4 8 39 150
21 92 65 79 3 0 14 T M M 14.0 26 360 M M 6 3 37 150
22 74 62 68 -8 0 3 0.00 M M 12.3 25 10 M M 7 34 350
23 81 62 72 -4 0 7 T M M 8.9 21 100 M M 10 1 30 90
24 78 60 69 -8 0 4 T M M 11.0 23 290 M M 9 13 34 270
25 74 56 65 -12 0 0 M M M 10.0 28 90 M M 6 13 37 90
26 89 51 70 -7 0 5 0.00 M M 5.9 22 310 M M 0 32 310
27 91 56 74 -4 0 9 0.00 M M 3.8 14 110 M M 0 17 100
28 93 67 80 2 0 15 0.00 M M 14.5 28 140 M M 0 38 140
29 94 72 83 5 0 18 0.00 M M 17.6 29 140 M M 1 40 150
30 93 76 85 6 0 20 0.00 M M 17.8 29 150 M M 5 44 150
31 94 77 86 7 0 21 0.00 M M 15.6 24 150 M M 4 33 180
================================================================================
SM 2754 2046 0 391 1.38 M 374.4 M 97
================================================================================
AV 88.8 66.0 12.1 FASTST M M 3 MAX(MPH)
MISC ----> 31 170 52 170
================================================================================
NOTES:
# LAST OF SEVERAL OCCURRENCES
COLUMN 17 PEAK WIND IN M.P.H.
PRELIMINARY LOCAL CLIMATOLOGICAL DATA (WS FORM: F-6) , PAGE 2
STATION: ARLINGTON
MONTH: MAY
YEAR: 2022
LATITUDE: 32 39 N
LONGITUDE: 97 6 W
[TEMPERATURE DATA] [PRECIPITATION DATA] SYMBOLS USED IN COLUMN 16
AVERAGE MONTHLY: 77.4 TOTAL FOR MONTH: 1.38 1 = FOG OR MIST
DPTR FM NORMAL: 3.4 DPTR FM NORMAL: -2.95 2 = FOG REDUCING VISIBILITY
HIGHEST: 95 ON 19,18 GRTST 24HR 0.65 ON 3- 3 TO 1/4 MILE OR LESS
LOWEST: 51 ON 26, 1 3 = THUNDER
SNOW, ICE PELLETS, HAIL 4 = ICE PELLETS
TOTAL MONTH: M 5 = HAIL
GRTST 24HR M ON M 6 = FREEZING RAIN OR DRIZZLE
GRTST DEPTH: M ON M 7 = DUSTSTORM OR SANDSTORM:
VSBY 1/2 MILE OR LESS
8 = SMOKE OR HAZE
[NO. OF DAYS WITH] [WEATHER - DAYS WITH] 9 = BLOWING SNOW
X = TORNADO
MAX 32 OR BELOW: 0 0.01 INCH OR MORE: 4
MAX 90 OR ABOVE: 20 0.10 INCH OR MORE: 3
MIN 32 OR BELOW: 0 0.50 INCH OR MORE: 2
MIN 0 OR BELOW: 0 1.00 INCH OR MORE: 0
[HDD (BASE 65) ]
TOTAL THIS MO. 0 CLEAR (SCALE 0-3) 16
DPTR FM NORMAL -9 PTCLDY (SCALE 4-7) 12
TOTAL FM JUL 1 1863 CLOUDY (SCALE 8-10) 3
DPTR FM NORMAL -261
[CDD (BASE 65) ]
TOTAL THIS MO. 391
DPTR FM NORMAL 103 [PRESSURE DATA]
TOTAL FM JAN 1 589 HIGHEST SLP M ON M
DPTR FM NORMAL 139 LOWEST SLP 29.51 ON 19
[REMARKS]
#FINAL-05-22#