000
CXUS54 KFWD 010830
CF6GLE
PRELIMINARY LOCAL CLIMATOLOGICAL DATA (WS FORM: F-6)
STATION: GAINESVILLE
MONTH: JANUARY
YEAR: 2021
LATITUDE: 33 39 N
LONGITUDE: 97 12 W
TEMPERATURE IN F: :PCPN: SNOW: WIND :SUNSHINE: SKY :PK WND
================================================================================
1 2 3 4 5 6A 6B 7 8 9 10 11 12 13 14 15 16 17 18
12Z AVG MX 2MIN
DY MAX MIN AVG DEP HDD CDD WTR SNW DPTH SPD SPD DIR MIN PSBL S-S WX SPD DR
================================================================================
1 37 33 35 -6 30 0 M M M 11.3 14 340 M M 10 1 23 310
2 55 32 44 3 21 0 0.00 M M 5.4 12 340 M M 4 M M
3 60 32 46 5 19 0 0.00 M M 6.5 12 260 M M 0 M M
4 64 32 48 7 17 0 0.00 M M 4.0 10 360 M M 0 M M
5 62 32 47 6 18 0 0.00 M M 6.5 13 160 M M 1 20 150
6 58 41 50 9 15 0 0.01 M M 11.0 17 330 M M 10 1 24 330
7 46 39 43 2 22 0 0.00 M M 12.1 18 330 M M 10 24 330
8 47 29 38 -4 27 0 0.00 M M 7.0 13 350 M M 5 17 360
9 47 24 36 -6 29 0 0.00 M M 3.7 8 10 M M 0 1 M M
10 37 32 35 -7 30 0 M M M 7.3 10 320 M M 10 17 330
11 48 29 39 -3 26 0 0.00 M M 5.3 10 340 M M 5 M M
12 52 27 40 -2 25 0 0.00 M M 5.6 13 220 M M 0 18 240
13 62 23 43 1 22 0 0.00 M M 6.4 15 200 M M 2 12 22 200
14 60 31 46 4 19 0 0.00 M M 12.5 29 M M M 0 39 360
15 50 36 43 1 22 0 0.00 M M 16.4 30 310 M M 1 40 320
16 54 28 41 -1 24 0 0.00 M M 7.6 13 300 M M 1 18 330
17 57 32 45 3 20 0 0.00 M M 7.3 17 300 M M 4 21 300
18 63 31 47 5 18 0 0.00 M M 7.4 20 180 M M 3 30 180
19 54 46 50 8 15 0 0.00 M M 11.4 18 40 M M 10 24 40
20 46 41 44 2 21 0 0.15 M M 4.5 13 190 M M 10 1 18 180
21 55 41 48 6 17 0 M M M 5.0 8 200 M M 3 1 M M
22 52 45 49 6 16 0 0.00 M M 5.0 9 80 M M 10 1 M M
23 50 42 46 3 19 0 0.01 M M 7.4 10 150 M M 9 1 M M
24 57 49 53 10 12 0 0.06 M M 5.3 9 110 M M 10 12 M M
25 64 42 53 10 12 0 0.31 M M 11.7 31 250 M M 4 3 37 250
26 52 31 42 -1 23 0 M M M 6.9 15 250 M M 1 22 250
27 46 27 37 -6 28 0 0.00 M M 10.3 17 360 M M 2 1 24 350
28 46 22 34 -9 31 0 0.00 M M 4.1 8 140 M M 0 M M
29 58 32 45 1 20 0 0.00 M M 9.4 16 170 M M 0 24 170
30 70 41 56 12 9 0 0.02 M M 16.5 30 250 M M 6 39 250
31 54 37 46 2 19 0 0.00 M M 13.5 22 340 M M 0 30 340
================================================================================
SM 1663 1059 646 0 0.56 M 254.2 M 131
================================================================================
AV 53.6 34.2 8.2 FASTST M M 4 MAX(MPH)
MISC ----> 31 250 40 320
================================================================================
NOTES:
# LAST OF SEVERAL OCCURRENCES
COLUMN 17 PEAK WIND IN M.P.H.
PRELIMINARY LOCAL CLIMATOLOGICAL DATA (WS FORM: F-6) , PAGE 2
STATION: GAINESVILLE
MONTH: JANUARY
YEAR: 2021
LATITUDE: 33 39 N
LONGITUDE: 97 12 W
[TEMPERATURE DATA] [PRECIPITATION DATA] SYMBOLS USED IN COLUMN 16
AVERAGE MONTHLY: 43.9 TOTAL FOR MONTH: 0.56 1 = FOG OR MIST
DPTR FM NORMAL: 1.7 DPTR FM NORMAL: -1.40 2 = FOG REDUCING VISIBILITY
HIGHEST: 70 ON 30 GRTST 24HR 0.43 ON 20-20 TO 1/4 MILE OR LESS
LOWEST: 22 ON 28 3 = THUNDER
SNOW, ICE PELLETS, HAIL 4 = ICE PELLETS
TOTAL MONTH: M 5 = HAIL
GRTST 24HR M ON M 6 = FREEZING RAIN OR DRIZZLE
GRTST DEPTH: M ON M 7 = DUSTSTORM OR SANDSTORM:
VSBY 1/2 MILE OR LESS
8 = SMOKE OR HAZE
[NO. OF DAYS WITH] [WEATHER - DAYS WITH] 9 = BLOWING SNOW
X = TORNADO
MAX 32 OR BELOW: 0 0.01 INCH OR MORE: 6
MAX 90 OR ABOVE: 0 0.10 INCH OR MORE: 2
MIN 32 OR BELOW: 18 0.50 INCH OR MORE: 0
MIN 0 OR BELOW: 0 1.00 INCH OR MORE: 0
[HDD (BASE 65) ]
TOTAL THIS MO. 646 CLEAR (SCALE 0-3) 15
DPTR FM NORMAL -61 PTCLDY (SCALE 4-7) 7
TOTAL FM JUL 1 1625 CLOUDY (SCALE 8-10) 9
DPTR FM NORMAL -225
[CDD (BASE 65) ]
TOTAL THIS MO. 0
DPTR FM NORMAL 0 [PRESSURE DATA]
TOTAL FM JAN 1 0 HIGHEST SLP M ON M
DPTR FM NORMAL 0 LOWEST SLP M ON M
[REMARKS]
#FINAL-01-21#