000
CXUS54 KJAN 011530
CF6GLH
PRELIMINARY LOCAL CLIMATOLOGICAL DATA (WS FORM: F-6)
STATION: GREENVILLE
MONTH: OCTOBER
YEAR: 2020
LATITUDE: 33 29 N
LONGITUDE: 90 59 W
TEMPERATURE IN F: :PCPN: SNOW: WIND :SUNSHINE: SKY :PK WND
================================================================================
1 2 3 4 5 6A 6B 7 8 9 10 11 12 13 14 15 16 17 18
12Z AVG MX 2MIN
DY MAX MIN AVG DEP HDD CDD WTR SNW DPTH SPD SPD DIR MIN PSBL S-S WX SPD DR
================================================================================
1 80 51 66 -3 0 1 0.00 0.0 0 7.2 18 40 M M 0 30 40
2 74 48 61 -8 4 0 0.00 0.0 0 6.7 14 340 M M 0 20 330
3 75 44 60 -9 5 0 0.00 0.0 0 3.2 10 170 M M 0 8 16 170
4 78 50 64 -4 1 0 0.00 0.0 0 6.6 18 10 M M 1 8 25 360
5 76 47 62 -6 3 0 0.00 0.0 0 6.0 14 10 M M 0 22 50
6 84 44 64 -4 1 0 0.00 0.0 0 2.3 12 290 M M 0 1 14 10
7 87 48 68 1 0 3 0.00 0.0 0 2.9 9 250 M M 0 18 13 260
8 83 55 69 2 0 4 0.25 0.0 0 3.9 10 90 M M 3 18 14 100
9 73 66 70 3 0 5 0.36 0.0 0 8.2 23 70 M M 6 1 37 60
10 74 68 71 5 0 6 5.18 0.0 0 15.7 39 30 M M M 1 53 40
11 76 66 71 5 0 6 0.01 0.0 0 6.2 12 290 M M 4 1 16 310
12 84 61 73 7 0 8 0.00 0.0 0 9.7 26 200 M M 4 1 18 260
13 77 52 65 -1 0 0 0.00 0.0 0 5.2 14 50 M M 0 18 50
14 81 47 64 -1 1 0 0.00 0.0 0 4.6 12 200 M M 0 12 18 210
15 77 55 66 1 0 1 0.09 0.0 0 10.8 26 30 M M 5 18 36 40
16 68 45 57 -8 8 0 T 0.0 0 8.7 18 10 M M 2 27 360
17 74 44 59 -5 6 0 0.00 0.0 0 9.9 20 130 M M 2 26 130
18 82 60 71 7 0 6 T 0.0 0 9.3 18 180 M M 4 25 190
19 84 67 76 12 0 11 T 0.0 0 8.8 17 190 M M 5 22 200
20 87 63 75 12 0 10 0.00 0.0 0 5.1 14 140 M M 3 1 21 170
21 89 62 76 13 0 11 0.00 0.0 0 4.7 12 150 M M 1 17 140
22 87 64 76 13 0 11 0.00 0.0 0 6.2 14 160 M M 1 20 150
23 86 56 71 9 0 6 0.14 0.0 0 9.0 24 10 M M 4 1 34 350
24 56 50 53 -9 12 0 0.20 0.0 0 11.3 22 350 M M 10 1 28 350
25 60 52 56 -6 9 0 0.00 0.0 0 6.0 12 30 M M 10 1 15 30
26 68 55 62 1 3 0 0.00 0.0 0 9.8 17 10 M M 10 24 360
27 62 56 59 -2 6 0 T 0.0 0 10.9 15 20 M M 10 1 20 20
28 71 55 63 2 2 0 0.60 0.0 0 8.7 30 280 M M 10 1 39 280
29 59 46 53 -7 12 0 T 0.0 0 14.9 26 270 M M 9 1 39 260
30 61 41 51 -9 14 0 0.00 0.0 0 8.1 17 40 M M 2 23 20
31 67 41 54 -6 11 0 0.00 0.0 0 4.1 9 150 M M 0 13 110
================================================================================
SM 2340 1659 98 89 6.83 0.0 234.7 M 106
================================================================================
AV 75.5 53.5 7.6 FASTST M M 4 MAX(MPH)
MISC ----> # 39 30 # 53 40
================================================================================
NOTES:
# LAST OF SEVERAL OCCURRENCES
COLUMN 17 PEAK WIND IN M.P.H.
PRELIMINARY LOCAL CLIMATOLOGICAL DATA (WS FORM: F-6) , PAGE 2
STATION: GREENVILLE
MONTH: OCTOBER
YEAR: 2020
LATITUDE: 33 29 N
LONGITUDE: 90 59 W
[TEMPERATURE DATA] [PRECIPITATION DATA] SYMBOLS USED IN COLUMN 16
AVERAGE MONTHLY: 64.5 TOTAL FOR MONTH: 6.83 1 = FOG OR MIST
DPTR FM NORMAL: -0.1 DPTR FM NORMAL: 2.51 2 = FOG REDUCING VISIBILITY
HIGHEST: 89 ON 21 GRTST 24HR 5.18 ON 10-10 TO 1/4 MILE OR LESS
LOWEST: 41 ON 31,30 3 = THUNDER
SNOW, ICE PELLETS, HAIL 4 = ICE PELLETS
TOTAL MONTH: 0.0 INCH 5 = HAIL
GRTST 24HR 0.0 6 = FREEZING RAIN OR DRIZZLE
GRTST DEPTH: 0 7 = DUSTSTORM OR SANDSTORM:
VSBY 1/2 MILE OR LESS
8 = SMOKE OR HAZE
[NO. OF DAYS WITH] [WEATHER - DAYS WITH] 9 = BLOWING SNOW
X = TORNADO
MAX 32 OR BELOW: 0 0.01 INCH OR MORE: 8
MAX 90 OR ABOVE: 0 0.10 INCH OR MORE: 6
MIN 32 OR BELOW: 0 0.50 INCH OR MORE: 2
MIN 0 OR BELOW: 0 1.00 INCH OR MORE: 1
[HDD (BASE 65) ]
TOTAL THIS MO. 98 CLEAR (SCALE 0-3) 17
DPTR FM NORMAL -10 PTCLDY (SCALE 4-7) 7
TOTAL FM JUL 1 98 CLOUDY (SCALE 8-10) 6
DPTR FM NORMAL -16
[CDD (BASE 65) ]
TOTAL THIS MO. 89
DPTR FM NORMAL -5 [PRESSURE DATA]
TOTAL FM JAN 1 2262 HIGHEST SLP M ON M
DPTR FM NORMAL 88 LOWEST SLP 29.40 ON 10
[REMARKS]
#FINAL-10-20#