000
CXUS54 KHGX 251637
CF6GLS
PRELIMINARY LOCAL CLIMATOLOGICAL DATA (WS FORM: F-6)
STATION: GALVESTON
MONTH: SEPTEMBER
YEAR: 2020
LATITUDE: 29 16 N
LONGITUDE: 94 52 W
TEMPERATURE IN F: :PCPN: SNOW: WIND :SUNSHINE: SKY :PK WND
================================================================================
1 2 3 4 5 6A 6B 7 8 9 10 11 12 13 14 15 16 17 18
12Z AVG MX 2MIN
DY MAX MIN AVG DEP HDD CDD WTR SNW DPTH SPD SPD DIR MIN PSBL S-S WX SPD DR
================================================================================
1 95 87 91 6 0 26 0.00 0.0 0 18.8 24 180 M M 8 8 30 170
2 95 87 91 7 0 26 0.00 0.0 0 16.9 25 190 M M 7 31 180
3 94 87 91 7 0 26 0.00 0.0 0 12.5 18 170 M M 2 3 23 170
4 93 84 89 5 0 24 0.00 0.0 0 10.1 17 30 M M 3 3 21 100
5 93 82 88 4 0 23 0.01 0.0 0 9.6 20 30 M M 1 3 24 30
6 92 79 86 2 0 21 0.01 0.0 0 7.1 17 30 M M 1 3 20 30
7 91 83 87 3 0 22 0.01 0.0 0 6.2 13 150 M M 2 3 16 150
8 87 77 82 -2 0 17 0.44 0.0 0 8.5 30 140 M M 4 3 35 130
9 92 85 89 5 0 24 0.00 0.0 0 12.3 17 130 M M 3 21 130
10 92 82 87 4 0 22 T 0.0 0 8.5 20 340 M M 3 23 340
11 94 78 86 3 0 21 0.00 0.0 0 13.1 22 340 M M 6 26 340
12 94 81 88 5 0 23 T 0.0 0 11.2 21 20 M M 2 3 25 10
13 90 79 85 2 0 20 0.00 0.0 0 11.1 18 30 M M 2 24 10
14 94 80 87 4 0 22 0.00 0.0 0 14.5 21 20 M M 3 3 27 20
15 95 81 88 5 0 23 0.00 0.0 0 13.8 18 20 M M 0 24 20
16 96 81 89 7 0 24 0.00 0.0 0 9.6 16 30 M M 1 21 20
17 88 82 85 3 0 20 0.00 0.0 0 10.1 17 30 M M 3 21 30
18 88 78 83 1 0 18 0.00 0.0 0 16.1 22 20 M M 1 27 30
19 86 74 80 -2 0 15 0.00 0.0 0 19.9 26 30 M M 5 34 10
20 78 71 75 -7 0 10 0.19 0.0 0 24.9 31 30 M M 9 18 43 40
21 83 73 78 -4 0 13 1.40 0.0 0 21.5 32 40 M M 9 13 39 40
22 84 78 81 0 0 16 1.88 0.0 0 17.1 35 140 M M 9 18 40 140
23 80 74 77 -4 0 12 0.01 0.0 0 14.2 23 270 M M 10 1 28 270
24 76 72 74 -7 0 9 T 0.0 0 8.5 16 320 M M 10 19 320
25 82 72 77 -4 0 12 0.00 0.0 0 6.1 10 10 M M 4 12 170
26 85 73 79 -2 0 14 0.00 0.0 0 7.3 17 160 M M 2 21 170
27 89 81 85 5 0 20 0.00 0.0 0 12.7 15 160 M M 1 M M
28 83 71 77 -3 0 12 0.06 0.0 0 16.7 33 350 M M 7 3 40 360
29 80 66 73 -7 0 8 0.00 0.0 0 12.4 26 10 M M 1 34 10
30 83 63 73 -7 0 8 0.00 0.0 0 5.1 13 190 M M 0 16 200
================================================================================
SM 2652 2341 0 551 4.01 0.0 376.4 M 119
================================================================================
AV 88.4 78.0 12.5 FASTST M M 4 MAX(MPH)
MISC ----> 35 140 43 40
================================================================================
NOTES:
# LAST OF SEVERAL OCCURRENCES
COLUMN 17 PEAK WIND IN M.P.H.
PRELIMINARY LOCAL CLIMATOLOGICAL DATA (WS FORM: F-6) , PAGE 2
STATION: GALVESTON
MONTH: SEPTEMBER
YEAR: 2020
LATITUDE: 29 16 N
LONGITUDE: 94 52 W
[TEMPERATURE DATA] [PRECIPITATION DATA] SYMBOLS USED IN COLUMN 16
AVERAGE MONTHLY: 83.2 TOTAL FOR MONTH: 4.01 1 = FOG OR MIST
DPTR FM NORMAL: 0.8 DPTR FM NORMAL: -2.64 2 = FOG REDUCING VISIBILITY
HIGHEST: 96 ON 16 GRTST 24HR 1.88 ON 22-22 TO 1/4 MILE OR LESS
LOWEST: 63 ON 30 3 = THUNDER
SNOW, ICE PELLETS, HAIL 4 = ICE PELLETS
TOTAL MONTH: 0.0 INCH 5 = HAIL
GRTST 24HR 0.0 6 = FREEZING RAIN OR DRIZZLE
GRTST DEPTH: 0 7 = DUSTSTORM OR SANDSTORM:
VSBY 1/2 MILE OR LESS
8 = SMOKE OR HAZE
[NO. OF DAYS WITH] [WEATHER - DAYS WITH] 9 = BLOWING SNOW
X = TORNADO
MAX 32 OR BELOW: 0 0.01 INCH OR MORE: 9
MAX 90 OR ABOVE: 15 0.10 INCH OR MORE: 4
MIN 32 OR BELOW: 0 0.50 INCH OR MORE: 2
MIN 0 OR BELOW: 0 1.00 INCH OR MORE: 2
[HDD (BASE 65) ]
TOTAL THIS MO. 0 CLEAR (SCALE 0-3) 16
DPTR FM NORMAL 0 PTCLDY (SCALE 4-7) 9
TOTAL FM JUL 1 0 CLOUDY (SCALE 8-10) 5
DPTR FM NORMAL 0
[CDD (BASE 65) ]
TOTAL THIS MO. 551
DPTR FM NORMAL 29 [PRESSURE DATA]
TOTAL FM JAN 1 3507 HIGHEST SLP M ON M
DPTR FM NORMAL 400 LOWEST SLP 29.73 ON 23
[REMARKS]
#FINAL-09-20#