000
CXUS54 KMAF 011210
CF6GNC
PRELIMINARY LOCAL CLIMATOLOGICAL DATA (WS FORM: F-6)
STATION: GAINES COUNTY AIRPORT
MONTH: JANUARY
YEAR: 2023
LATITUDE: 32 40 N
LONGITUDE: 102 39 W
TEMPERATURE IN F: :PCPN: SNOW: WIND :SUNSHINE: SKY :PK WND
================================================================================
1 2 3 4 5 6A 6B 7 8 9 10 11 12 13 14 15 16 17 18
12Z AVG MX 2MIN
DY MAX MIN AVG DEP HDD CDD WTR SNW DPTH SPD SPD DIR MIN PSBL S-S WX SPD DR
================================================================================
1 71 46 59 M 6 0 M M M 9.0 14 210 M M 0 18 210
2 70 47 59 M 6 0 M M M 14.4 37 270 M M 2 8 51 270
3 56 36 46 M 19 0 M M M 9.5 15 260 M M 1 21 250
4 62 36 49 M 16 0 M M M 14.9 28 280 M M 0 31 280
5 63 28 46 M 19 0 M M M 6.2 13 220 M M 0 18 310
6 76 42 59 M 6 0 M M M 10.6 18 250 M M 0 24 270
7 52 36 44 M 21 0 M M M 5.9 14 360 M M 0 20 360
8 65 26 46 M 19 0 M M M 5.8 12 210 M M 0 M M
9 71 32 52 M 13 0 M M M 6.5 10 280 M M 0 17 320
10 77 41 59 M 6 0 M M M 11.5 20 260 M M 0 26 240
11 72 44 58 M 7 0 M M M 16.6 37 250 M M 0 8 46 260
12 56 32 44 M 21 0 M M M 10.0 22 330 M M 0 30 340
13 64 27 46 M 19 0 M M M 7.0 13 190 M M 0 18 220
14 72 30 51 M 14 0 M M M 7.5 16 230 M M 0 22 220
15 72 43 58 M 7 0 M M M 12.7 29 250 M M 3 8 38 250
16 65 53 59 M 6 0 M M M 20.5 30 250 M M 4 40 260
17 64 49 57 M 8 0 M M M 10.4 20 280 M M 4 30 270
18 56 33 45 M 20 0 M M M 18.3 30 270 M M 0 39 250
19 55 28 42 M 23 0 M M M 6.7 14 260 M M 0 16 300
20 65 30 48 M 17 0 M M M 6.0 13 160 M M 0 20 160
21 53 28 41 M 24 0 M M M 11.3 21 310 M M 0 29 310
22 53 22 38 M 27 0 M M M 5.7 10 290 M M 0 16 290
23 53 27 40 M 25 0 M M M 16.6 28 110 M M 4 37 100
24 38 30 34 M 31 0 0.05 M M 10.4 15 70 M M 7 21 320
25 44 27 36 M 29 0 M M M 5.6 9 10 M M 4 23 10
26 45 24 35 M 30 0 M M M 3.3 8 330 M M 0 M M
27 55 26 41 M 24 0 M M M 8.4 12 200 M M 0 18 230
28 66 26 46 M 19 0 M M M 10.0 21 250 M M 0 28 250
29 44 28 36 M 29 0 M M M 9.7 14 50 M M 3 18 20
30 28 20 24 M 41 0 M M M 8.8 15 50 M M 10 1 17 60
31 26 20 23 M 42 0 M M M 7.1 14 50 M M 10 1 17 60
================================================================================
SM 1809 1017 594 0 0.05 M 307.1 M 52
================================================================================
AV 58.4 32.8 9.9 FASTST M M 2 MAX(MPH)
MISC ----> # 37 270 51 270
================================================================================
NOTES:
# LAST OF SEVERAL OCCURRENCES
COLUMN 17 PEAK WIND IN M.P.H.
PRELIMINARY LOCAL CLIMATOLOGICAL DATA (WS FORM: F-6) , PAGE 2
STATION: GAINES COUNTY AIRPORT
MONTH: JANUARY
YEAR: 2023
LATITUDE: 32 40 N
LONGITUDE: 102 39 W
[TEMPERATURE DATA] [PRECIPITATION DATA] SYMBOLS USED IN COLUMN 16
AVERAGE MONTHLY: 45.6 TOTAL FOR MONTH: 0.05 1 = FOG OR MIST
DPTR FM NORMAL: 0.0 DPTR FM NORMAL: M 2 = FOG REDUCING VISIBILITY
HIGHEST: 77 ON 10 GRTST 24HR 0.11 ON 23-24 TO 1/4 MILE OR LESS
LOWEST: 20 ON 31,30 3 = THUNDER
SNOW, ICE PELLETS, HAIL 4 = ICE PELLETS
TOTAL MONTH: M 5 = HAIL
GRTST 24HR M ON M 6 = FREEZING RAIN OR DRIZZLE
GRTST DEPTH: M ON M 7 = DUSTSTORM OR SANDSTORM:
VSBY 1/2 MILE OR LESS
8 = SMOKE OR HAZE
[NO. OF DAYS WITH] [WEATHER - DAYS WITH] 9 = BLOWING SNOW
X = TORNADO
MAX 32 OR BELOW: 2 0.01 INCH OR MORE: 1
MAX 90 OR ABOVE: 0 0.10 INCH OR MORE: 0
MIN 32 OR BELOW: 19 0.50 INCH OR MORE: 0
MIN 0 OR BELOW: 0 1.00 INCH OR MORE: 0
[HDD (BASE 65) ]
TOTAL THIS MO. 594 CLEAR (SCALE 0-3) 23
DPTR FM NORMAL M PTCLDY (SCALE 4-7) 6
TOTAL FM JUL 1 1797 CLOUDY (SCALE 8-10) 2
DPTR FM NORMAL M
[CDD (BASE 65) ]
TOTAL THIS MO. 0
DPTR FM NORMAL M [PRESSURE DATA]
TOTAL FM JAN 1 0 HIGHEST SLP M ON M
DPTR FM NORMAL M LOWEST SLP M ON M
[REMARKS]
#FINAL-01-23#