000
CXUS55 KMSO 082052
CLMGPI
CLIMATE REPORT
NATIONAL WEATHER SERVICE MISSOULA MT
252 PM MDT THU JUN 08 2023
...................................
...THE KALISPELL MT CLIMATE SUMMARY FOR THE MONTH OF MAY 2023...
CLIMATE NORMAL PERIOD 1991 TO 2020
CLIMATE RECORD PERIOD 1894 TO 2023
WEATHER OBSERVED NORMAL DEPART LAST YEAR`S
VALUE DATE(S) VALUE FROM VALUE
NORMAL
..............................................................
TEMPERATURE (F)
RECORD
HIGH 95 05/30/1936
05/27/1936
LOW 17 05/01/1899
HIGHEST 86 05/01 MM MM 71
LOWEST 33 05/09 MM MM 21
AVG. MAXIMUM 72.7 65.1 7.6 60.3
AVG. MINIMUM 44.5 38.1 6.4 35.7
MEAN 58.6 51.6 7.0
DAYS MAX >= 90 0 0.1 -0.1 0
DAYS MAX <= 32 0 0.0 0.0 0
DAYS MIN <= 32 0 6.3 -6.3 12
DAYS MIN <= 0 0 0.0 0.0 0
PRECIPITATION (INCHES)
RECORD
MAXIMUM 4.75 1990
MINIMUM 0.22 2015
TOTALS 2.31 1.84 0.47
DAILY AVG. 0.07 0.06 0.01 0.04
DAYS >= .01 12 12.0 0.0 11
DAYS >= .10 7 5.6 1.4 4
DAYS >= .50 1 0.8 0.2 0
DAYS >= 1.00 1 0.0 1.0 0
GREATEST
24 HR. TOTAL 1.19 05/06 TO 05/07 0.42
SNOWFALL (INCHES)
TOTALS 0.0 0.2 -0.2 T
SINCE 7/1 49.9 54.1 -4.2 MM
DAYS >= TRACE 0 0.2 -0.2 1
DAYS >= 1.0 0 0.0 0.0 0
GREATEST
SNOW DEPTH 0
24 HR TOTAL MM MM
DEGREE DAYS
HEATING TOTAL 198 417 -219
SINCE 7/1 7901 7874 27
COOLING TOTAL 8 1 7
SINCE 1/1 8 1 7
..............................................................
WIND (MPH)
AVERAGE WIND SPEED 5.7
HIGHEST WIND SPEED/DIRECTION 32/060 DATE 05/04
HIGHEST GUST SPEED/DIRECTION 41/060 DATE 05/04
SKY COVER
POSSIBLE SUNSHINE (PERCENT) MM
AVERAGE SKY COVER 0.28
NUMBER OF DAYS FAIR 20
NUMBER OF DAYS PC 9
NUMBER OF DAYS CLOUDY 2
AVERAGE RH (PERCENT) 64
WEATHER CONDITIONS. NUMBER OF DAYS WITH
THUNDERSTORM 5 MIXED PRECIP 0
HEAVY RAIN 1 RAIN 3
LIGHT RAIN 11 FREEZING RAIN 0
LT FREEZING RAIN 0 HAIL 0
HEAVY SNOW 0 SNOW 0
LIGHT SNOW 0 SLEET 0
FOG 12 FOG W/VIS <= 1/4 MILE 2
HAZE 4
- INDICATES NEGATIVE NUMBERS.
R INDICATES RECORD WAS SET OR TIED.
MM INDICATES DATA IS MISSING.
T INDICATES TRACE AMOUNT.
$$