000
CXUS53 KGID 011136
CF6GRI
PRELIMINARY LOCAL CLIMATOLOGICAL DATA (WS FORM: F-6)
STATION: GRAND ISLAND NE
MONTH: APRIL
YEAR: 2021
LATITUDE: 40 58 N
LONGITUDE: 98 19 W
TEMPERATURE IN F: :PCPN: SNOW: WIND :SUNSHINE: SKY :PK WND
================================================================================
1 2 3 4 5 6A 6B 7 8 9 10 11 12 13 14 15 16 17 18
12Z AVG MX 2MIN
DY MAX MIN AVG DEP HDD CDD WTR SNW DPTH SPD SPD DIR MIN PSBL S-S WX SPD DR
================================================================================
1 62 24 43 -2 22 0 0.00 0.0 0 14.3 25 170 M M 0 8 36 180
2 78 40 59 13 6 0 0.00 0.0 0 21.1 30 210 M M 0 8 39 210
3 81 36 59 13 6 0 0.00 0.0 0 7.8 18 210 M M 0 27 120
4 90 48 69 23 0 4 T 0.0 0 10.4 35 210 M M 1 3 50 210
5 83 55 69 22 0 4 0.00 0.0 0 13.7 25 180 M M 0 34 190
6 75 45 60 13 5 0 0.00 0.0 0 18.1 30 340 M M 5 3 43 180
7 45 41 43 -5 22 0 0.06 0.0 0 22.5 35 340 M M 10 13 45 350
8 68 41 55 7 10 0 0.00 0.0 0 17.9 30 300 M M 4 40 330
9 62 32 47 -1 18 0 0.42 0.0 0 13.6 26 310 M M M 35 330
10 62 39 51 3 14 0 0.04 0.0 0 10.5 22 330 M M 0 27 330
11 63 37 50 1 15 0 0.00 0.0 0 15.6 38 330 M M 0 50 330
12 59 34 47 -2 18 0 0.00 0.0 0 15.4 24 310 M M 1 37 310
13 57 29 43 -7 22 0 0.00 0.0 0 12.2 23 320 M M 0 31 330
14 50 27 39 -11 26 0 0.00 0.0 0 11.2 24 330 M M 3 30 330
15 53 30 42 -8 23 0 0.00 0.0 0 7.3 18 50 M M 4 24 50
16 43 36 40 -11 25 0 0.34 0.0 0 8.5 15 350 M M 10 18 19 20
17 52 39 46 -5 19 0 0.02 0.0 0 11.5 20 340 M M 10 1 26 350
18 66 35 51 -1 14 0 0.00 0.0 0 9.2 23 20 M M 3 31 20
19 42 30 36 -16 29 0 0.03 0.2 0 16.1 29 360 M M 9 18 38 20
20 46 26 36 -16 29 0 T T T 8.8 29 330 M M 3 1 41 340
21 50 27 39 -14 26 0 0.00 0.0 0 9.2 18 330 M M 3 29 320
22 58 31 45 -8 20 0 T 0.0 0 15.2 29 160 M M 5 42 150
23 68 36 52 -1 13 0 0.00 0.0 0 9.6 22 10 M M 1 1 29 20
24 60 38 49 -5 16 0 0.00 0.0 0 8.8 20 360 M M 4 27 350
25 78 46 62 8 3 0 0.00 0.0 0 16.1 33 180 M M 0 45 170
26 94 54 74 20 0 9 0.00 0.0 0 11.0 22 160 M M 0 1 31 150
27 70 51 61 6 4 0 0.01 0.0 0 14.0 24 360 M M 6 138 32 40
28 65 48 57 2 8 0 0.51 0.0 0 11.0 22 30 M M 7 138 30 20
29 73 43 58 3 7 0 0.00 0.0 0 11.9 29 340 M M 0 35 340
30 86 49 68 12 0 3 0.00 0.0 0 10.4 22 210 M M 1 33 220
================================================================================
SM 1939 1147 420 20 1.43 0.2 382.9 M 90
================================================================================
AV 64.6 38.2 12.8 FASTST M M 3 MAX(MPH)
MISC ----> 38 330 # 50 210
================================================================================
NOTES:
# LAST OF SEVERAL OCCURRENCES
COLUMN 17 PEAK WIND IN M.P.H.
PRELIMINARY LOCAL CLIMATOLOGICAL DATA (WS FORM: F-6) , PAGE 2
STATION: GRAND ISLAND NE
MONTH: APRIL
YEAR: 2021
LATITUDE: 40 58 N
LONGITUDE: 98 19 W
[TEMPERATURE DATA] [PRECIPITATION DATA] SYMBOLS USED IN COLUMN 16
AVERAGE MONTHLY: 51.4 TOTAL FOR MONTH: 1.43 1 = FOG OR MIST
DPTR FM NORMAL: 0.8 DPTR FM NORMAL: -1.10 2 = FOG REDUCING VISIBILITY
HIGHEST: 94 ON 26 GRTST 24HR 0.52 ON 27-28 TO 1/4 MILE OR LESS
LOWEST: 24 ON 1 3 = THUNDER
SNOW, ICE PELLETS, HAIL 4 = ICE PELLETS
TOTAL MONTH: 0.2 INCH 5 = HAIL
GRTST 24HR 0.2 ON 19-19 6 = FREEZING RAIN OR DRIZZLE
GRTST DEPTH: T 7 = DUSTSTORM OR SANDSTORM:
VSBY 1/2 MILE OR LESS
8 = SMOKE OR HAZE
[NO. OF DAYS WITH] [WEATHER - DAYS WITH] 9 = BLOWING SNOW
X = TORNADO
MAX 32 OR BELOW: 0 0.01 INCH OR MORE: 8
MAX 90 OR ABOVE: 2 0.10 INCH OR MORE: 3
MIN 32 OR BELOW: 9 0.50 INCH OR MORE: 1
MIN 0 OR BELOW: 0 1.00 INCH OR MORE: 0
[HDD (BASE 65) ]
TOTAL THIS MO. 420 CLEAR (SCALE 0-3) 18
DPTR FM NORMAL -25 PTCLDY (SCALE 4-7) 7
TOTAL FM JUL 1 5597 CLOUDY (SCALE 8-10) 5
DPTR FM NORMAL -405
[CDD (BASE 65) ]
TOTAL THIS MO. 20
DPTR FM NORMAL 9 [PRESSURE DATA]
TOTAL FM JAN 1 20 HIGHEST SLP 30.58 ON 1
DPTR FM NORMAL 9 LOWEST SLP 29.38 ON 26
[REMARKS]
#FINAL-04-21#