000
CXGM50 PGUM 010108
CF6GSN
PRELIMINARY LOCAL CLIMATOLOGICAL DATA (WS FORM: F-6)
STATION: SAIPAN/ISLEY_(CGS) MP
MONTH: FEBRUARY
YEAR: 2023
LATITUDE: 15 7 N
LONGITUDE: 145-44 E
TEMPERATURE IN F: :PCPN: SNOW: WIND :SUNSHINE: SKY :PK WND
================================================================================
1 2 3 4 5 6A 6B 7 8 9 10 11 12 13 14 15 16 17 18
12Z AVG MX 2MIN
DY MAX MIN AVG DEP HDD CDD WTR SNW DPTH SPD SPD DIR MIN PSBL S-S WX SPD DR
================================================================================
1 86 76 81 2 0 16 0.02 0.0 0 17.8 25 70 M M 3 31 90
2 85 75 80 1 0 15 0.20 0.0 0 19.3 28 80 M M 8 38 80
3 85 75 80 1 0 15 0.14 0.0 0 15.8 28 70 M M 6 34 70
4 86 77 82 3 0 17 0.01 0.0 0 15.3 23 80 M M 4 27 80
5 87 76 82 3 0 17 0.04 0.0 0 14.8 18 80 M M 4 23 60
6 85 76 81 2 0 16 0.04 0.0 0 17.9 26 80 M M 4 35 70
7 85 76 81 2 0 16 0.11 0.0 0 16.6 25 70 M M 5 31 80
8 87 75 81 2 0 16 0.04 0.0 0 15.4 25 70 M M 5 32 70
9 86 78 82 3 0 17 0.01 0.0 0 17.2 23 70 M M 4 29 70
10 86 74 80 1 0 15 0.13 0.0 0 19.4 28 80 M M 6 36 80
11 87 77 82 3 0 17 T 0.0 0 14.4 22 80 M M 4 27 80
12 86 79 83 4 0 18 0.01 0.0 0 16.3 21 70 M M 6 26 60
13 87 78 83 4 0 18 0.00 0.0 0 17.5 24 70 M M 4 29 80
14 87 78 83 4 0 18 T 0.0 0 15.4 22 80 M M 5 26 70
15 81 75 78 -1 0 13 0.58 0.0 0 16.9 26 100 M M 9 33 100
16 82 75 79 0 0 14 0.73 0.0 0 16.8 24 80 M M 8 30 80
17 86 78 82 3 0 17 0.02 0.0 0 17.1 23 80 M M 4 28 80
18 86 74 80 1 0 15 0.32 0.0 0 17.3 29 70 M M 6 35 80
19 85 77 81 2 0 16 0.02 0.0 0 21.0 29 80 M M 7 34 70
20 85 77 81 2 0 16 0.00 0.0 0 15.8 21 70 M M 3 26 80
21 86 77 82 3 0 17 0.07 0.0 0 15.3 23 80 M M 5 27 90
22 85 74 80 1 0 15 0.18 0.0 0 16.9 26 70 M M 7 32 80
23 86 75 81 2 0 16 0.17 0.0 0 18.3 24 80 M M 5 32 60
24 86 78 82 3 0 17 T 0.0 0 18.0 25 90 M M 5 30 80
25 86 78 82 3 0 17 0.00 0.0 0 13.1 20 90 M M 4 25 80
26 86 78 82 3 0 17 0.01 0.0 0 13.8 18 70 M M 4 24 80
27 86 76 81 2 0 16 0.05 0.0 0 15.2 23 50 M M 4 27 60
28 81 73 77 -2 0 12 0.18 0.0 0 19.1 25 50 M M 6 36 70
================================================================================
SM 2392 2135 0 449 3.08 0.0 467.7 M 145
================================================================================
AV 85.4 76.3 16.7 FASTST M M 5 MAX(MPH)
MISC ----> # 29 70 38 80
================================================================================
NOTES:
# LAST OF SEVERAL OCCURRENCES
COLUMN 17 PEAK WIND IN M.P.H.
PRELIMINARY LOCAL CLIMATOLOGICAL DATA (WS FORM: F-6) , PAGE 2
STATION: SAIPAN/ISLEY_(CGS) MP
MONTH: FEBRUARY
YEAR: 2023
LATITUDE: 15 7 N
LONGITUDE: 145-44 E
[TEMPERATURE DATA] [PRECIPITATION DATA] SYMBOLS USED IN COLUMN 16
AVERAGE MONTHLY: 80.8 TOTAL FOR MONTH: 3.08 1 = FOG OR MIST
DPTR FM NORMAL: 1.7 DPTR FM NORMAL: 0.58 2 = FOG REDUCING VISIBILITY
HIGHEST: 87 ON 14,13 GRTST 24HR 0.97 ON 15-16 TO 1/4 MILE OR LESS
LOWEST: 73 ON 28 3 = THUNDER
SNOW, ICE PELLETS, HAIL 4 = ICE PELLETS
TOTAL MONTH: 0.0 INCH 5 = HAIL
GRTST 24HR 0.0 6 = FREEZING RAIN OR DRIZZLE
GRTST DEPTH: 0 7 = DUSTSTORM OR SANDSTORM:
VSBY 1/2 MILE OR LESS
8 = SMOKE OR HAZE
[NO. OF DAYS WITH] [WEATHER - DAYS WITH] 9 = BLOWING SNOW
X = TORNADO
MAX 32 OR BELOW: 0 0.01 INCH OR MORE: 22
MAX 90 OR ABOVE: 0 0.10 INCH OR MORE: 10
MIN 32 OR BELOW: 0 0.50 INCH OR MORE: 2
MIN 0 OR BELOW: 0 1.00 INCH OR MORE: 0
[HDD (BASE 65) ]
TOTAL THIS MO. 0 CLEAR (SCALE 0-3) 1
DPTR FM NORMAL 0 PTCLDY (SCALE 4-7) 25
TOTAL FM JUL 1 0 CLOUDY (SCALE 8-10) 2
DPTR FM NORMAL 0
[CDD (BASE 65) ]
TOTAL THIS MO. 449
DPTR FM NORMAL 56 [PRESSURE DATA]
TOTAL FM JAN 1 935 HIGHEST SLP 30.04 ON 1
DPTR FM NORMAL 95 LOWEST SLP 29.92 ON 1
[REMARKS]
#FINAL-02-23#