000
CXGM50 PGUM 011630
CF6GSN
PRELIMINARY LOCAL CLIMATOLOGICAL DATA (WS FORM: F-6)
STATION: SAIPAN/ISLEY_(CGS) MP
MONTH: JANUARY
YEAR: 2021
LATITUDE: 15 7 N
LONGITUDE: 145-44 E
TEMPERATURE IN F: :PCPN: SNOW: WIND :SUNSHINE: SKY :PK WND
================================================================================
1 2 3 4 5 6A 6B 7 8 9 10 11 12 13 14 15 16 17 18
12Z AVG MX 2MIN
DY MAX MIN AVG DEP HDD CDD WTR SNW DPTH SPD SPD DIR MIN PSBL S-S WX SPD DR
================================================================================
1 87 77 82 M 0 17 0.08 M M 12.1 18 90 M M 3 23 90
2 88 79 84 M 0 19 0.02 M M 17.1 23 90 M M 3 31 100
3 88 79 84 M 0 19 T M M 20.1 26 70 M M 3 33 70
4 88 77 83 M 0 18 0.09 M M 19.7 26 80 M M 6 34 100
5 88 78 83 M 0 18 0.01 M M 19.6 28 100 M M 4 39 90
6 88 77 83 M 0 18 0.01 M M 13.6 22 90 M M 4 27 100
7 88 78 83 M 0 18 0.01 M M 13.4 23 90 M M 4 29 90
8 88 80 84 M 0 19 T M M 12.2 20 100 M M 4 23 110
9 88 79 84 M 0 19 T M M 9.8 17 140 M M 5 22 130
10 87 76 82 M 0 17 T 0.0 0 10.0 21 110 M M 4 27 100
11 88 78 83 M 0 18 0.00 M M 11.5 16 90 M M 2 23 110
12 87 79 83 M 0 18 0.01 M M 14.8 22 90 M M 3 27 90
13 88 79 84 M 0 19 T M M 12.7 21 100 M M 2 25 110
14 89 77 83 M 0 18 0.01 M M 15.5 24 90 M M 2 28 110
15 88 77 83 M 0 18 0.01 M M 13.8 21 110 M M 3 28 100
16 88 76 82 M 0 17 0.26 M M 12.9 21 110 M M 4 31 120
17 87 78 83 M 0 18 0.01 M M 14.4 24 100 M M 4 30 110
18 87 77 82 M 0 17 0.04 M M 12.6 21 90 M M 4 29 100
19 89 80 85 M 0 20 T M M 15.1 21 90 M M 2 27 100
20 88 79 84 M 0 19 0.00 M M 17.5 23 80 M M 3 28 90
21 88 79 84 M 0 19 T M M 17.5 25 70 M M 3 30 80
22 89 79 84 M 0 19 0.00 M M 17.6 24 90 M M 3 30 80
23 85 77 81 M 0 16 0.51 M M 13.1 25 90 M M 7 1 33 90
24 87 77 82 M 0 17 0.01 M M 7.9 15 100 M M 2 19 100
25 87 76 82 M 0 17 0.10 M M 5.8 12 10 M M 2 16 90
26 85 76 81 M 0 16 0.12 M M 11.3 23 50 M M 6 28 40
27 87 77 82 M 0 17 0.00 M M 13.7 22 70 M M 4 28 80
28 88 75 82 M 0 17 T M M 10.5 18 100 M M 2 23 100
29 87 74 81 M 0 16 T M M 8.0 15 60 M M 2 19 70
30 89 75 82 M 0 17 0.02 M M 13.0 26 40 M M 4 32 50
31 87 76 82 M 0 17 0.22 M M 18.2 26 90 M M 6 32 80
================================================================================
SM 2716 2401 0 552 1.54 0.0 425.0 M 110
================================================================================
AV 87.6 77.5 13.7 FASTST M M 4 MAX(MPH)
MISC ----> 28 100 39 90
================================================================================
NOTES:
# LAST OF SEVERAL OCCURRENCES
COLUMN 17 PEAK WIND IN M.P.H.
PRELIMINARY LOCAL CLIMATOLOGICAL DATA (WS FORM: F-6) , PAGE 2
STATION: SAIPAN/ISLEY_(CGS) MP
MONTH: JANUARY
YEAR: 2021
LATITUDE: 15 7 N
LONGITUDE: 145-44 E
[TEMPERATURE DATA] [PRECIPITATION DATA] SYMBOLS USED IN COLUMN 16
AVERAGE MONTHLY: 82.5 TOTAL FOR MONTH: 1.54 1 = FOG OR MIST
DPTR FM NORMAL: 0.0 DPTR FM NORMAL: -2.02 2 = FOG REDUCING VISIBILITY
HIGHEST: 89 ON 30,19 GRTST 24HR 1.66 ON 20-21 TO 1/4 MILE OR LESS
LOWEST: 74 ON 29 3 = THUNDER
SNOW, ICE PELLETS, HAIL 4 = ICE PELLETS
TOTAL MONTH: 0.0 INCH 5 = HAIL
GRTST 24HR 0.0 6 = FREEZING RAIN OR DRIZZLE
GRTST DEPTH: 0 7 = DUSTSTORM OR SANDSTORM:
VSBY 1/2 MILE OR LESS
8 = SMOKE OR HAZE
[NO. OF DAYS WITH] [WEATHER - DAYS WITH] 9 = BLOWING SNOW
X = TORNADO
MAX 32 OR BELOW: 0 0.01 INCH OR MORE: 18
MAX 90 OR ABOVE: 0 0.10 INCH OR MORE: 5
MIN 32 OR BELOW: 0 0.50 INCH OR MORE: 1
MIN 0 OR BELOW: 0 1.00 INCH OR MORE: 0
[HDD (BASE 65) ]
TOTAL THIS MO. 0 CLEAR (SCALE 0-3) 14
DPTR FM NORMAL M PTCLDY (SCALE 4-7) 17
TOTAL FM JUL 1 0 CLOUDY (SCALE 8-10) 0
DPTR FM NORMAL M
[CDD (BASE 65) ]
TOTAL THIS MO. 552
DPTR FM NORMAL M [PRESSURE DATA]
TOTAL FM JAN 1 552 HIGHEST SLP 30.00 ON 1
DPTR FM NORMAL M LOWEST SLP 29.91 ON 1
[REMARKS]
#FINAL-01-21#