000
CXUS52 KRAH 010945
CF6GSO
PRELIMINARY LOCAL CLIMATOLOGICAL DATA (WS FORM: F-6)
STATION: PIEDMONT TRIAD INTL AIRPORT NC
MONTH: DECEMBER
YEAR: 2020
LATITUDE: 36 4 N
LONGITUDE: 79 57 W
TEMPERATURE IN F: :PCPN: SNOW: WIND :SUNSHINE: SKY :PK WND
================================================================================
1 2 3 4 5 6A 6B 7 8 9 10 11 12 13 14 15 16 17 18
12Z AVG MX 2MIN
DY MAX MIN AVG DEP HDD CDD WTR SNW DPTH SPD SPD DIR MIN PSBL S-S WX SPD DR
================================================================================
1 43 31 37 -8 28 0 0.00 0.0 0 13.6 25 300 M M 6 32 310
2 53 26 40 -5 25 0 0.00 0.0 0 8.9 20 310 M M 1 24 310
3 57 26 42 -2 23 0 0.00 0.0 0 5.4 15 240 M M 3 18 240
4 56 42 49 5 16 0 0.75 0.0 0 7.4 26 300 M M 9 1 32 300
5 51 34 43 -1 22 0 0.12 0.0 0 12.3 22 320 M M 3 13 32 330
6 52 27 40 -4 25 0 0.00 0.0 0 3.9 13 230 M M 3 17 230
7 43 33 38 -5 27 0 T T 0 6.4 16 320 M M 9 22 10
8 45 27 36 -7 29 0 0.00 0.0 0 7.8 18 310 M M 1 22 280
9 52 25 39 -4 26 0 0.00 0.0 M 6.7 16 260 M M 6 19 270
10 63 32 48 6 17 0 0.00 0.0 M 4.6 12 180 M M 5 13 180
11 62 34 48 6 17 0 0.00 0.0 M 4.4 12 210 M M 4 1 16 190
12 64 45 55 13 10 0 0.00 0.0 M 8.8 21 230 M M 7 1 26 230
13 68 49 59 17 6 0 T 0.0 M 5.6 13 210 M M 5 16 190
14 53 33 43 2 22 0 1.56 0.0 M 7.5 22 50 M M 6 1 28 50
15 43 29 36 -5 29 0 0.00 0.0 0 7.3 14 70 M M 4 16 80
16 35 31 33 -8 32 0 0.67 0.0 0 9.2 18 50 M M 10 126 25 40
17 49 32 41 0 24 0 0.00 0.0 0 4.3 10 240 M M 9 12 13 30
18 46 30 38 -3 27 0 0.00 0.0 0 4.5 15 330 M M 6 20 330
19 45 25 35 -5 30 0 0.00 0.0 0 2.3 12 210 M M 7 15 220
20 43 35 39 -1 26 0 0.31 0.0 0 2.8 8 150 M M 10 1 10 170
21 54 38 46 6 19 0 0.00 0.0 0 9.4 17 230 M M 6 1 22 230
22 54 32 43 3 22 0 0.00 0.0 M 9.4 28 310 M M 1 36 310
23 53 27 40 0 25 0 T 0.0 0 5.1 13 150 M M 6 17 180
24 60 36 48 8 17 0 0.70 0.0 0 12.5 39 300 M M 10 1 53 300
25 36 21 29 -11 36 0 T 0.0 0 16.3 26 290 M M 6 37 270
26 38 16 27 -12 38 0 0.00 0.0 0 6.1 13 310 M M 1 16 280
27 49 22 36 -3 29 0 0.00 0.0 0 3.9 12 210 M M 5 14 210
28 56 32 44 5 21 0 0.00 0.0 0 6.8 14 270 M M 6 18 280
29 49 33 41 2 24 0 0.00 0.0 0 6.2 14 20 M M 2 19 20
30 42 27 35 -4 30 0 T 0.0 M 3.6 9 230 M M 8 1 11 260
31 54 38 46 7 19 0 0.01 0.0 0 5.1 12 230 M M 10 12 13 230
================================================================================
SM 1568 968 741 0 4.12 T 218.1 M 175
================================================================================
AV 50.6 31.2 7.0 FASTST M M 6 MAX(MPH)
MISC ----> 39 300 53 300
================================================================================
NOTES:
# LAST OF SEVERAL OCCURRENCES
COLUMN 17 PEAK WIND IN M.P.H.
PRELIMINARY LOCAL CLIMATOLOGICAL DATA (WS FORM: F-6) , PAGE 2
STATION: PIEDMONT TRIAD INTL AIRPORT NC
MONTH: DECEMBER
YEAR: 2020
LATITUDE: 36 4 N
LONGITUDE: 79 57 W
[TEMPERATURE DATA] [PRECIPITATION DATA] SYMBOLS USED IN COLUMN 16
AVERAGE MONTHLY: 40.9 TOTAL FOR MONTH: 4.12 1 = FOG OR MIST
DPTR FM NORMAL: -0.4 DPTR FM NORMAL: 1.14 2 = FOG REDUCING VISIBILITY
HIGHEST: 68 ON 13 GRTST 24HR 1.56 ON 14-14 TO 1/4 MILE OR LESS
LOWEST: 16 ON 26 3 = THUNDER
SNOW, ICE PELLETS, HAIL 4 = ICE PELLETS
TOTAL MONTH: T 5 = HAIL
GRTST 24HR T ON 7- 7 6 = FREEZING RAIN OR DRIZZLE
GRTST DEPTH: 0 7 = DUSTSTORM OR SANDSTORM:
VSBY 1/2 MILE OR LESS
8 = SMOKE OR HAZE
[NO. OF DAYS WITH] [WEATHER - DAYS WITH] 9 = BLOWING SNOW
X = TORNADO
MAX 32 OR BELOW: 0 0.01 INCH OR MORE: 7
MAX 90 OR ABOVE: 0 0.10 INCH OR MORE: 6
MIN 32 OR BELOW: 19 0.50 INCH OR MORE: 4
MIN 0 OR BELOW: 0 1.00 INCH OR MORE: 1
[HDD (BASE 65) ]
TOTAL THIS MO. 741 CLEAR (SCALE 0-3) 7
DPTR FM NORMAL 7 PTCLDY (SCALE 4-7) 16
TOTAL FM JUL 1 1247 CLOUDY (SCALE 8-10) 8
DPTR FM NORMAL -168
[CDD (BASE 65) ]
TOTAL THIS MO. 0
DPTR FM NORMAL -1 [PRESSURE DATA]
TOTAL FM JAN 1 1512 HIGHEST SLP 30.51 ON 30
DPTR FM NORMAL 28 LOWEST SLP 29.46 ON 24
[REMARKS]
#FINAL-12-20#