000
CXUS52 KGSP 180817
CF6GSP
PRELIMINARY LOCAL CLIMATOLOGICAL DATA (WS FORM: F-6)
STATION: GREENVILLE-SPARTANBURG SC
MONTH: APRIL
YEAR: 2024
LATITUDE: 34 54 N
LONGITUDE: 82 13 W
TEMPERATURE IN F: :PCPN: SNOW: WIND :SUNSHINE: SKY :PK WND
================================================================================
1 2 3 4 5 6A 6B 7 8 9 10 11 12 13 14 15 16 17 18
12Z AVG MX 2MIN
DY MAX MIN AVG DEP HDD CDD WTR SNW DPTH SPD SPD DIR MIN PSBL S-S WX SPD DR
================================================================================
1 81 64 73 16 0 8 0.00 0.0 0 10.5 21 230 M M 0 29 210
2 82 66 74 17 0 9 T 0.0 0 14.4 25 220 M M 2 35 230
3 71 48 60 2 5 0 0.49 0.0 0 14.1 29 250 M M 5 1 45 230
4 60 40 50 -8 15 0 0.00 0.0 0 10.4 21 270 M M 7 31 230
5 65 36 51 -7 14 0 0.00 0.0 0 4.8 17 20 M M 1 23 10
6 66 38 52 -6 13 0 0.00 0.0 0 4.7 13 280 M M 0 18 270
7 69 36 53 -6 12 0 0.00 0.0 0 3.3 13 190 M M 0 17 190
8 76 45 61 2 4 0 0.00 0.0 0 7.0 18 200 M M 2 26 240
9 63 57 60 1 5 0 0.40 0.0 0 5.8 14 220 M M 9 1 20 240
10 72 57 65 5 0 0 0.10 0.0 0 3.6 21 130 M M 9 18 29 140
11 79 60 70 10 0 5 0.28 0.0 0 11.3 30 200 M M 9 138 43 220
12 70 51 61 1 4 0 T 0.0 0 14.3 31 270 M M 1 51 260
13 77 44 61 1 4 0 0.00 0.0 0 5.4 14 210 M M 0 20 270
14 84 44 64 3 1 0 0.00 0.0 0 6.5 23 210 M M 0 31 220
15 86 56 71 10 0 6 T 0.0 0 9.1 22 250 M M 0 33 270
16 86 58 72 11 0 7 0.00 0.0 0 4.5 14 210 M M 0 19 190
17 81 60 71 10 0 6 T 0.0 0 9.0 23 230 M M 1 32 220
================================================================================
SM 1268 860 77 41 1.27 0.0 138.7 M 46
================================================================================
AV 74.6 50.6 8.2 FASTST M M 3 MAX(MPH)
MISC ----> 31 270 51 260
================================================================================
NOTES:
# LAST OF SEVERAL OCCURRENCES
COLUMN 17 PEAK WIND IN M.P.H.
PRELIMINARY LOCAL CLIMATOLOGICAL DATA (WS FORM: F-6) , PAGE 2
STATION: GREENVILLE-SPARTANBURG SC
MONTH: APRIL
YEAR: 2024
LATITUDE: 34 54 N
LONGITUDE: 82 13 W
[TEMPERATURE DATA] [PRECIPITATION DATA] SYMBOLS USED IN COLUMN 16
AVERAGE MONTHLY: 62.6 TOTAL FOR MONTH: 1.27 1 = FOG OR MIST
DPTR FM NORMAL: 3.4 DPTR FM NORMAL: -0.97 2 = FOG REDUCING VISIBILITY
HIGHEST: 86 ON 16,15 GRTST 24HR 0.49 ON 2- 3 TO 1/4 MILE OR LESS
LOWEST: 36 ON 7, 5 3 = THUNDER
SNOW, ICE PELLETS, HAIL 4 = ICE PELLETS
TOTAL MONTH: 0.0 INCH 5 = HAIL
GRTST 24HR 0.0 6 = FREEZING RAIN OR DRIZZLE
GRTST DEPTH: 0 7 = DUSTSTORM OR SANDSTORM:
VSBY 1/2 MILE OR LESS
8 = SMOKE OR HAZE
[NO. OF DAYS WITH] [WEATHER - DAYS WITH] 9 = BLOWING SNOW
X = TORNADO
MAX 32 OR BELOW: 0 0.01 INCH OR MORE: 4
MAX 90 OR ABOVE: 0 0.10 INCH OR MORE: 4
MIN 32 OR BELOW: 0 0.50 INCH OR MORE: 0
MIN 0 OR BELOW: 0 1.00 INCH OR MORE: 0
[HDD (BASE 65) ]
TOTAL THIS MO. 77 CLEAR (SCALE 0-3) 12
DPTR FM NORMAL -36 PTCLDY (SCALE 4-7) 2
TOTAL FM JUL 1 2615 CLOUDY (SCALE 8-10) 3
DPTR FM NORMAL -313
[CDD (BASE 65) ]
TOTAL THIS MO. 41
DPTR FM NORMAL 25 [PRESSURE DATA]
TOTAL FM JAN 1 42 HIGHEST SLP M ON M
DPTR FM NORMAL 16 LOWEST SLP 29.36 ON 3
[REMARKS]