000
CXUS54 KAMA 010810
CF6GUY
PRELIMINARY LOCAL CLIMATOLOGICAL DATA (WS FORM: F-6)
STATION: GUYMON
MONTH: NOVEMBER
YEAR: 2021
LATITUDE: 36 41 N
LONGITUDE: 101 30 W
TEMPERATURE IN F: :PCPN: SNOW: WIND :SUNSHINE: SKY :PK WND
================================================================================
1 2 3 4 5 6A 6B 7 8 9 10 11 12 13 14 15 16 17 18
12Z AVG MX 2MIN
DY MAX MIN AVG DEP HDD CDD WTR SNW DPTH SPD SPD DIR MIN PSBL S-S WX SPD DR
================================================================================
1 58 30 44 -7 21 0 0.00 M M 7.2 17 60 M M 2 25 60
2 42 37 40 -11 25 0 T M M 6.5 12 110 M M 10 1 17 130
3 47 29 38 -13 27 0 0.00 M M 3.8 9 160 M M 7 1 13 150
4 69 28 49 -1 16 0 0.00 M M 9.2 20 190 M M 0 27 190
5 71 38 55 5 10 0 0.00 M M 9.5 15 170 M M 0 23 210
6 82 31 57 8 8 0 0.00 M M 9.7 22 200 M M 0 33 190
7 89 46 68 19 0 3 0.00 M M 12.7 22 220 M M 0 29 220
8 71 43 57 8 8 0 0.00 M M 10.1 17 20 M M 0 24 10
9 63 39 51 3 14 0 0.00 M M 6.6 13 360 M M 3 19 360
10 71 40 56 8 9 0 0.00 M M 12.8 35 360 M M 1 48 360
11 60 33 47 0 18 0 0.00 M M 8.6 23 250 M M 0 31 240
12 57 31 44 -3 21 0 0.00 M M 10.6 29 20 M M 0 38 40
13 74 28 51 4 14 0 0.00 M M 6.4 17 210 M M 0 21 210
14 62 34 48 2 17 0 0.00 M M 8.6 25 20 M M 0 31 10
15 83 35 59 13 6 0 0.00 M M 3.9 10 250 M M 0 13 250
16 78 36 57 12 8 0 0.00 M M 6.8 16 320 M M 0 21 320
17 52 27 40 -5 25 0 0.00 M M 16.1 30 30 M M 0 41 40
18 54 20 37 -8 28 0 0.00 M M 11.2 25 210 M M 0 34 190
19 69 35 52 8 13 0 0.00 M M 14.5 32 220 M M 0 41 230
20 64 34 49 5 16 0 0.00 M M 7.6 15 20 M M 0 20 10
21 60 30 45 2 20 0 0.00 M M 11.0 25 20 M M 1 33 20
22 69 27 48 5 17 0 0.00 M M 6.4 14 250 M M 0 19 280
23 77 30 54 11 11 0 0.00 M M 15.3 33 220 M M 0 42 220
24 63 40 52 10 13 0 0.00 M M 18.7 30 10 M M 2 41 20
25 53 26 40 -2 25 0 0.00 M M 9.0 26 10 M M 0 36 10
26 72 27 50 8 15 0 0.00 M M 8.0 16 210 M M 0 21 210
27 65 32 49 8 16 0 0.00 M M 11.8 26 30 M M 0 33 30
28 68 26 47 6 18 0 0.00 M M 9.4 24 230 M M 0 34 220
29 78 35 57 17 8 0 0.00 M M 3.3 9 290 M M 0 14 210
30 64 30 47 7 18 0 0.00 M M 11.0 30 30 M M 0 38 30
================================================================================
SM 1985 977 465 3 T M 286.3 M 26
================================================================================
AV 66.2 32.6 9.5 FASTST M M 1 MAX(MPH)
MISC ----> 35 360 48 360
================================================================================
NOTES:
# LAST OF SEVERAL OCCURRENCES
COLUMN 17 PEAK WIND IN M.P.H.
PRELIMINARY LOCAL CLIMATOLOGICAL DATA (WS FORM: F-6) , PAGE 2
STATION: GUYMON
MONTH: NOVEMBER
YEAR: 2021
LATITUDE: 36 41 N
LONGITUDE: 101 30 W
[TEMPERATURE DATA] [PRECIPITATION DATA] SYMBOLS USED IN COLUMN 16
AVERAGE MONTHLY: 49.4 TOTAL FOR MONTH: T 1 = FOG OR MIST
DPTR FM NORMAL: 3.7 DPTR FM NORMAL: -0.51 2 = FOG REDUCING VISIBILITY
HIGHEST: 89 ON 7 GRTST 24HR T ON 2- 2 TO 1/4 MILE OR LESS
LOWEST: 20 ON 18 3 = THUNDER
SNOW, ICE PELLETS, HAIL 4 = ICE PELLETS
TOTAL MONTH: M 5 = HAIL
GRTST 24HR M ON M 6 = FREEZING RAIN OR DRIZZLE
GRTST DEPTH: M ON M 7 = DUSTSTORM OR SANDSTORM:
VSBY 1/2 MILE OR LESS
8 = SMOKE OR HAZE
[NO. OF DAYS WITH] [WEATHER - DAYS WITH] 9 = BLOWING SNOW
X = TORNADO
MAX 32 OR BELOW: 0 0.01 INCH OR MORE: 0
MAX 90 OR ABOVE: 0 0.10 INCH OR MORE: 0
MIN 32 OR BELOW: 16 0.50 INCH OR MORE: 0
MIN 0 OR BELOW: 0 1.00 INCH OR MORE: 0
[HDD (BASE 65) ]
TOTAL THIS MO. 465 CLEAR (SCALE 0-3) 28
DPTR FM NORMAL -117 PTCLDY (SCALE 4-7) 1
TOTAL FM JUL 1 629 CLOUDY (SCALE 8-10) 1
DPTR FM NORMAL -242
[CDD (BASE 65) ]
TOTAL THIS MO. 3
DPTR FM NORMAL 2 [PRESSURE DATA]
TOTAL FM JAN 1 1784 HIGHEST SLP M ON M
DPTR FM NORMAL 145 LOWEST SLP 29.55 ON 24
[REMARKS]
#FINAL-11-21#