000
CXUS52 KFFC 011110
CF6GVL
PRELIMINARY LOCAL CLIMATOLOGICAL DATA (WS FORM: F-6)
STATION: GAINESVILLE
MONTH: FEBRUARY
YEAR: 2024
LATITUDE: 34 16 N
LONGITUDE: 83 50 W
TEMPERATURE IN F: :PCPN: SNOW: WIND :SUNSHINE: SKY :PK WND
================================================================================
1 2 3 4 5 6A 6B 7 8 9 10 11 12 13 14 15 16 17 18
12Z AVG MX 2MIN
DY MAX MIN AVG DEP HDD CDD WTR SNW DPTH SPD SPD DIR MIN PSBL S-S WX SPD DR
================================================================================
1 60 31 46 3 19 0 0.00 M M 4.7 12 250 M M 0 16 240
2 70 43 57 14 8 0 0.00 M M 5.8 12 280 M M 0 16 320
3 57 43 50 6 15 0 0.00 M M 9.2 17 90 M M 0 25 70
4 48 39 44 0 21 0 0.02 M M 14.0 25 60 M M 5 45 70
5 62 42 52 8 13 0 0.01 M M 7.9 20 60 M M 7 36 60
6 63 36 50 6 15 0 0.00 M M 3.7 14 90 M M 0 19 90
7 56 35 46 2 19 0 0.00 M M 4.4 14 90 M M 0 19 90
8 55 34 45 1 20 0 0.00 M M 3.1 10 120 M M 0 14 130
9 59 44 52 8 13 0 0.00 M M 1.5 9 330 M M 5 12 330
10 65 50 58 13 7 0 0.10 M M 0.6 6 180 M M 9 1 10 150
11 64 57 61 16 4 0 0.87 M M 4.8 15 310 M M 9 1 20 310
12 59 48 54 9 11 0 2.29 M M 9.6 25 260 M M 10 1 46 260
13 56 40 48 3 17 0 T M M 13.8 25 280 M M 3 42 240
14 63 38 51 6 14 0 0.00 M M 4.3 12 260 M M 0 16 270
15 65 36 51 5 14 0 0.00 M M 5.6 18 250 M M 0 25 240
16 63 46 55 9 10 0 T M M 5.7 14 250 M M 0 19 230
17 57 35 46 0 19 0 T M M 12.4 18 310 M M 3 8 26 310
18 52 30 41 -5 24 0 0.00 M M 5.8 14 320 M M 0 21 300
19 58 33 46 0 19 0 0.00 M M 4.0 10 130 M M 0 17 100
20 60 33 47 0 18 0 0.00 M M 1.9 9 110 M M 1 8 14 100
21 62 35 49 2 16 0 0.00 M M 4.3 10 100 M M 0 17 140
22 68 39 54 7 11 0 0.10 M M 6.5 16 260 M M 2 1 25 240
23 65 49 57 10 8 0 0.54 M M 4.9 21 310 M M 4 13 29 320
24 61 39 50 2 15 0 0.00 M M 11.4 26 310 M M 2 52 290
25 61 29 45 -3 20 0 0.00 M M 1.7 7 310 M M 0 10 320
26 72 39 56 8 9 0 0.00 M M 4.7 13 190 M M 0 25 240
27 69 54 62 14 3 0 0.01 M M 5.4 8 210 M M 7 8 22 210
28 75 41 58 9 7 0 0.20 M M 12.4 32 280 M M 8 13 56 290
29 52 37 45 -4 20 0 0.00 M M 4.7 10 90 M M 2 14 320
================================================================================
SM 1777 1155 409 0 4.14 M 178.8 M 77
================================================================================
AV 61.3 39.8 6.2 FASTST M M 3 MAX(MPH)
MISC ----> 32 280 56 290
================================================================================
NOTES:
# LAST OF SEVERAL OCCURRENCES
COLUMN 17 PEAK WIND IN M.P.H.
PRELIMINARY LOCAL CLIMATOLOGICAL DATA (WS FORM: F-6) , PAGE 2
STATION: GAINESVILLE
MONTH: FEBRUARY
YEAR: 2024
LATITUDE: 34 16 N
LONGITUDE: 83 50 W
[TEMPERATURE DATA] [PRECIPITATION DATA] SYMBOLS USED IN COLUMN 16
AVERAGE MONTHLY: 50.6 TOTAL FOR MONTH: 4.14 1 = FOG OR MIST
DPTR FM NORMAL: 4.9 DPTR FM NORMAL: -0.51 2 = FOG REDUCING VISIBILITY
HIGHEST: 75 ON 28 GRTST 24HR 2.77 ON 11-12 TO 1/4 MILE OR LESS
LOWEST: 29 ON 25 3 = THUNDER
SNOW, ICE PELLETS, HAIL 4 = ICE PELLETS
TOTAL MONTH: M 5 = HAIL
GRTST 24HR M ON M 6 = FREEZING RAIN OR DRIZZLE
GRTST DEPTH: M ON M 7 = DUSTSTORM OR SANDSTORM:
VSBY 1/2 MILE OR LESS
8 = SMOKE OR HAZE
[NO. OF DAYS WITH] [WEATHER - DAYS WITH] 9 = BLOWING SNOW
X = TORNADO
MAX 32 OR BELOW: 0 0.01 INCH OR MORE: 9
MAX 90 OR ABOVE: 0 0.10 INCH OR MORE: 6
MIN 32 OR BELOW: 3 0.50 INCH OR MORE: 3
MIN 0 OR BELOW: 0 1.00 INCH OR MORE: 1
[HDD (BASE 65) ]
TOTAL THIS MO. 409 CLEAR (SCALE 0-3) 20
DPTR FM NORMAL -133 PTCLDY (SCALE 4-7) 6
TOTAL FM JUL 1 2093 CLOUDY (SCALE 8-10) 3
DPTR FM NORMAL -355
[CDD (BASE 65) ]
TOTAL THIS MO. 0
DPTR FM NORMAL 0 [PRESSURE DATA]
TOTAL FM JAN 1 0 HIGHEST SLP 30.44 ON 29
DPTR FM NORMAL 0 LOWEST SLP 29.53 ON 12
[REMARKS]
#FINAL-02-24#