000
CXUS54 KFWD 010731
CF6GVT
PRELIMINARY LOCAL CLIMATOLOGICAL DATA (WS FORM: F-6)
STATION: GREENVILLE
MONTH: JULY
YEAR: 2021
LATITUDE: 33 4 N
LONGITUDE: 96 4 W
TEMPERATURE IN F: :PCPN: SNOW: WIND :SUNSHINE: SKY :PK WND
================================================================================
1 2 3 4 5 6A 6B 7 8 9 10 11 12 13 14 15 16 17 18
12Z AVG MX 2MIN
DY MAX MIN AVG DEP HDD CDD WTR SNW DPTH SPD SPD DIR MIN PSBL S-S WX SPD DR
================================================================================
1 95 74 85 2 0 20 0.05 M M 6.0 24 360 M M 2 3 31 360
2 85 74 80 -4 0 15 0.03 M M 2.8 8 10 M M 5 1 M M
3 84 68 76 -8 0 11 0.05 M M 4.8 10 120 M M 9 1 M M
4 87 71 79 -5 0 14 0.02 M M 4.6 12 90 M M 5 21 80
5 89 68 79 -5 0 14 M M M 5.1 12 60 M M 6 17 100
6 92 71 82 -2 0 17 0.01 M M 5.0 12 90 M M 3 16 110
7 92 70 81 -3 0 16 0.00 M M 3.6 10 170 M M 2 1 M M
8 92 72 82 -2 0 17 0.00 M M 7.1 14 170 M M 1 21 170
9 87 71 79 -5 0 14 0.00 M M 9.1 17 160 M M 5 28 190
10 93 74 84 0 0 19 0.00 M M 11.0 20 190 M M 6 27 210
11 90 68 79 -5 0 14 0.58 M M 8.7 21 320 M M 5 31 320
12 89 67 78 -7 0 13 0.00 M M 4.9 20 190 M M 1 24 190
13 92 69 81 -4 0 16 0.00 M M 7.8 13 180 M M 0 17 210
14 92 66 79 -6 0 14 0.00 M M 9.8 15 160 M M 1 23 150
15 92 73 83 -2 0 18 M M M 10.5 17 180 M M 3 20 180
16 92 74 83 -2 0 18 M M M 11.1 17 190 M M 3 24 190
17 92 75 84 -1 0 19 M M M 9.8 16 210 M M 3 21 190
18 93 77 85 0 0 20 0.06 M M 6.3 14 180 M M 4 22 210
19 80 71 76 -9 0 11 0.36 M M 4.2 17 350 M M 5 1 21 350
20 87 70 79 -6 0 14 0.04 M M 4.8 12 30 M M 5 12 M M
21 88 70 79 -6 0 14 0.00 M M 4.3 8 60 M M 2 M M
22 91 69 80 -5 0 15 0.00 M M 4.4 12 140 M M 1 1 16 140
23 92 72 82 -4 0 17 0.00 M M 9.6 16 180 M M 3 20 210
24 94 75 85 -1 0 20 0.00 M M 8.9 14 190 M M 2 17 190
25 95 71 83 -3 0 18 0.00 M M 5.9 12 130 M M 0 18 17 130
26 97 73 85 -1 0 20 0.00 M M 4.7 9 140 M M 0 M M
27 96 74 85 -1 0 20 0.00 M M 4.9 22 30 M M 1 8 36 30
28 96 73 85 -1 0 20 0.00 M M 3.6 10 170 M M 1 M M
29 96 73 85 -1 0 20 0.00 M M 1.9 8 10 M M 1 21 90
30 97 73 85 -1 0 20 0.00 M M 2.4 9 130 M M 0 1 17 140
31 98 75 87 1 0 22 0.00 M M 5.5 12 160 M M 1 1 18 130
================================================================================
SM 2835 2221 0 520 1.20 M 193.0 M 86
================================================================================
AV 91.5 71.6 6.2 FASTST M M 3 MAX(MPH)
MISC ----> 24 360 36 30
================================================================================
NOTES:
# LAST OF SEVERAL OCCURRENCES
COLUMN 17 PEAK WIND IN M.P.H.
PRELIMINARY LOCAL CLIMATOLOGICAL DATA (WS FORM: F-6) , PAGE 2
STATION: GREENVILLE
MONTH: JULY
YEAR: 2021
LATITUDE: 33 4 N
LONGITUDE: 96 4 W
[TEMPERATURE DATA] [PRECIPITATION DATA] SYMBOLS USED IN COLUMN 16
AVERAGE MONTHLY: 81.5 TOTAL FOR MONTH: 1.20 1 = FOG OR MIST
DPTR FM NORMAL: -3.4 DPTR FM NORMAL: -1.96 2 = FOG REDUCING VISIBILITY
HIGHEST: 98 ON 31 GRTST 24HR 0.58 ON 11-11 TO 1/4 MILE OR LESS
LOWEST: 66 ON 14 3 = THUNDER
SNOW, ICE PELLETS, HAIL 4 = ICE PELLETS
TOTAL MONTH: M 5 = HAIL
GRTST 24HR M ON M 6 = FREEZING RAIN OR DRIZZLE
GRTST DEPTH: M ON M 7 = DUSTSTORM OR SANDSTORM:
VSBY 1/2 MILE OR LESS
8 = SMOKE OR HAZE
[NO. OF DAYS WITH] [WEATHER - DAYS WITH] 9 = BLOWING SNOW
X = TORNADO
MAX 32 OR BELOW: 0 0.01 INCH OR MORE: 9
MAX 90 OR ABOVE: 22 0.10 INCH OR MORE: 2
MIN 32 OR BELOW: 0 0.50 INCH OR MORE: 1
MIN 0 OR BELOW: 0 1.00 INCH OR MORE: 0
[HDD (BASE 65) ]
TOTAL THIS MO. 0 CLEAR (SCALE 0-3) 19
DPTR FM NORMAL 0 PTCLDY (SCALE 4-7) 11
TOTAL FM JUL 1 0 CLOUDY (SCALE 8-10) 1
DPTR FM NORMAL 0
[CDD (BASE 65) ]
TOTAL THIS MO. 520
DPTR FM NORMAL -95 [PRESSURE DATA]
TOTAL FM JAN 1 1181 HIGHEST SLP M ON M
DPTR FM NORMAL -287 LOWEST SLP M ON M
[REMARKS]
#FINAL-07-21#