000
CXUS54 KJAN 011642
CF6GWO
PRELIMINARY LOCAL CLIMATOLOGICAL DATA (WS FORM: F-6)
STATION: GREENWOOD
MONTH: OCTOBER
YEAR: 2022
LATITUDE: 33 30 N
LONGITUDE: 90 5 W
TEMPERATURE IN F: :PCPN: SNOW: WIND :SUNSHINE: SKY :PK WND
================================================================================
1 2 3 4 5 6A 6B 7 8 9 10 11 12 13 14 15 16 17 18
12Z AVG MX 2MIN
DY MAX MIN AVG DEP HDD CDD WTR SNW DPTH SPD SPD DIR MIN PSBL S-S WX SPD DR
================================================================================
1 81 44 63 -8 2 0 0.00 0.0 0 3.2 13 360 M M 1 12 19 360
2 84 45 65 -5 0 0 0.00 0.0 0 4.2 15 50 M M 0 1 21 20
3 82 48 65 -5 0 0 0.00 0.0 0 2.7 14 50 M M 0 1 21 60
4 83 53 68 -2 0 3 0.00 0.0 0 3.8 10 60 M M 0 19 70
5 85 50 68 -1 0 3 0.00 0.0 0 2.3 10 20 M M 0 15 20
6 89 48 69 0 0 4 0.00 0.0 0 1.8 9 240 M M 0 1 14 250
7 88 54 71 3 0 6 0.00 0.0 0 4.8 15 50 M M 0 1 22 50
8 77 48 63 -5 2 0 0.00 0.0 0 5.6 15 10 M M 0 23 360
9 79 45 62 -6 3 0 0.00 0.0 0 3.0 10 10 M M 0 17 20
10 85 50 68 1 0 3 0.00 0.0 0 1.2 9 80 M M 0 13 30
11 85 54 70 3 0 5 0.01 0.0 0 4.0 13 150 M M 0 21 80
12 90 61 76 10 0 11 0.30 0.0 0 6.6 25 350 M M 3 138 42 330
13 76 50 63 -3 2 0 0.00 0.0 0 3.3 14 360 M M 3 12 20 30
14 84 45 65 -1 0 0 0.00 0.0 0 4.3 15 210 M M 0 20 220
15 88 53 71 6 0 6 0.00 0.0 0 6.9 18 210 M M 0 24 210
16 82 58 70 5 0 5 0.00 0.0 0 2.9 12 200 M M 1 16 190
17 70 41 56 -8 9 0 0.00 0.0 0 7.5 16 350 M M 2 27 330
18 55 33 44 -20 21 0 0.00 0.0 0 5.5 18 10 M M 0 30 20
19 61 28 45 -19 20 0 0.00 0.0 0 1.3 9 350 M M 0 16 240
20 71 31 51 -12 14 0 0.00 0.0 0 3.4 12 170 M M 0 19 210
21 85 50 68 5 0 3 0.00 0.0 0 9.3 20 190 M M 0 26 190
22 84 60 72 10 0 7 0.00 0.0 0 12.4 24 180 M M 1 30 220
23 85 60 73 11 0 8 0.00 0.0 0 11.0 21 160 M M 1 27 160
24 84 60 72 10 0 7 0.00 0.0 0 13.2 23 170 M M 1 31 170
25 76 50 63 2 2 0 0.32 0.0 0 11.1 30 170 M M 6 18 42 170
26 69 41 55 -6 10 0 0.00 0.0 0 4.5 12 20 M M 0 1 19 340
27 74 38 56 -4 9 0 0.00 0.0 0 4.3 13 70 M M 0 1 18 70
28 80 47 64 4 1 0 0.00 0.0 0 6.7 15 120 M M 1 19 100
29 70 64 67 7 0 2 1.47 0.0 0 11.7 23 110 M M 6 13 33 110
30 69 60 65 6 0 0 T 0.0 0 6.5 14 220 M M 10 18 230
31 74 54 64 5 1 0 0.00 0.0 0 3.1 12 230 M M 6 1 16 220
================================================================================
SM 2445 1523 96 73 2.10 0.0 172.1 M 42
================================================================================
AV 78.9 49.1 5.6 FASTST M M 1 MAX(MPH)
MISC ----> 30 170 # 42 330
================================================================================
NOTES:
# LAST OF SEVERAL OCCURRENCES
COLUMN 17 PEAK WIND IN M.P.H.
PRELIMINARY LOCAL CLIMATOLOGICAL DATA (WS FORM: F-6) , PAGE 2
STATION: GREENWOOD
MONTH: OCTOBER
YEAR: 2022
LATITUDE: 33 30 N
LONGITUDE: 90 5 W
[TEMPERATURE DATA] [PRECIPITATION DATA] SYMBOLS USED IN COLUMN 16
AVERAGE MONTHLY: 64.0 TOTAL FOR MONTH: 2.10 1 = FOG OR MIST
DPTR FM NORMAL: -0.9 DPTR FM NORMAL: -1.31 2 = FOG REDUCING VISIBILITY
HIGHEST: 90 ON 12 GRTST 24HR 1.47 ON 29-29 TO 1/4 MILE OR LESS
LOWEST: 28 ON 19 3 = THUNDER
SNOW, ICE PELLETS, HAIL 4 = ICE PELLETS
TOTAL MONTH: 0.0 INCH 5 = HAIL
GRTST 24HR 0.0 6 = FREEZING RAIN OR DRIZZLE
GRTST DEPTH: 0 7 = DUSTSTORM OR SANDSTORM:
VSBY 1/2 MILE OR LESS
8 = SMOKE OR HAZE
[NO. OF DAYS WITH] [WEATHER - DAYS WITH] 9 = BLOWING SNOW
X = TORNADO
MAX 32 OR BELOW: 0 0.01 INCH OR MORE: 4
MAX 90 OR ABOVE: 1 0.10 INCH OR MORE: 3
MIN 32 OR BELOW: 2 0.50 INCH OR MORE: 1
MIN 0 OR BELOW: 0 1.00 INCH OR MORE: 1
[HDD (BASE 65) ]
TOTAL THIS MO. 96 CLEAR (SCALE 0-3) 26
DPTR FM NORMAL -16 PTCLDY (SCALE 4-7) 4
TOTAL FM JUL 1 101 CLOUDY (SCALE 8-10) 1
DPTR FM NORMAL -19
[CDD (BASE 65) ]
TOTAL THIS MO. 73
DPTR FM NORMAL -35 [PRESSURE DATA]
TOTAL FM JAN 1 2665 HIGHEST SLP 30.37 ON 8
DPTR FM NORMAL 445 LOWEST SLP 29.68 ON 25
[REMARKS]
#FINAL-10-22#