000
CXUS54 KJAN 011529
CF6GWO
PRELIMINARY LOCAL CLIMATOLOGICAL DATA (WS FORM: F-6)
STATION: GREENWOOD
MONTH: MARCH
YEAR: 2020
LATITUDE: 33 30 N
LONGITUDE: 90 5 W
TEMPERATURE IN F: :PCPN: SNOW: WIND :SUNSHINE: SKY :PK WND
================================================================================
1 2 3 4 5 6A 6B 7 8 9 10 11 12 13 14 15 16 17 18
12Z AVG MX 2MIN
DY MAX MIN AVG DEP HDD CDD WTR SNW DPTH SPD SPD DIR MIN PSBL S-S WX SPD DR
================================================================================
1 71 44 58 6 7 0 0.00 0.0 0 12.9 22 160 M M 3 30 160
2 71 58 65 13 0 0 0.20 0.0 0 11.5 18 190 M M 8 13 27 200
3 71 59 65 13 0 0 T 0.0 0 5.8 14 240 M M 8 22 230
4 60 52 56 4 9 0 1.36 0.0 0 6.8 17 110 M M 10 13 28 120
5 67 47 57 4 8 0 0.20 0.0 0 6.7 14 20 M M 5 1 21 360
6 60 41 51 -2 14 0 0.00 0.0 0 9.0 18 360 M M 0 29 30
7 64 33 49 -4 16 0 0.00 0.0 0 5.0 21 90 M M 0 26 90
8 73 42 58 5 7 0 0.00 0.0 0 8.3 18 180 M M 0 25 170
9 72 56 64 10 1 0 0.38 0.0 0 14.4 25 170 M M 4 1 36 200
10 77 54 66 12 0 1 0.05 0.0 0 7.3 21 200 M M 6 1 27 200
11 75 54 65 11 0 0 T 0.0 0 7.5 20 210 M M 6 27 210
12 81 62 72 17 0 7 0.00 0.0 0 12.2 24 200 M M 4 31 200
13 73 57 65 10 0 0 0.26 0.0 0 9.1 20 210 M M 10 1 28 200
14 76 57 67 12 0 2 T 0.0 0 6.3 18 200 M M 7 23 190
15 61 51 56 1 9 0 0.34 0.0 0 8.7 16 60 M M 10 1 23 20
16 73 50 62 6 3 0 0.00 0.0 0 4.7 10 110 M M 6 15 50
17 76 55 66 10 0 1 0.00 0.0 0 4.9 10 350 M M 3 1 15 320
18 82 61 72 16 0 7 0.00 0.0 0 7.4 21 210 M M 5 27 220
19 85 68 77 21 0 12 0.00 0.0 0 13.7 24 190 M M 4 30 200
20 76 58 67 10 0 2 1.02 0.0 0 8.3 21 200 M M 10 138 26 190
21 58 49 54 -3 11 0 0.00 0.0 0 8.0 15 360 M M 8 22 20
22 68 48 58 1 7 0 0.04 0.0 0 4.6 13 110 M M 8 1 20 120
23 69 57 63 6 2 0 1.41 0.0 0 4.5 22 200 M M 9 13 29 210
24 80 61 71 13 0 6 0.06 0.0 0 10.9 24 210 M M 8 35 220
25 73 57 65 7 0 0 T 0.0 0 4.3 12 360 M M 4 19 360
26 88 58 73 15 0 8 0.00 0.0 0 8.8 23 220 M M 0 32 220
27 87 66 77 19 0 12 0.00 0.0 0 9.8 18 210 M M 1 27 190
28 87 64 76 17 0 11 0.43 0.0 0 12.9 28 210 M M 3 13 37 210
29 75 56 66 7 0 1 0.06 0.0 0 3.6 16 210 M M 1 1 21 170
30 74 56 65 6 0 0 0.17 0.0 0 7.5 15 30 M M 4 21 40
31 62 47 55 -4 10 0 0.94 0.0 0 8.7 20 10 M M 6 1 27 20
================================================================================
SM 2265 1678 104 70 6.92 0.0 254.1 M 161
================================================================================
AV 73.1 54.1 8.2 FASTST M M 5 MAX(MPH)
MISC ----> # 28 210 # 37 210
================================================================================
NOTES:
# LAST OF SEVERAL OCCURRENCES
COLUMN 17 PEAK WIND IN M.P.H.
PRELIMINARY LOCAL CLIMATOLOGICAL DATA (WS FORM: F-6) , PAGE 2
STATION: GREENWOOD
MONTH: MARCH
YEAR: 2020
LATITUDE: 33 30 N
LONGITUDE: 90 5 W
[TEMPERATURE DATA] [PRECIPITATION DATA] SYMBOLS USED IN COLUMN 16
AVERAGE MONTHLY: 63.6 TOTAL FOR MONTH: 6.92 1 = FOG OR MIST
DPTR FM NORMAL: 8.1 DPTR FM NORMAL: 2.61 2 = FOG REDUCING VISIBILITY
HIGHEST: 88 ON 26 GRTST 24HR 1.41 ON 23-23 TO 1/4 MILE OR LESS
LOWEST: 33 ON 7 3 = THUNDER
SNOW, ICE PELLETS, HAIL 4 = ICE PELLETS
TOTAL MONTH: 0.0 INCH 5 = HAIL
GRTST 24HR 0.0 6 = FREEZING RAIN OR DRIZZLE
GRTST DEPTH: 0 7 = DUSTSTORM OR SANDSTORM:
VSBY 1/2 MILE OR LESS
8 = SMOKE OR HAZE
[NO. OF DAYS WITH] [WEATHER - DAYS WITH] 9 = BLOWING SNOW
X = TORNADO
MAX 32 OR BELOW: 0 0.01 INCH OR MORE: 15
MAX 90 OR ABOVE: 0 0.10 INCH OR MORE: 11
MIN 32 OR BELOW: 0 0.50 INCH OR MORE: 4
MIN 0 OR BELOW: 0 1.00 INCH OR MORE: 3
[HDD (BASE 65) ]
TOTAL THIS MO. 104 CLEAR (SCALE 0-3) 9
DPTR FM NORMAL -212 PTCLDY (SCALE 4-7) 15
TOTAL FM JUL 1 2005 CLOUDY (SCALE 8-10) 7
DPTR FM NORMAL -542
[CDD (BASE 65) ]
TOTAL THIS MO. 70
DPTR FM NORMAL 49 [PRESSURE DATA]
TOTAL FM JAN 1 75 HIGHEST SLP M ON M
DPTR FM NORMAL 49 LOWEST SLP 29.66 ON 31
[REMARKS]
#FINAL-03-20#