000
CXUS55 KBOU 010900
CF6GXY
PRELIMINARY LOCAL CLIMATOLOGICAL DATA (WS FORM: F-6)
STATION: GREELEY CO
MONTH: MARCH
YEAR: 2024
LATITUDE: 40 25 N
LONGITUDE: 104 38 W
TEMPERATURE IN F: :PCPN: SNOW: WIND :SUNSHINE: SKY :PK WND
================================================================================
1 2 3 4 5 6A 6B 7 8 9 10 11 12 13 14 15 16 17 18
12Z AVG MX 2MIN
DY MAX MIN AVG DEP HDD CDD WTR SNW DPTH SPD SPD DIR MIN PSBL S-S WX SPD DR
================================================================================
1 66 24 45 M 20 0 M M M 5.3 9 230 M M 0 23 160
2 70 22 46 M 19 0 M M M 6.8 16 280 M M 1 22 190
3 54 32 43 M 22 0 M M M 20.5 37 310 M M 4 49 310
4 51 34 43 M 22 0 M M M 8.6 17 360 M M 7 8 25 120
5 52 19 36 M 29 0 M M M 8.3 18 160 M M 1 24 160
6 63 19 41 M 24 0 M M M 6.0 14 50 M M 2 17 360
7 43 28 36 M 29 0 M M M 7.8 14 100 M M 9 M M
8 37 20 29 M 36 0 M M M 4.9 10 50 M M 8 1 M M
9 56 14 35 M 30 0 M M M 2.8 6 360 M M 0 M M
10 67 15 41 M 24 0 M M M 2.6 9 330 M M 0 M M
11 62 21 42 M 23 0 M M M 4.7 10 330 M M 1 M M
12 63 23 43 M 22 0 M M M 5.2 13 340 M M 3 M M
13 52 34 43 M 22 0 M M M 9.4 18 40 M M 9 23 30
14 38 32 35 M 30 0 M M M 12.9 21 30 M M 10 1 31 30
15 51 30 41 M 24 0 M M M 9.8 18 310 M M 7 1 18 150
16 54 27 41 M 24 0 M M M 7.9 12 310 M M 3 17 350
17 48 29 39 M 26 0 M M M 6.6 13 10 M M 8 M M
18 64 22 43 M 22 0 M M M 4.2 10 280 M M 0 M M
19 67 26 47 M 18 0 M M M 4.7 10 310 M M 0 M M
20 61 30 46 M 19 0 M M M 5.5 10 130 M M 1 M M
21 69 26 48 M 17 0 M M M 10.1 27 330 M M 0 36 330
22 65 29 47 M 18 0 M M M 8.4 22 20 M M 0 30 20
23 66 30 48 M 17 0 M M M 7.5 13 60 M M 1 M M
24 60 22 41 M 24 0 M M M 12.6 30 20 M M 6 1 41 20
25 35 20 28 M 37 0 M M M 14.2 22 360 M M 8 1 31 10
26 48 14 31 M 34 0 M M M 4.2 8 40 M M 2 M M
27 54 21 38 M 27 0 M M M 5.1 18 310 M M 2 1 M M
28 67 23 45 M 20 0 M M M 7.0 16 320 M M 0 16 140
29 52 33 43 M 22 0 M M M 7.1 20 350 M M 6 1 25 10
30 65 36 51 M 14 0 M M M 7.3 16 150 M M 3 22 140
31 61 27 44 M 21 0 M M M 7.5 21 320 M M 5 3 26 320
================================================================================
SM 1761 782 736 0 M M 235.5 M 107
================================================================================
AV 56.8 25.2 7.6 FASTST M M 3 MAX(MPH)
MISC ----> 37 310 49 310
================================================================================
NOTES:
# LAST OF SEVERAL OCCURRENCES
COLUMN 17 PEAK WIND IN M.P.H.
PRELIMINARY LOCAL CLIMATOLOGICAL DATA (WS FORM: F-6) , PAGE 2
STATION: GREELEY CO
MONTH: MARCH
YEAR: 2024
LATITUDE: 40 25 N
LONGITUDE: 104 38 W
[TEMPERATURE DATA] [PRECIPITATION DATA] SYMBOLS USED IN COLUMN 16
AVERAGE MONTHLY: 41.0 TOTAL FOR MONTH: M 1 = FOG OR MIST
DPTR FM NORMAL: 0.0 DPTR FM NORMAL: M 2 = FOG REDUCING VISIBILITY
HIGHEST: 70 ON 2 GRTST 24HR 0.44 ON 13-14 TO 1/4 MILE OR LESS
LOWEST: 14 ON 9,26 3 = THUNDER
SNOW, ICE PELLETS, HAIL 4 = ICE PELLETS
TOTAL MONTH: M 5 = HAIL
GRTST 24HR M ON M 6 = FREEZING RAIN OR DRIZZLE
GRTST DEPTH: M ON M 7 = DUSTSTORM OR SANDSTORM:
VSBY 1/2 MILE OR LESS
8 = SMOKE OR HAZE
[NO. OF DAYS WITH] [WEATHER - DAYS WITH] 9 = BLOWING SNOW
X = TORNADO
MAX 32 OR BELOW: 0 0.01 INCH OR MORE: 0
MAX 90 OR ABOVE: 0 0.10 INCH OR MORE: 0
MIN 32 OR BELOW: 27 0.50 INCH OR MORE: 0
MIN 0 OR BELOW: 0 1.00 INCH OR MORE: 0
[HDD (BASE 65) ]
TOTAL THIS MO. 736 CLEAR (SCALE 0-3) 18
DPTR FM NORMAL M PTCLDY (SCALE 4-7) 10
TOTAL FM JUL 1 4727 CLOUDY (SCALE 8-10) 3
DPTR FM NORMAL M
[CDD (BASE 65) ]
TOTAL THIS MO. 0
DPTR FM NORMAL M [PRESSURE DATA]
TOTAL FM JAN 1 0 HIGHEST SLP 30.48 ON 15
DPTR FM NORMAL M LOWEST SLP 29.24 ON 24
[REMARKS]
#FINAL-03-24#