931
CXUS55 KBOU 010927
CF6GXY
PRELIMINARY LOCAL CLIMATOLOGICAL DATA (WS FORM: F-6)
STATION: GREELEY CO
MONTH: OCTOBER
YEAR: 2020
LATITUDE: 40 25 N
LONGITUDE: 104 38 W
TEMPERATURE IN F: :PCPN: SNOW: WIND :SUNSHINE: SKY :PK WND
================================================================================
1 2 3 4 5 6A 6B 7 8 9 10 11 12 13 14 15 16 17 18
12Z AVG MX 2MIN
DY MAX MIN AVG DEP HDD CDD WTR SNW DPTH SPD SPD DIR MIN PSBL S-S WX SPD DR
================================================================================
1 68 33 51 M 14 0 0.00 M M 4.2 9 190 M M 0 8 M M
2 79 35 57 M 8 0 0.00 M M 5.2 18 30 M M 1 24 30
3 70 38 54 M 11 0 0.00 M M 3.2 9 210 M M 0 8 M M
4 83 34 59 M 6 0 0.00 M M 5.9 12 320 M M 0 8 M M
5 84 36 60 M 5 0 0.00 M M 7.2 23 320 M M 2 8 31 320
6 87 33 60 M 5 0 0.00 M M 3.9 8 330 M M 3 8 M M
7 87 36 62 M 3 0 0.00 M M 4.9 12 100 M M 5 8 M M
8 87 38 63 M 2 0 0.00 M M 5.2 13 290 M M 2 8 M M
9 86 39 63 M 2 0 0.00 M M 4.1 12 50 M M 1 8 M M
10 86 38 62 M 3 0 0.00 M M 4.5 12 130 M M 0 M M
11 77 41 59 M 6 0 0.00 M M 16.1 41 330 M M 0 18 48 330
12 77 30 54 M 11 0 0.00 M M 5.1 14 10 M M 0 M M
13 79 35 57 M 8 0 0.00 M M 4.8 13 150 M M 0 16 150
14 76 42 59 M 6 0 T M M 8.5 28 100 M M 6 8 35 110
15 54 28 41 M 24 0 0.00 M M 5.6 20 40 M M 4 28 40
16 65 20 43 M 22 0 0.00 M M 3.5 8 210 M M 3 M M
17 70 39 55 M 10 0 0.00 M M 9.5 17 70 M M 4 36 320
18 44 29 37 M 28 0 T M M 7.6 14 110 M M 7 1 M M
19 63 25 44 M 21 0 0.00 M M 5.1 9 360 M M 0 M M
20 63 28 46 M 19 0 0.00 M M 6.0 16 60 M M 0 M M
21 60 31 46 M 19 0 0.00 M M 4.8 10 140 M M 3 M M
22 47 24 36 M 29 0 T M M 14.7 24 20 M M 10 32 20
23 40 22 31 M 34 0 T M M 7.4 14 200 M M 7 M M
24 48 18 33 M 32 0 T M M 7.9 24 10 M M 4 31 20
25 20 8 14 M 51 0 0.08 M M 10.5 18 20 M M 10 12 21 10
26 19 -13 3 M 62 0 0.01 M M 3.5 8 310 M M 4 1 M M
27 34 -10 12 M 53 0 0.02 M M 4.1 12 330 M M 3 12 M M
28 49 9 29 M 36 0 0.00 M M 5.8 21 320 M M 0 1 M M
29 59 24 42 M 23 0 0.00 M M 4.3 8 310 M M 0 M M
30 67 26 47 M 18 0 0.00 M M 3.0 8 310 M M 0 8 M M
31 57 28 43 M 22 0 0.00 M M 6.3 18 20 M M 0 24 20
================================================================================
SM 1985 844 593 0 0.11 M 192.2 M 79
================================================================================
AV 64.0 27.2 6.2 FASTST M M 3 MAX(MPH)
MISC ----> 41 330 48 330
================================================================================
NOTES:
# LAST OF SEVERAL OCCURRENCES
COLUMN 17 PEAK WIND IN M.P.H.
PRELIMINARY LOCAL CLIMATOLOGICAL DATA (WS FORM: F-6) , PAGE 2
STATION: GREELEY CO
MONTH: OCTOBER
YEAR: 2020
LATITUDE: 40 25 N
LONGITUDE: 104 38 W
[TEMPERATURE DATA] [PRECIPITATION DATA] SYMBOLS USED IN COLUMN 16
AVERAGE MONTHLY: 45.6 TOTAL FOR MONTH: 0.11 1 = FOG OR MIST
DPTR FM NORMAL: 0.0 DPTR FM NORMAL: M 2 = FOG REDUCING VISIBILITY
HIGHEST: 87 ON 8, 7 GRTST 24HR 0.09 ON 25-26 TO 1/4 MILE OR LESS
LOWEST: -13 ON 26 3 = THUNDER
SNOW, ICE PELLETS, HAIL 4 = ICE PELLETS
TOTAL MONTH: M 5 = HAIL
GRTST 24HR M ON M 6 = FREEZING RAIN OR DRIZZLE
GRTST DEPTH: M ON M 7 = DUSTSTORM OR SANDSTORM:
VSBY 1/2 MILE OR LESS
8 = SMOKE OR HAZE
[NO. OF DAYS WITH] [WEATHER - DAYS WITH] 9 = BLOWING SNOW
X = TORNADO
MAX 32 OR BELOW: 2 0.01 INCH OR MORE: 3
MAX 90 OR ABOVE: 0 0.10 INCH OR MORE: 0
MIN 32 OR BELOW: 17 0.50 INCH OR MORE: 0
MIN 0 OR BELOW: 2 1.00 INCH OR MORE: 0
[HDD (BASE 65) ]
TOTAL THIS MO. 593 CLEAR (SCALE 0-3) 20
DPTR FM NORMAL M PTCLDY (SCALE 4-7) 9
TOTAL FM JUL 1 709 CLOUDY (SCALE 8-10) 2
DPTR FM NORMAL M
[CDD (BASE 65) ]
TOTAL THIS MO. 0
DPTR FM NORMAL M [PRESSURE DATA]
TOTAL FM JAN 1 924 HIGHEST SLP 30.62 ON 25
DPTR FM NORMAL M LOWEST SLP 29.55 ON 11
[REMARKS]
#FINAL-10-20#