000
CXUS54 KEWX 011010
CF6GYB
PRELIMINARY LOCAL CLIMATOLOGICAL DATA (WS FORM: F-6)
STATION: GIDDINGS-LEE COUNTY AIRPORT
MONTH: MAY
YEAR: 2021
LATITUDE: 30 10 N
LONGITUDE: 96 59 W
TEMPERATURE IN F: :PCPN: SNOW: WIND :SUNSHINE: SKY :PK WND
================================================================================
1 2 3 4 5 6A 6B 7 8 9 10 11 12 13 14 15 16 17 18
12Z AVG MX 2MIN
DY MAX MIN AVG DEP HDD CDD WTR SNW DPTH SPD SPD DIR MIN PSBL S-S WX SPD DR
================================================================================
1 75 65 70 M 0 5 1.32 M M 9.3 23 100 M M 7 32 100
2 89 64 77 M 0 12 0.09 M M 8.4 14 200 M M 4 21 200
3 89 72 81 M 0 16 0.00 M M 9.0 13 150 M M 5 18 20 170
4 77 65 71 M 0 6 0.19 M M 7.8 14 10 M M 4 1 23 10
5 78 56 67 M 0 2 0.00 M M 4.2 9 50 M M 0 M M
6 84 59 72 M 0 7 0.00 M M 3.8 8 80 M M 0 8 M M
7 83 59 71 M 0 6 0.00 M M 4.3 12 130 M M 0 16 170
8 87 63 75 M 0 10 0.00 M M 9.3 16 180 M M 6 1 28 180
9 87 74 81 M 0 16 0.00 M M 8.4 13 180 M M 7 22 190
10 84 65 75 M 0 10 0.00 M M 5.6 10 10 M M 7 18 17 360
11 85 64 75 M 0 10 0.04 M M 5.0 15 360 M M 8 128 28 20
12 68 59 64 M 1 0 0.00 M M 10.0 14 10 M M 9 1 23 10
13 74 59 67 M 0 2 0.00 M M 4.9 9 360 M M 10 1 M M
14 81 64 73 M 0 8 0.00 M M 4.4 8 170 M M 7 M M
15 80 63 72 M 0 7 0.00 M M 5.5 10 140 M M 3 18 160
16 79 69 74 M 0 9 0.29 M M 7.0 13 150 M M 7 21 150
17 83 67 75 M 0 10 0.00 M M 6.2 25 340 M M 5 1 43 340
18 83 65 74 M 0 9 1.63 M M 8.7 23 80 M M 5 1 29 80
19 69 64 67 M 0 2 0.11 M M 3.8 14 150 M M 4 1 29 0
20 82 62 72 M 0 7 0.00 M M 2.6 8 80 M M 3 1 M M
21 83 68 76 M 0 11 0.00 M M 5.4 10 80 M M 5 1 16 80
22 82 72 77 M 0 12 0.47 M M 10.0 16 100 M M 6 24 160
23 75 69 72 M 0 7 1.55 M M 5.7 13 100 M M 8 18 70
24 80 69 75 M 0 10 0.44 M M 4.7 10 130 M M 6 22 120
25 83 71 77 M 0 12 0.12 M M 6.4 12 150 M M 8 1 18 170
26 88 73 81 M 0 16 0.00 M M 4.9 8 160 M M 6 1 18 170
27 89 73 81 M 0 16 0.00 M M 7.6 13 150 M M 6 1 17 190
28 86 67 77 M 0 12 0.73 M M 8.9 21 100 M M 6 35 310
29 85 65 75 M 0 10 0.00 M M 3.0 12 150 M M 1 21 150
30 84 70 77 M 0 12 0.01 M M 5.1 12 110 M M 4 17 120
31 84 70 77 M 0 12 0.01 M M 7.3 15 190 M M 6 1 21 190
================================================================================
SM 2536 2045 1 284 7.00 M 197.4 M 163
================================================================================
AV 81.8 66.0 6.4 FASTST M M 5 MAX(MPH)
MISC ----> 25 340 43 340
================================================================================
NOTES:
# LAST OF SEVERAL OCCURRENCES
COLUMN 17 PEAK WIND IN M.P.H.
PRELIMINARY LOCAL CLIMATOLOGICAL DATA (WS FORM: F-6) , PAGE 2
STATION: GIDDINGS-LEE COUNTY AIRPORT
MONTH: MAY
YEAR: 2021
LATITUDE: 30 10 N
LONGITUDE: 96 59 W
[TEMPERATURE DATA] [PRECIPITATION DATA] SYMBOLS USED IN COLUMN 16
AVERAGE MONTHLY: 73.9 TOTAL FOR MONTH: 7.00 1 = FOG OR MIST
DPTR FM NORMAL: 0.0 DPTR FM NORMAL: M 2 = FOG REDUCING VISIBILITY
HIGHEST: 89 ON 27, 3 GRTST 24HR 1.63 ON 18-18 TO 1/4 MILE OR LESS
LOWEST: 56 ON 5 3 = THUNDER
SNOW, ICE PELLETS, HAIL 4 = ICE PELLETS
TOTAL MONTH: M 5 = HAIL
GRTST 24HR M ON M 6 = FREEZING RAIN OR DRIZZLE
GRTST DEPTH: M ON M 7 = DUSTSTORM OR SANDSTORM:
VSBY 1/2 MILE OR LESS
8 = SMOKE OR HAZE
[NO. OF DAYS WITH] [WEATHER - DAYS WITH] 9 = BLOWING SNOW
X = TORNADO
MAX 32 OR BELOW: 0 0.01 INCH OR MORE: 14
MAX 90 OR ABOVE: 0 0.10 INCH OR MORE: 10
MIN 32 OR BELOW: 0 0.50 INCH OR MORE: 4
MIN 0 OR BELOW: 0 1.00 INCH OR MORE: 3
[HDD (BASE 65) ]
TOTAL THIS MO. 1 CLEAR (SCALE 0-3) 5
DPTR FM NORMAL M PTCLDY (SCALE 4-7) 23
TOTAL FM JUL 1 1513 CLOUDY (SCALE 8-10) 3
DPTR FM NORMAL M
[CDD (BASE 65) ]
TOTAL THIS MO. 284
DPTR FM NORMAL M [PRESSURE DATA]
TOTAL FM JAN 1 478 HIGHEST SLP M ON M
DPTR FM NORMAL M LOWEST SLP M ON M
[REMARKS]
#FINAL-05-21#