000
CXUS54 KFWD 010831
CF6GYI
PRELIMINARY LOCAL CLIMATOLOGICAL DATA (WS FORM: F-6)
STATION: SHERMAN/DENISON
MONTH: NOVEMBER
YEAR: 2021
LATITUDE: 33 42 N
LONGITUDE: 96 40 W
TEMPERATURE IN F: :PCPN: SNOW: WIND :SUNSHINE: SKY :PK WND
================================================================================
1 2 3 4 5 6A 6B 7 8 9 10 11 12 13 14 15 16 17 18
12Z AVG MX 2MIN
DY MAX MIN AVG DEP HDD CDD WTR SNW DPTH SPD SPD DIR MIN PSBL S-S WX SPD DR
================================================================================
1 76 49 63 4 2 0 0.00 M M 6.6 13 170 M M 5 3 21 170
2 54 47 51 -8 14 0 0.23 M M 13.8116 16 M M 9 16 30
3 48 45 47 -12 18 0 0.87 M M 8.6 16 40 M M 10 1 18 70
4 54 40 47 -11 18 0 0.00 M M 0.4 3 50 M M 7 1 M M
5 60 36 48 -10 17 0 0.00 M M 3.6 8 130 M M 2 18 M M
6 65 39 52 -5 13 0 0.00 M M 5.6 9 150 M M 0 M M
7 73 45 59 2 6 0 0.00 M M 9.0 14 170 M M 0 17 140
8 72 49 61 4 4 0 0.00 M M 10.8 17 190 M M 0 23 190
9 75 58 67 11 0 2 0.00 M M 11.3 17 190 M M 0 8 26 190
10 72 59 66 10 0 1 0.12 M M 12.1 18 120 M M 8 3 30 260
11 65 46 56 1 9 0 M M M 7.2 17 330 M M 1 23 330
12 65 37 51 -4 14 0 0.00 M M 7.7 20 300 M M 0 30 300
13 62 33 48 -6 17 0 0.00 M M 4.5 13 180 M M 0 M M
14 69 45 57 3 8 0 0.00 M M 7.8 15 200 M M 0 8 M M
15 77 44 61 7 4 0 0.00 M M 5.9 12 180 M M 0 M M
16 78 60 69 16 0 4 0.00 M M 16.7 22 180 M M 1 31 180
17 80 53 67 14 0 2 0.00 M M 18.8 25 180 M M 4 35 190
18 59 41 50 -2 15 0 0.00 M M 12.4 21 20 M M 0 35 20
19 60 35 48 -4 17 0 0.00 M M 8.2 16 160 M M 0 21 150
20 71 46 59 8 6 0 0.00 M M 10.7 20 170 M M 0 25 160
21 65 46 56 5 9 0 0.00 M M 18.3182 330 M M 3 23 190
22 64 36 50 -1 15 0 0.00 M M 3.3 9 180 M M 0 M M
23 70 44 57 7 8 0 0.00 M M 11.4 15 170 M M 0 8 24 160
24 74 54 64 14 1 0 0.00 M M 14.7 23 180 M M 2 29 210
25 66 33 50 1 15 0 0.03 M M 13.2 22 340 M M 2 29 360
26 59 29 44 -5 21 0 0.00 M M 3.8 9 180 M M 0 M M
27 56 40 48 0 17 0 0.04 M M 7.9 15 190 M M 5 1 M M
28 64 40 52 4 13 0 0.00 M M 5.6 14 340 M M 2 12 16 350
29 70 37 54 6 11 0 0.00 M M 8.3 17 200 M M 0 21 200
30 75 46 61 14 4 0 0.00 M M 9.3 16 170 M M 0 16 190
================================================================================
SM 1998 1312 296 9 1.29 M 277.2 M 61
================================================================================
AV 66.6 43.7 9.2 FASTST M M 2 MAX(MPH)
MISC ----> 182 330 # 35 190
================================================================================
NOTES:
# LAST OF SEVERAL OCCURRENCES
COLUMN 17 PEAK WIND IN M.P.H.
PRELIMINARY LOCAL CLIMATOLOGICAL DATA (WS FORM: F-6) , PAGE 2
STATION: SHERMAN/DENISON
MONTH: NOVEMBER
YEAR: 2021
LATITUDE: 33 42 N
LONGITUDE: 96 40 W
[TEMPERATURE DATA] [PRECIPITATION DATA] SYMBOLS USED IN COLUMN 16
AVERAGE MONTHLY: 55.2 TOTAL FOR MONTH: 1.29 1 = FOG OR MIST
DPTR FM NORMAL: 1.8 DPTR FM NORMAL: -2.41 2 = FOG REDUCING VISIBILITY
HIGHEST: 80 ON 17 GRTST 24HR 0.87 ON 3- 3 TO 1/4 MILE OR LESS
LOWEST: 29 ON 26 3 = THUNDER
SNOW, ICE PELLETS, HAIL 4 = ICE PELLETS
TOTAL MONTH: M 5 = HAIL
GRTST 24HR M ON M 6 = FREEZING RAIN OR DRIZZLE
GRTST DEPTH: M ON M 7 = DUSTSTORM OR SANDSTORM:
VSBY 1/2 MILE OR LESS
8 = SMOKE OR HAZE
[NO. OF DAYS WITH] [WEATHER - DAYS WITH] 9 = BLOWING SNOW
X = TORNADO
MAX 32 OR BELOW: 0 0.01 INCH OR MORE: 5
MAX 90 OR ABOVE: 0 0.10 INCH OR MORE: 3
MIN 32 OR BELOW: 1 0.50 INCH OR MORE: 1
MIN 0 OR BELOW: 0 1.00 INCH OR MORE: 0
[HDD (BASE 65) ]
TOTAL THIS MO. 296 CLEAR (SCALE 0-3) 22
DPTR FM NORMAL -65 PTCLDY (SCALE 4-7) 6
TOTAL FM JUL 1 392 CLOUDY (SCALE 8-10) 2
DPTR FM NORMAL -87
[CDD (BASE 65) ]
TOTAL THIS MO. 9
DPTR FM NORMAL -4 [PRESSURE DATA]
TOTAL FM JAN 1 2249 HIGHEST SLP M ON M
DPTR FM NORMAL 84 LOWEST SLP M ON M
[REMARKS]
#FINAL-11-21#