000
CXUS51 KGYX 010935
CF6GYX
PRELIMINARY LOCAL CLIMATOLOGICAL DATA (WS FORM: F-6)
STATION: GRAY ME
MONTH: OCTOBER
YEAR: 2022
LATITUDE: 43 53 N
LONGITUDE: 70 15 W
TEMPERATURE IN F: :PCPN: SNOW: WIND :SUNSHINE: SKY :PK WND
================================================================================
1 2 3 4 5 6A 6B 7 8 9 10 11 12 13 14 15 16 17 18
12Z AVG MX 2MIN
DY MAX MIN AVG DEP HDD CDD WTR SNW DPTH SPD SPD DIR MIN PSBL S-S WX SPD DR
================================================================================
1 62 44 53 -2 12 0 0.00 0.0 0 M M M M M M M M
2 54 39 47 -7 18 0 0.00 0.0 0 M M M M M M M M
3 57 35 46 -8 19 0 0.00 0.0 0 M M M M M M M M
4 61 38 50 -4 15 0 0.00 0.0 0 M M M M M M M M
5 59 46 53 0 12 0 0.44 0.0 0 M M M M M M M M
6 73 52 63 10 2 0 T 0.0 0 M M M M M M 1 M M
7 70 51 61 9 4 0 T 0.0 0 M M M M M M M M
8 57 41 49 -3 16 0 0.00 0.0 0 M M M M M M M M
9 58 35 47 -5 18 0 T 0.0 0 M M M M M M M M
10 48 37 43 -8 22 0 T 0.0 0 M M M M M M M M
11 58 36 47 -4 18 0 0.00 0.0 0 M M M M M M 1 M M
12 69 37 53 3 12 0 0.00 0.0 0 M M M M M M M M
13 62 47 55 5 10 0 0.55 0.0 0 M M M M M M 1 M M
14 62 59 61 11 4 0 2.94 0.0 0 M M M M M M 1 M M
15 66 48 57 7 8 0 0.00 0.0 0 M M M M M M 1 M M
16 63 42 53 4 12 0 0.00 0.0 0 M M M M M M 1 M M
17 55 40 48 -1 17 0 0.43 0.0 0 M M M M M M 1 M M
18 60 51 56 8 9 0 1.04 0.0 0 M M M M M M 13 M M
19 58 37 48 0 17 0 0.00 0.0 0 M M M M M M M M
20 55 34 45 -3 20 0 0.00 0.0 0 M M M M M M M M
21 58 37 48 0 17 0 0.00 0.0 0 M M M M M M M M
22 65 38 52 5 13 0 0.00 0.0 0 M M M M M M M M
23 63 41 52 5 13 0 0.02 0.0 0 M M M M M M M M
24 56 50 53 7 12 0 0.45 0.0 0 M M M M M M M M
25 63 55 59 13 6 0 0.26 0.0 0 M M M M M M 1 M M
26 62 59 61 15 4 0 0.74 0.0 0 M M M M M M 12 M M
27 65 42 54 8 11 0 0.00 0.0 0 M M M M M M M M
28 52 35 44 -1 21 0 0.00 0.0 0 M M M M M M 24 M
29 58 31 45 0 20 0 0.00 0.0 0 M M M M M M M M
30 64 34 49 5 16 0 0.00 0.0 0 M M M M M M M M
31 64 37 51 7 14 0 0.00 0.0 0 M M M M M M M M
================================================================================
SM 1877 1308 412 0 6.87 0.0 M M M
================================================================================
AV 60.5 42.2 M FASTST M M M MAX(MPH)
MISC ----> M M 24 9999
================================================================================
NOTES:
# LAST OF SEVERAL OCCURRENCES
COLUMN 17 PEAK WIND IN M.P.H.
PRELIMINARY LOCAL CLIMATOLOGICAL DATA (WS FORM: F-6) , PAGE 2
STATION: GRAY ME
MONTH: OCTOBER
YEAR: 2022
LATITUDE: 43 53 N
LONGITUDE: 70 15 W
[TEMPERATURE DATA] [PRECIPITATION DATA] SYMBOLS USED IN COLUMN 16
AVERAGE MONTHLY: 51.4 TOTAL FOR MONTH: 6.87 1 = FOG OR MIST
DPTR FM NORMAL: 2.2 DPTR FM NORMAL: 1.45 2 = FOG REDUCING VISIBILITY
HIGHEST: 73 ON 6 GRTST 24HR 2.94 ON 14-14 TO 1/4 MILE OR LESS
LOWEST: 31 ON 29 3 = THUNDER
SNOW, ICE PELLETS, HAIL 4 = ICE PELLETS
TOTAL MONTH: 0.0 INCH 5 = HAIL
GRTST 24HR 0.0 6 = FREEZING RAIN OR DRIZZLE
GRTST DEPTH: 0 7 = DUSTSTORM OR SANDSTORM:
VSBY 1/2 MILE OR LESS
8 = SMOKE OR HAZE
[NO. OF DAYS WITH] [WEATHER - DAYS WITH] 9 = BLOWING SNOW
X = TORNADO
MAX 32 OR BELOW: 0 0.01 INCH OR MORE: 9
MAX 90 OR ABOVE: 0 0.10 INCH OR MORE: 8
MIN 32 OR BELOW: 1 0.50 INCH OR MORE: 4
MIN 0 OR BELOW: 0 1.00 INCH OR MORE: 2
[HDD (BASE 65) ]
TOTAL THIS MO. 412 CLEAR (SCALE 0-3) 0
DPTR FM NORMAL -78 PTCLDY (SCALE 4-7) 0
TOTAL FM JUL 1 580 CLOUDY (SCALE 8-10) 31
DPTR FM NORMAL -104
[CDD (BASE 65) ]
TOTAL THIS MO. 0
DPTR FM NORMAL -2 [PRESSURE DATA]
TOTAL FM JAN 1 583 HIGHEST SLP M ON M
DPTR FM NORMAL 188 LOWEST SLP M ON M
[REMARKS]
#FINAL-10-22#