000
CXUS51 KGYX 020047
CF6GYX
PRELIMINARY LOCAL CLIMATOLOGICAL DATA (WS FORM: F-6)
STATION: GRAY ME
MONTH: SEPTEMBER
YEAR: 2020
LATITUDE: 43 53 N
LONGITUDE: 70 15 W
TEMPERATURE IN F: :PCPN: SNOW: WIND :SUNSHINE: SKY :PK WND
================================================================================
1 2 3 4 5 6A 6B 7 8 9 10 11 12 13 14 15 16 17 18
12Z AVG MX 2MIN
DY MAX MIN AVG DEP HDD CDD WTR SNW DPTH SPD SPD DIR MIN PSBL S-S WX SPD DR
================================================================================
1 71 52 62 -4 3 0 0.00 0.0 0 M M M M M M M M
2 68 54 61 -5 4 0 0.07 0.0 0 M M M M M M M M
3 74 60 67 2 0 2 T 0.0 0 M M M M M M M M
4 81 57 69 4 0 4 0.00 0.0 0 M M M M M M M M
5 75 54 65 1 0 0 0.00 0.0 0 M M M M M M M M
6 75 53 64 0 1 0 0.00 0.0 0 M M M M M M M M
7 75 54 65 1 0 0 0.00 0.0 0 M M M M M M M M
8 80 58 69 6 0 4 0.00 0.0 0 M M M M M M M M
9 74 63 69 6 0 4 T 0.0 0 M M M M M M M M
10 81 63 72 9 0 7 T 0.0 0 M M M M M M M M
11 69 51 60 -2 5 0 0.00 0.0 0 M M M M M M M M
12 67 45 56 -6 9 0 0.00 0.0 0 M M M M M M M M
13 68 47 58 -4 7 0 T 0.0 0 M M M M M M M M
14 71 47 59 -2 6 0 0.00 0.0 0 M M M M M M M M
15 62 44 53 -8 12 0 0.00 0.0 0 M M M M M M 8 M M
16 74 44 59 -1 6 0 0.00 0.0 0 M M M M M M 8 M M
17 73 54 64 4 1 0 0.01 0.0 0 M M M M M M M M
18 64 44 54 -5 11 0 0.07 0.0 0 M M M M M M M M
19 60 39 50 -9 15 0 0.00 0.0 0 M M M M M M M M
20 60 36 48 -11 17 0 0.00 0.0 0 M M M M M M M M
21 62 36 49 -9 16 0 0.00 0.0 0 M M M M M M M M
22 62 39 51 -7 14 0 0.00 0.0 0 M M M M M M M M
23 75 55 65 8 0 0 0.00 0.0 0 M M M M M M M M
24 79 56 68 11 0 3 0.00 0.0 0 M M M M M M M M
25 69 52 61 5 4 0 0.00 0.0 0 M M M M M M M M
26 67 51 59 3 6 0 0.00 0.0 0 M M M M M M M M
27 74 56 65 9 0 0 0.00 0.0 0 M M M M M M M M
28 70 62 66 11 0 1 0.09 0.0 0 M M M M M M M M
29 72 61 67 12 0 2 0.03 0.0 0 M M M M M M M M
30 71 54 63 9 2 0 0.88 0.0 0 M M M M M M M M
================================================================================
SM 2123 1541 139 27 1.15 0.0 M M M
================================================================================
AV 70.8 51.4 M FASTST M M 5 MAX(MPH)
MISC ----> M M M M
================================================================================
NOTES:
# LAST OF SEVERAL OCCURRENCES
COLUMN 17 PEAK WIND IN M.P.H.
PRELIMINARY LOCAL CLIMATOLOGICAL DATA (WS FORM: F-6) , PAGE 2
STATION: GRAY ME
MONTH: SEPTEMBER
YEAR: 2020
LATITUDE: 43 53 N
LONGITUDE: 70 15 W
[TEMPERATURE DATA] [PRECIPITATION DATA] SYMBOLS USED IN COLUMN 16
AVERAGE MONTHLY: 61.1 TOTAL FOR MONTH: 1.15 1 = FOG OR MIST
DPTR FM NORMAL: 0.7 DPTR FM NORMAL: -3.04 2 = FOG REDUCING VISIBILITY
HIGHEST: 81 ON 10, 4 GRTST 24HR 0.88 ON 30-30 TO 1/4 MILE OR LESS
LOWEST: 36 ON 21,20 3 = THUNDER
SNOW, ICE PELLETS, HAIL 4 = ICE PELLETS
TOTAL MONTH: 0.0 INCH 5 = HAIL
GRTST 24HR 0.0 6 = FREEZING RAIN OR DRIZZLE
GRTST DEPTH: 0 7 = DUSTSTORM OR SANDSTORM:
VSBY 1/2 MILE OR LESS
8 = SMOKE OR HAZE
[NO. OF DAYS WITH] [WEATHER - DAYS WITH] 9 = BLOWING SNOW
X = TORNADO
MAX 32 OR BELOW: 0 0.01 INCH OR MORE: 6
MAX 90 OR ABOVE: 0 0.10 INCH OR MORE: 1
MIN 32 OR BELOW: 0 0.50 INCH OR MORE: 1
MIN 0 OR BELOW: 0 1.00 INCH OR MORE: 0
[HDD (BASE 65) ]
TOTAL THIS MO. 139 CLEAR (SCALE 0-3) 0
DPTR FM NORMAL -29 PTCLDY (SCALE 4-7) 0
TOTAL FM JUL 1 179 CLOUDY (SCALE 8-10) 0
DPTR FM NORMAL -25
[CDD (BASE 65) ]
TOTAL THIS MO. 27
DPTR FM NORMAL -1 [PRESSURE DATA]
TOTAL FM JAN 1 548 HIGHEST SLP M ON M
DPTR FM NORMAL 161 LOWEST SLP M ON M
[REMARKS]
#FINAL-09-20#