000
CXUS51 KGYX 011042
CF6GYX
PRELIMINARY LOCAL CLIMATOLOGICAL DATA (WS FORM: F-6)
STATION: GRAY ME
MONTH: SEPTEMBER
YEAR: 2023
LATITUDE: 43 53 N
LONGITUDE: 70 15 W
TEMPERATURE IN F: :PCPN: SNOW: WIND :SUNSHINE: SKY :PK WND
================================================================================
1 2 3 4 5 6A 6B 7 8 9 10 11 12 13 14 15 16 17 18
12Z AVG MX 2MIN
DY MAX MIN AVG DEP HDD CDD WTR SNW DPTH SPD SPD DIR MIN PSBL S-S WX SPD DR
================================================================================
1 75 52 64 -2 1 0 0.00 0.0 0 M M M M M M M M
2 76 54 65 -1 0 0 0.00 0.0 0 M M M M M M M M
3 82 58 70 4 0 5 0.00 0.0 0 M M M M M M M M
4 83 62 73 8 0 8 0.00 0.0 0 M M M M M M M M
5 88 67 78 13 0 13 0.00 0.0 0 M M M M M M M M
6 86 69 78 13 0 13 0.01 0.0 0 M M M M M M 1 M M
7 87 67 77 13 0 12 0.00 0.0 0 M M M M M M M M
8 82 67 75 11 0 10 0.35 0.0 0 M M M M M M M M
9 84 65 75 11 0 10 0.00 0.0 0 M M M M M M M M
10 66 61 64 1 1 0 0.20 0.0 0 M M M M M M M M
11 74 65 70 7 0 5 0.62 0.0 0 M M M M M M M M
12 68 64 66 4 0 1 0.18 0.0 0 M M M M M M M M
13 72 64 68 6 0 3 0.09 0.0 0 M M M M M M M M
14 75 55 65 3 0 0 0.00 0.0 0 M M M M M M M M
15 66 52 59 -2 6 0 0.00 0.0 0 M M M M M M M M
16 69 58 64 3 1 0 0.01 0.0 0 M M M M M M 48 M
17 77 55 66 5 0 1 0.00 0.0 0 M M M M M M M M
18 62 56 59 -1 6 0 1.61 0.0 0 M M M M M M M M
19 71 55 63 3 2 0 0.66 0.0 0 M M M M M M M M
20 71 54 63 4 2 0 0.00 0.0 0 M M M M M M M M
21 71 53 62 3 3 0 0.00 0.0 0 M M M M M M M M
22 67 50 59 1 6 0 0.00 0.0 0 M M M M M M M M
23 61 48 55 -3 10 0 0.00 0.0 0 M M M M M M M M
24 65 52 59 1 6 0 0.00 0.0 0 M M M M M M M M
25 65 50 58 1 7 0 0.00 0.0 0 M M M M M M M M
26 64 46 55 -2 10 0 0.00 0.0 0 M M M M M M M M
27 67 46 57 1 8 0 0.00 0.0 0 M M M M M M M M
28 66 46 56 0 9 0 0.00 0.0 0 M M M M M M M M
29 64 47 56 0 9 0 T 0.0 0 M M M M M M 12 M M
30 64 52 58 3 7 0 0.00 0.0 0 M M M M M M M M
================================================================================
SM 2168 1690 94 81 3.73 0.0 M M M
================================================================================
AV 72.3 56.3 M FASTST M M M MAX(MPH)
MISC ----> M M 48 9999
================================================================================
NOTES:
# LAST OF SEVERAL OCCURRENCES
COLUMN 17 PEAK WIND IN M.P.H.
PRELIMINARY LOCAL CLIMATOLOGICAL DATA (WS FORM: F-6) , PAGE 2
STATION: GRAY ME
MONTH: SEPTEMBER
YEAR: 2023
LATITUDE: 43 53 N
LONGITUDE: 70 15 W
[TEMPERATURE DATA] [PRECIPITATION DATA] SYMBOLS USED IN COLUMN 16
AVERAGE MONTHLY: 64.3 TOTAL FOR MONTH: 3.73 1 = FOG OR MIST
DPTR FM NORMAL: 3.4 DPTR FM NORMAL: -0.59 2 = FOG REDUCING VISIBILITY
HIGHEST: 88 ON 5 GRTST 24HR 1.61 ON 18-18 TO 1/4 MILE OR LESS
LOWEST: 46 ON 28,27 3 = THUNDER
SNOW, ICE PELLETS, HAIL 4 = ICE PELLETS
TOTAL MONTH: 0.0 INCH 5 = HAIL
GRTST 24HR 0.0 6 = FREEZING RAIN OR DRIZZLE
GRTST DEPTH: 0 7 = DUSTSTORM OR SANDSTORM:
VSBY 1/2 MILE OR LESS
8 = SMOKE OR HAZE
[NO. OF DAYS WITH] [WEATHER - DAYS WITH] 9 = BLOWING SNOW
X = TORNADO
MAX 32 OR BELOW: 0 0.01 INCH OR MORE: 9
MAX 90 OR ABOVE: 0 0.10 INCH OR MORE: 6
MIN 32 OR BELOW: 0 0.50 INCH OR MORE: 3
MIN 0 OR BELOW: 0 1.00 INCH OR MORE: 1
[HDD (BASE 65) ]
TOTAL THIS MO. 94 CLEAR (SCALE 0-3) 0
DPTR FM NORMAL -64 PTCLDY (SCALE 4-7) 0
TOTAL FM JUL 1 106 CLOUDY (SCALE 8-10) 30
DPTR FM NORMAL -88
[CDD (BASE 65) ]
TOTAL THIS MO. 81
DPTR FM NORMAL 45 [PRESSURE DATA]
TOTAL FM JAN 1 428 HIGHEST SLP M ON M
DPTR FM NORMAL 35 LOWEST SLP M ON M
[REMARKS]
#FINAL-09-23#