000
CXUS53 KGID 110402 CCA
CF6HDE
PRELIMINARY LOCAL CLIMATOLOGICAL DATA (WS FORM: F-6)
STATION: HOLDREGE NE
MONTH: FEBRUARY
YEAR: 2022
LATITUDE: 40 27 N
LONGITUDE: 99 20 W
TEMPERATURE IN F: :PCPN: SNOW: WIND :SUNSHINE: SKY :PK WND
================================================================================
1 2 3 4 5 6A 6B 7 8 9 10 11 12 13 14 15 16 17 18
12Z AVG MX 2MIN
DY MAX MIN AVG DEP HDD CDD WTR SNW DPTH SPD SPD DIR MIN PSBL S-S WX SPD DR
================================================================================
1 36 20 28 M 37 0 0.00 M M 15.2 22 360 M M 2 31 360
2 19 8 14 M 51 0 0.00 M M 18.1 22 30 M M 10 30 30
3 22 -2 10 M 55 0 0.00 M M 5.2 14 30 M M 1 M M
4 42 8 25 M 40 0 0.00 M M 7.6 10 270 M M 0 16 250
5 58 19 39 M 26 0 0.00 M M 7.2 14 210 M M 1 17 250
6 45 28 37 M 28 0 0.00 M M 10.4 24 350 M M 3 38 350
7 59 26 43 M 22 0 0.00 M M 8.6 15 310 M M 1 18 300
8 58 29 44 M 21 0 0.00 M M 13.9 27 330 M M 1 35 330
9 56 27 42 M 23 0 T M M 10.3 16 360 M M 4 27 300
10 63 22 43 M 22 0 0.00 M M 10.9 21 250 M M 3 30 240
11 52 17 35 M 30 0 0.00 M M 17.0 29 340 M M 3 40 340
12 43 8 26 M 39 0 0.00 M M 7.2 13 300 M M 4 21 290
13 46 14 30 M 35 0 0.00 M M 8.5 18 210 M M 0 24 210
14 50 24 37 M 28 0 0.00 M M 7.7 13 150 M M 0 18 150
15 53 21 37 M 28 0 0.00 M M 6.8 13 180 M M 0 18 180
16 39 25 32 M 33 0 0.00 M M 20.5 31 10 M M 6 37 10
17 35 15 25 M 40 0 0.00 M M 12.7 24 10 M M 3 33 10
18 59 26 43 M 22 0 0.00 M M 12.6 20 290 M M 2 30 290
19 47 15 31 M 34 0 0.00 M M 12.6 23 170 M M 2 30 190
20 65 33 49 M 16 0 0.00 M M 9.2 16 200 M M 0 20 200
21 39 4 22 M 43 0 M M M 19.4 31 360 M M 6 8 39 360
22 13 -1 6 M 59 0 M M M 21.1 28 350 M M 8 37 340
23 15 -1 7 M 58 0 0.00 M M 11.2 18 350 M M 3 24 350
24 17 1 9 M 56 0 0.00 M M 7.2 13 60 M M 5 8 18 330
25 36 -3 17 M 48 0 0.00 M M 4.3 13 190 M M 0 18 230
26 49 15 32 M 33 0 0.00 M M 7.0 10 280 M M 1 17 280
27 60 15 38 M 27 0 0.00 M M 8.1 17 240 M M 0 23 240
28 67 27 47 M 18 0 0.00 M M 5.5 8 300 M M 0 M M
================================================================================
SM 1243 440 972 0 M M 306.0 M 69
================================================================================
AV 44.4 15.7 10.9 FASTST M M 2 MAX(MPH)
MISC ----> # 31 10 M M
================================================================================
NOTES:
# LAST OF SEVERAL OCCURRENCES
COLUMN 17 PEAK WIND IN M.P.H.
PRELIMINARY LOCAL CLIMATOLOGICAL DATA (WS FORM: F-6) , PAGE 2
STATION: HOLDREGE NE
MONTH: FEBRUARY
YEAR: 2022
LATITUDE: 40 27 N
LONGITUDE: 99 20 W
[TEMPERATURE DATA] [PRECIPITATION DATA] SYMBOLS USED IN COLUMN 16
AVERAGE MONTHLY: 30.1 TOTAL FOR MONTH: M 1 = FOG OR MIST
DPTR FM NORMAL: M DPTR FM NORMAL: M 2 = FOG REDUCING VISIBILITY
HIGHEST: 67 ON 28 GRTST 24HR M ON M TO 1/4 MILE OR LESS
LOWEST: -3 ON 25 3 = THUNDER
SNOW, ICE PELLETS, HAIL 4 = ICE PELLETS
TOTAL MONTH: M 5 = HAIL
GRTST 24HR M ON M 6 = FREEZING RAIN OR DRIZZLE
GRTST DEPTH: M ON M 7 = DUSTSTORM OR SANDSTORM:
VSBY 1/2 MILE OR LESS
8 = SMOKE OR HAZE
[NO. OF DAYS WITH] [WEATHER - DAYS WITH] 9 = BLOWING SNOW
X = TORNADO
MAX 32 OR BELOW: 5 0.01 INCH OR MORE: M
MAX 90 OR ABOVE: 0 0.10 INCH OR MORE: M
MIN 32 OR BELOW: 27 0.50 INCH OR MORE: M
MIN 0 OR BELOW: 4 1.00 INCH OR MORE: M
[HDD (BASE 65) ]
TOTAL THIS MO. 972 CLEAR (SCALE 0-3) 21
DPTR FM NORMAL M PTCLDY (SCALE 4-7) 6
TOTAL FM JUL 1 3919 CLOUDY (SCALE 8-10) 1
DPTR FM NORMAL M
[CDD (BASE 65) ]
TOTAL THIS MO. 0
DPTR FM NORMAL M [PRESSURE DATA]
TOTAL FM JAN 1 0 HIGHEST SLP M ON M
DPTR FM NORMAL M LOWEST SLP M ON M
[REMARKS]
#FINAL-02-22#