000
CXUS54 KEWX 011110
CF6HDO
PRELIMINARY LOCAL CLIMATOLOGICAL DATA (WS FORM: F-6)
STATION: HONDO
MONTH: DECEMBER
YEAR: 2021
LATITUDE: 29 21 N
LONGITUDE: 99 10 W
TEMPERATURE IN F: :PCPN: SNOW: WIND :SUNSHINE: SKY :PK WND
================================================================================
1 2 3 4 5 6A 6B 7 8 9 10 11 12 13 14 15 16 17 18
12Z AVG MX 2MIN
DY MAX MIN AVG DEP HDD CDD WTR SNW DPTH SPD SPD DIR MIN PSBL S-S WX SPD DR
================================================================================
1 77 49 63 7 2 0 0.00 M M 4.2 12 250 M M 3 12 15 250
2 81 51 66 10 0 1 0.00 M M 5.6 14 150 M M 3 12 18 160
3 83 59 71 16 0 6 T M M 4.9 13 120 M M 4 12 16 130
4 79 60 70 15 0 5 0.00 M M 4.8 12 140 M M 5 12 16 130
5 76 65 71 16 0 6 0.02 M M 5.0 14 160 M M 7 1 17 160
6 68 50 59 5 6 0 T M M 11.0 26 10 M M 2 12 36 20
7 71 42 57 3 8 0 0.00 M M 4.8 13 200 M M 0 16 200
8 81 42 62 8 3 0 0.00 M M 4.7 12 170 M M 0 15 200
9 81 54 68 14 0 3 0.00 M M 3.2 10 220 M M 5 12 15 210
10 85 60 73 19 0 8 0.00 M M 5.9 14 170 M M 5 128 20 210
11 71 36 54 1 11 0 0.00 M M 14.4 38 10 M M 3 50 30
12 63 30 47 -6 18 0 0.00 M M 5.3 12 90 M M 0 15 80
13 67 38 53 0 12 0 0.00 M M 3.9 9 110 M M 8 14 120
14 78 60 69 16 0 4 0.00 M M 6.1 16 170 M M 8 12 21 180
15 85 68 77 24 0 12 0.00 M M 12.5 22 190 M M 8 31 170
16 79 69 74 22 0 9 0.00 M M 8.5 18 150 M M 9 8 24 130
17 80 69 75 23 0 10 0.00 M M 12.4 22 170 M M 8 28 170
18 75 47 61 9 4 0 0.31 M M 11.5 33 10 M M 6 13 43 10
19 49 41 45 -7 20 0 0.10 M M 7.7 18 20 M M 10 25 40
20 63 40 52 0 13 0 0.00 M M 3.8 8 110 M M 4 14 200
21 69 35 52 0 13 0 0.00 M M 5.4 13 230 M M 0 1 17 230
22 78 40 59 7 6 0 0.00 M M 5.1 12 170 M M 0 17 170
23 77 44 61 9 4 0 0.00 M M 5.8 13 130 M M 4 12 17 180
24 77 52 65 13 0 0 0.00 M M 4.8 13 140 M M 5 12 17 130
25 81 53 67 16 0 2 0.00 M M 3.9 10 360 M M 4 12 11 130
26 77 55 66 15 0 1 0.00 M M 5.0 12 360 M M 5 128 13 360
27 71 56 64 13 1 0 0.00 M M 6.5 10 160 M M 6 128 14 140
28 72 54 63 12 2 0 0.00 M M 4.8 12 160 M M 6 128 13 170
29 83 55 69 18 0 4 0.00 M M 4.5 9 40 M M 6 128 11 40
30 85 55 70 19 0 5 0.00 M M 4.6 12 180 M M 1 1 16 220
31 84 60 72 21 0 7 0.00 M M 7.6 16 160 M M 5 12 22 130
================================================================================
SM 2346 1589 123 83 0.43 M 198.2 M 140
================================================================================
AV 75.7 51.3 6.4 FASTST M M 5 MAX(MPH)
MISC ----> 38 10 50 30
================================================================================
NOTES:
# LAST OF SEVERAL OCCURRENCES
COLUMN 17 PEAK WIND IN M.P.H.
PRELIMINARY LOCAL CLIMATOLOGICAL DATA (WS FORM: F-6) , PAGE 2
STATION: HONDO
MONTH: DECEMBER
YEAR: 2021
LATITUDE: 29 21 N
LONGITUDE: 99 10 W
[TEMPERATURE DATA] [PRECIPITATION DATA] SYMBOLS USED IN COLUMN 16
AVERAGE MONTHLY: 63.5 TOTAL FOR MONTH: 0.43 1 = FOG OR MIST
DPTR FM NORMAL: 10.6 DPTR FM NORMAL: -0.75 2 = FOG REDUCING VISIBILITY
HIGHEST: 85 ON 30,15 GRTST 24HR 0.37 ON 18-19 TO 1/4 MILE OR LESS
LOWEST: 30 ON 12 3 = THUNDER
SNOW, ICE PELLETS, HAIL 4 = ICE PELLETS
TOTAL MONTH: M 5 = HAIL
GRTST 24HR M ON M 6 = FREEZING RAIN OR DRIZZLE
GRTST DEPTH: M ON M 7 = DUSTSTORM OR SANDSTORM:
VSBY 1/2 MILE OR LESS
8 = SMOKE OR HAZE
[NO. OF DAYS WITH] [WEATHER - DAYS WITH] 9 = BLOWING SNOW
X = TORNADO
MAX 32 OR BELOW: 0 0.01 INCH OR MORE: 3
MAX 90 OR ABOVE: 0 0.10 INCH OR MORE: 2
MIN 32 OR BELOW: 1 0.50 INCH OR MORE: 0
MIN 0 OR BELOW: 0 1.00 INCH OR MORE: 0
[HDD (BASE 65) ]
TOTAL THIS MO. 123 CLEAR (SCALE 0-3) 9
DPTR FM NORMAL -264 PTCLDY (SCALE 4-7) 17
TOTAL FM JUL 1 274 CLOUDY (SCALE 8-10) 5
DPTR FM NORMAL -334
[CDD (BASE 65) ]
TOTAL THIS MO. 83
DPTR FM NORMAL 72 [PRESSURE DATA]
TOTAL FM JAN 1 3141 HIGHEST SLP 30.36 ON 19
DPTR FM NORMAL -6 LOWEST SLP 29.59 ON 31
[REMARKS]
#FINAL-12-21#