000
CXUS54 KEWX 011010
CF6HDO
PRELIMINARY LOCAL CLIMATOLOGICAL DATA (WS FORM: F-6)
STATION: HONDO
MONTH: MARCH
YEAR: 2021
LATITUDE: 29 21 N
LONGITUDE: 99 10 W
TEMPERATURE IN F: :PCPN: SNOW: WIND :SUNSHINE: SKY :PK WND
================================================================================
1 2 3 4 5 6A 6B 7 8 9 10 11 12 13 14 15 16 17 18
12Z AVG MX 2MIN
DY MAX MIN AVG DEP HDD CDD WTR SNW DPTH SPD SPD DIR MIN PSBL S-S WX SPD DR
================================================================================
1 64 50 57 -1 8 0 T M M 16.9 32 30 M M 10 42 30
2 69 37 53 -5 12 0 0.00 M M 7.0 18 20 M M 1 24 30
3 73 34 54 -4 11 0 0.00 M M 6.1 13 200 M M 0 22 190
4 77 41 59 0 6 0 0.00 M M 10.1 21 160 M M 2 33 160
5 82 55 69 10 0 4 0.00 M M 10.4 26 10 M M 3 18 36 320
6 72 44 58 -1 7 0 0.00 M M 9.4 23 20 M M 2 30 20
7 71 39 55 -5 10 0 0.00 M M 8.9 17 140 M M 4 24 140
8 74 53 64 4 1 0 0.00 M M 11.4 21 150 M M 9 28 150
9 79 57 68 8 0 3 0.00 M M 13.7 24 150 M M 7 1 33 150
10 84 63 74 14 0 9 0.00 M M 15.8 28 130 M M 5 37 140
11 83 64 74 14 0 9 0.00 M M 14.5 28 160 M M 8 37 170
12 82 69 76 15 0 11 0.00 M M 16.0 25 130 M M 9 32 120
13 81 67 74 13 0 9 T M M 17.5 30 140 M M 9 1 40 140
14 81 45 63 2 2 0 0.03 M M 11.8 28 350 M M 5 1 35 350
15 85 40 63 2 2 0 0.00 M M 8.0 15 200 M M 0 20 170
16 85 66 76 14 0 11 0.00 M M 9.6 20 130 M M 8 18 25 150
17 82 58 70 8 0 5 T M M 19.5 37 360 M M 6 18 49 360
18 77 46 62 0 3 0 0.00 M M 12.8 29 30 M M 0 38 30
19 76 38 57 -5 8 0 0.00 M M 8.2 16 10 M M 0 23 50
20 73 37 55 -7 10 0 0.00 M M 7.4 14 120 M M 0 20 120
21 77 38 58 -5 7 0 0.00 M M 10.3 25 140 M M 1 33 130
22 78 59 69 6 0 4 0.00 M M 13.1 25 150 M M 8 34 150
23 83 42 63 0 2 0 0.03 M M 4.6 25 330 M M 3 1238 33 340
24 83 47 65 2 0 0 T M M 11.0 21 80 M M 5 18 29 90
25 79 50 65 1 0 0 0.10 M M 9.1 28 10 M M 2 1 37 10
26 87 44 66 2 0 1 0.00 M M 8.7 20 150 M M 0 27 150
27 89 66 78 14 0 13 0.00 M M 8.0 17 140 M M 5 25 140
28 79 53 66 2 0 1 0.01 M M 17.6 33 50 M M 4 3 49 40
29 78 43 61 -4 4 0 T M M 8.7 16 150 M M 5 25 130
30 81 60 71 6 0 6 0.01 M M 6.1 15 170 M M 7 1 19 170
31 77 61 69 4 0 4 0.00 M M 15.0 28 20 M M 8 1 35 30
================================================================================
SM 2441 1566 93 90 0.18 M 347.2 M 136
================================================================================
AV 78.7 50.5 11.2 FASTST M M 4 MAX(MPH)
MISC ----> 37 360 # 49 360
================================================================================
NOTES:
# LAST OF SEVERAL OCCURRENCES
COLUMN 17 PEAK WIND IN M.P.H.
PRELIMINARY LOCAL CLIMATOLOGICAL DATA (WS FORM: F-6) , PAGE 2
STATION: HONDO
MONTH: MARCH
YEAR: 2021
LATITUDE: 29 21 N
LONGITUDE: 99 10 W
[TEMPERATURE DATA] [PRECIPITATION DATA] SYMBOLS USED IN COLUMN 16
AVERAGE MONTHLY: 64.6 TOTAL FOR MONTH: 0.18 1 = FOG OR MIST
DPTR FM NORMAL: 3.0 DPTR FM NORMAL: -1.95 2 = FOG REDUCING VISIBILITY
HIGHEST: 89 ON 27 GRTST 24HR 0.10 ON 25-25 TO 1/4 MILE OR LESS
LOWEST: 34 ON 3 3 = THUNDER
SNOW, ICE PELLETS, HAIL 4 = ICE PELLETS
TOTAL MONTH: M 5 = HAIL
GRTST 24HR M ON M 6 = FREEZING RAIN OR DRIZZLE
GRTST DEPTH: M ON M 7 = DUSTSTORM OR SANDSTORM:
VSBY 1/2 MILE OR LESS
8 = SMOKE OR HAZE
[NO. OF DAYS WITH] [WEATHER - DAYS WITH] 9 = BLOWING SNOW
X = TORNADO
MAX 32 OR BELOW: 0 0.01 INCH OR MORE: 5
MAX 90 OR ABOVE: 0 0.10 INCH OR MORE: 1
MIN 32 OR BELOW: 0 0.50 INCH OR MORE: 0
MIN 0 OR BELOW: 0 1.00 INCH OR MORE: 0
[HDD (BASE 65) ]
TOTAL THIS MO. 93 CLEAR (SCALE 0-3) 12
DPTR FM NORMAL -73 PTCLDY (SCALE 4-7) 13
TOTAL FM JUL 1 1392 CLOUDY (SCALE 8-10) 6
DPTR FM NORMAL -149
[CDD (BASE 65) ]
TOTAL THIS MO. 90
DPTR FM NORMAL 31 [PRESSURE DATA]
TOTAL FM JAN 1 109 HIGHEST SLP 30.39 ON 8
DPTR FM NORMAL 31 LOWEST SLP 29.51 ON 25
[REMARKS]
#FINAL-03-21#