000
CXUS53 KBIS 010830
CF6HEI
PRELIMINARY LOCAL CLIMATOLOGICAL DATA (WS FORM: F-6)
STATION: HETTINGER ND
MONTH: SEPTEMBER
YEAR: 2022
LATITUDE: 46 0 N
LONGITUDE: 102 39 W
TEMPERATURE IN F: :PCPN: SNOW: WIND :SUNSHINE: SKY :PK WND
================================================================================
1 2 3 4 5 6A 6B 7 8 9 10 11 12 13 14 15 16 17 18
12Z AVG MX 2MIN
DY MAX MIN AVG DEP HDD CDD WTR SNW DPTH SPD SPD DIR MIN PSBL S-S WX SPD DR
================================================================================
1 101 49 75 11 0 10 0.00 M M 6.3 18 260 M M 0 26 260
2 84 51 68 5 0 3 0.00 M M 7.7 16 10 M M 0 24 10
3 90 46 68 5 0 3 0.00 M M 11.8 21 130 M M 0 31 120
4 98 54 76 13 0 11 0.00 M M 11.9 25 160 M M 0 36 150
5 100 47 74 12 0 9 0.00 M M 5.3 20 270 M M 0 8 26 270
6 88 49 69 7 0 4 0.00 M M 9.7 18 50 M M 0 8 25 30
7 100 59 80 18 0 15 0.00 M M 9.0 20 240 M M 1 8 26 230
8 81 50 66 5 0 1 0.08 M M 10.1 28 350 M M 2 1 39 350
9 68 39 54 -7 11 0 0.00 M M 7.3 16 290 M M 6 23 280
10 72 33 53 -7 12 0 0.00 M M 4.9 18 280 M M 1 24 290
11 81 32 57 -3 8 0 0.00 M M 3.7 15 190 M M 0 22 190
12 90 37 64 4 1 0 0.00 M M 6.1 18 270 M M 0 8 27 250
13 77 47 62 3 3 0 0.00 M M 12.2 20 80 M M 0 27 110
14 86 53 70 11 0 5 0.00 M M 10.5 20 310 M M 1 27 320
15 62 54 58 0 7 0 0.01 M M 11.5 20 290 M M 9 18 27 290
16 71 53 62 4 3 0 0.10 M M 5.9 13 90 M M 7 18 19 80
17 75 48 62 4 3 0 0.69 M M 3.1 10 270 M M 6 18 17 270
18 82 46 64 7 1 0 0.00 M M 4.7 12 120 M M 0 16 120
19 91 54 73 16 0 8 0.00 M M 7.4 17 340 M M 0 3 24 330
20 71 47 59 3 6 0 0.00 M M 13.1 22 340 M M 0 30 350
21 65 38 52 -4 13 0 0.00 M M 8.4 20 330 M M 0 27 350
22 61 37 49 -6 16 0 0.17 M M 14.3 29 140 M M 4 13 41 140
23 67 43 55 0 10 0 0.01 M M 9.6 24 310 M M 4 31 290
24 73 41 57 3 8 0 0.00 M M 10.8 29 310 M M 3 39 320
25 72 34 53 -1 12 0 0.00 M M 7.9 24 330 M M 1 31 340
26 81 33 57 4 8 0 0.00 M M 6.6 23 330 M M 0 31 330
27 74 37 56 3 9 0 0.00 M M 8.6 18 110 M M 0 28 120
28 85 46 66 14 0 1 0.00 M M 11.0 20 130 M M 0 28 160
29 87 39 63 11 2 0 0.00 M M 4.2 14 60 M M 0 16 50
30 78 46 62 11 3 0 0.00 M M 10.0 20 70 M M 1 26 50
================================================================================
SM 2411 1342 136 70 1.06 M 253.6 M 46
================================================================================
AV 80.4 44.7 8.5 FASTST M M 2 MAX(MPH)
MISC ----> # 29 140 41 140
================================================================================
NOTES:
# LAST OF SEVERAL OCCURRENCES
COLUMN 17 PEAK WIND IN M.P.H.
PRELIMINARY LOCAL CLIMATOLOGICAL DATA (WS FORM: F-6) , PAGE 2
STATION: HETTINGER ND
MONTH: SEPTEMBER
YEAR: 2022
LATITUDE: 46 0 N
LONGITUDE: 102 39 W
[TEMPERATURE DATA] [PRECIPITATION DATA] SYMBOLS USED IN COLUMN 16
AVERAGE MONTHLY: 62.6 TOTAL FOR MONTH: 1.06 1 = FOG OR MIST
DPTR FM NORMAL: 4.7 DPTR FM NORMAL: -0.17 2 = FOG REDUCING VISIBILITY
HIGHEST: 101 ON 1 GRTST 24HR 0.79 ON 16-17 TO 1/4 MILE OR LESS
LOWEST: 32 ON 11 3 = THUNDER
SNOW, ICE PELLETS, HAIL 4 = ICE PELLETS
TOTAL MONTH: M 5 = HAIL
GRTST 24HR M ON M 6 = FREEZING RAIN OR DRIZZLE
GRTST DEPTH: M ON M 7 = DUSTSTORM OR SANDSTORM:
VSBY 1/2 MILE OR LESS
8 = SMOKE OR HAZE
[NO. OF DAYS WITH] [WEATHER - DAYS WITH] 9 = BLOWING SNOW
X = TORNADO
MAX 32 OR BELOW: 0 0.01 INCH OR MORE: 6
MAX 90 OR ABOVE: 7 0.10 INCH OR MORE: 3
MIN 32 OR BELOW: 1 0.50 INCH OR MORE: 1
MIN 0 OR BELOW: 0 1.00 INCH OR MORE: 0
[HDD (BASE 65) ]
TOTAL THIS MO. 136 CLEAR (SCALE 0-3) 23
DPTR FM NORMAL -109 PTCLDY (SCALE 4-7) 6
TOTAL FM JUL 1 155 CLOUDY (SCALE 8-10) 1
DPTR FM NORMAL -174
[CDD (BASE 65) ]
TOTAL THIS MO. 70
DPTR FM NORMAL 38 [PRESSURE DATA]
TOTAL FM JAN 1 549 HIGHEST SLP M ON M
DPTR FM NORMAL 164 LOWEST SLP 29.64 ON 8
[REMARKS]
#FINAL-09-22#