000
CXUS53 KBIS 010830
CF6HEI
PRELIMINARY LOCAL CLIMATOLOGICAL DATA (WS FORM: F-6)
STATION: HETTINGER ND
MONTH: JULY
YEAR: 2022
LATITUDE: 46 0 N
LONGITUDE: 102 39 W
TEMPERATURE IN F: :PCPN: SNOW: WIND :SUNSHINE: SKY :PK WND
================================================================================
1 2 3 4 5 6A 6B 7 8 9 10 11 12 13 14 15 16 17 18
12Z AVG MX 2MIN
DY MAX MIN AVG DEP HDD CDD WTR SNW DPTH SPD SPD DIR MIN PSBL S-S WX SPD DR
================================================================================
1 84 44 64 -2 1 0 0.00 M M 4.6 12 80 M M 1 16 80
2 85 51 68 1 0 3 0.00 M M 10.6 36 330 M M 1 3 51 330
3 87 60 74 7 0 9 0.36 M M 11.3 31 290 M M 4 13 42 290
4 84 61 73 6 0 8 0.00 M M 8.1 22 320 M M 3 18 29 310
5 83 61 72 4 0 7 0.23 M M 10.2 28 70 M M 3 13 37 70
6 80 62 71 3 0 6 0.00 M M 7.3 13 110 M M 3 3 19 80
7 81 63 72 4 0 7 1.58 M M 9.6 24 260 M M 4 13 35 270
8 83 64 74 6 0 9 0.00 M M 10.4 16 140 M M 5 1 24 170
9 89 65 77 9 0 12 0.00 M M 10.0 25 100 M M 3 33 100
10 85 62 74 5 0 9 0.11 M M 13.4 30 350 M M 1 40 350
11 79 54 67 -2 0 2 0.00 M M 10.4 24 320 M M 1 33 330
12 85 51 68 -1 0 3 0.00 M M 8.0 15 330 M M 0 21 310
13 85 50 68 -1 0 3 0.00 M M 11.2 21 120 M M 0 28 110
14 90 66 78 9 0 13 0.02 M M 6.7 23 110 M M 0 3 30 110
15 92 61 77 7 0 12 0.00 M M 8.0 17 120 M M 0 1 24 110
16 92 66 79 9 0 14 0.00 M M 3.5 15 190 M M 0 20 190
17 98 61 80 10 0 15 0.00 M M 6.7 16 160 M M 0 25 170
18 95 66 81 11 0 16 0.00 M M 6.4 26 310 M M 0 37 300
19 81 53 67 -3 0 2 0.00 M M 20.3 44 290 M M 2 62 300
20 89 51 70 0 0 5 0.00 M M 10.0 26 320 M M 0 37 320
21 93 51 72 2 0 7 0.00 M M 7.0 18 40 M M 0 27 330
22 98 50 74 4 0 9 0.00 M M 6.2 20 130 M M 0 3 26 120
23 82 52 67 -3 0 2 0.00 M M 11.0 23 360 M M 1 3 32 10
24 85 46 66 -4 0 1 0.00 M M 6.4 15 80 M M 1 20 90
25 83 57 70 0 0 5 0.14 M M 6.5 18 340 M M 3 13 26 340
26 79 54 67 -3 0 2 0.00 M M 9.7 21 310 M M 3 1 28 320
27 77 46 62 -8 3 0 0.00 M M 6.5 18 350 M M 4 25 360
28 81 41 61 -9 4 0 0.00 M M 6.5 17 310 M M 0 29 320
29 89 49 69 -1 0 4 0.00 M M 6.0 16 120 M M 0 22 120
30 96 53 75 5 0 10 0.00 M M 4.0 15 320 M M 1 25 330
31 85 57 71 1 0 6 0.00 M M 9.7 23 330 M M 1 31 320
================================================================================
SM 2675 1728 8 201 2.44 M 266.2 M 45
================================================================================
AV 86.3 55.7 8.6 FASTST M M 1 MAX(MPH)
MISC ----> 44 290 62 300
================================================================================
NOTES:
# LAST OF SEVERAL OCCURRENCES
COLUMN 17 PEAK WIND IN M.P.H.
PRELIMINARY LOCAL CLIMATOLOGICAL DATA (WS FORM: F-6) , PAGE 2
STATION: HETTINGER ND
MONTH: JULY
YEAR: 2022
LATITUDE: 46 0 N
LONGITUDE: 102 39 W
[TEMPERATURE DATA] [PRECIPITATION DATA] SYMBOLS USED IN COLUMN 16
AVERAGE MONTHLY: 71.0 TOTAL FOR MONTH: 2.44 1 = FOG OR MIST
DPTR FM NORMAL: 1.8 DPTR FM NORMAL: 0.05 2 = FOG REDUCING VISIBILITY
HIGHEST: 98 ON 22,17 GRTST 24HR 1.58 ON 7- 7 TO 1/4 MILE OR LESS
LOWEST: 41 ON 28 3 = THUNDER
SNOW, ICE PELLETS, HAIL 4 = ICE PELLETS
TOTAL MONTH: M 5 = HAIL
GRTST 24HR M ON M 6 = FREEZING RAIN OR DRIZZLE
GRTST DEPTH: M ON M 7 = DUSTSTORM OR SANDSTORM:
VSBY 1/2 MILE OR LESS
8 = SMOKE OR HAZE
[NO. OF DAYS WITH] [WEATHER - DAYS WITH] 9 = BLOWING SNOW
X = TORNADO
MAX 32 OR BELOW: 0 0.01 INCH OR MORE: 6
MAX 90 OR ABOVE: 8 0.10 INCH OR MORE: 5
MIN 32 OR BELOW: 0 0.50 INCH OR MORE: 1
MIN 0 OR BELOW: 0 1.00 INCH OR MORE: 1
[HDD (BASE 65) ]
TOTAL THIS MO. 8 CLEAR (SCALE 0-3) 26
DPTR FM NORMAL -22 PTCLDY (SCALE 4-7) 5
TOTAL FM JUL 1 8 CLOUDY (SCALE 8-10) 0
DPTR FM NORMAL -27
[CDD (BASE 65) ]
TOTAL THIS MO. 201
DPTR FM NORMAL 41 [PRESSURE DATA]
TOTAL FM JAN 1 247 HIGHEST SLP M ON M
DPTR FM NORMAL 33 LOWEST SLP 29.51 ON 18
[REMARKS]
#FINAL-07-22#