000
CXUS53 KBIS 010830
CF6HEI
PRELIMINARY LOCAL CLIMATOLOGICAL DATA (WS FORM: F-6)
STATION: HETTINGER ND
MONTH: APRIL
YEAR: 2020
LATITUDE: 46 0 N
LONGITUDE: 102 39 W
TEMPERATURE IN F: :PCPN: SNOW: WIND :SUNSHINE: SKY :PK WND
================================================================================
1 2 3 4 5 6A 6B 7 8 9 10 11 12 13 14 15 16 17 18
12Z AVG MX 2MIN
DY MAX MIN AVG DEP HDD CDD WTR SNW DPTH SPD SPD DIR MIN PSBL S-S WX SPD DR
================================================================================
1 36 13 25 -11 40 0 T M M 18.2 26 330 M M 10 12 38 330
2 14 8 11 -25 54 0 M M M 18.7 30 330 M M 10 128 38 330
3 23 -7 8 -29 57 0 T M M 7.3 15 130 M M 1 20 140
4 47 12 30 -7 35 0 0.00 M M 7.4 17 150 M M 1 24 150
5 53 21 37 -1 28 0 0.00 M M 10.4 24 90 M M 1 1 32 90
6 69 22 46 8 19 0 0.00 M M 5.9 18 300 M M 2 12 23 280
7 64 24 44 5 21 0 0.00 M M 12.2 30 270 M M 1 39 270
8 47 23 35 -4 30 0 T M M 20.0 39 300 M M 5 48 300
9 39 21 30 -9 35 0 0.00 M M 11.9 28 330 M M 1 39 300
10 60 20 40 0 25 0 0.00 M M 7.1 21 350 M M 3 26 340
11 41 25 33 -7 32 0 M M M 15.0 25 40 M M 10 1 37 50
12 29 17 23 -18 42 0 T M M 15.1 36 290 M M 6 1 47 290
13 25 6 16 -25 49 0 T M M 15.4 32 280 M M 6 18 41 280
14 35 9 22 -19 43 0 M M M 9.4 20 320 M M 5 128 29 280
15 42 11 27 -15 38 0 T M M 7.2 20 20 M M 4 1 27 350
16 41 10 26 -16 39 0 0.00 M M 7.5 21 300 M M 2 28 310
17 57 14 36 -6 29 0 0.00 M M 10.7 26 250 M M 0 37 250
18 56 29 43 0 22 0 0.00 M M 12.3 22 340 M M 6 30 300
19 55 15 35 -8 30 0 0.00 M M 9.0 23 300 M M 2 36 230
20 63 29 46 2 19 0 0.00 M M 15.4 38 320 M M 5 54 300
21 73 29 51 7 14 0 0.00 M M 10.4 29 270 M M 3 38 270
22 72 34 53 9 12 0 0.00 M M 10.4 24 280 M M 2 33 240
23 56 32 44 -1 21 0 0.06 M M 6.2 22 310 M M 6 13 30 310
24 63 33 48 3 17 0 0.04 M M 8.7 29 300 M M 4 13 37 290
25 63 31 47 1 18 0 0.00 M M 10.6 23 310 M M 2 31 340
26 69 31 50 4 15 0 0.00 M M 10.0 24 290 M M 3 32 290
27 75 28 52 6 13 0 0.02 M M 5.0 29 280 M M 4 37 290
28 62 39 51 5 14 0 T M M 22.8 48 310 M M 4 60 310
29 68 27 48 1 17 0 0.00 M M 6.3 21 330 M M 1 28 340
30 81 46 64 17 1 0 0.00 M M 10.4 17 160 M M 1 27 180
================================================================================
SM 1578 652 829 0 0.12 M 336.9 M 111
================================================================================
AV 52.6 21.7 11.2 FASTST M M 4 MAX(MPH)
MISC ----> # 48 310 # 60 310
================================================================================
NOTES:
# LAST OF SEVERAL OCCURRENCES
COLUMN 17 PEAK WIND IN M.P.H.
PRELIMINARY LOCAL CLIMATOLOGICAL DATA (WS FORM: F-6) , PAGE 2
STATION: HETTINGER ND
MONTH: APRIL
YEAR: 2020
LATITUDE: 46 0 N
LONGITUDE: 102 39 W
[TEMPERATURE DATA] [PRECIPITATION DATA] SYMBOLS USED IN COLUMN 16
AVERAGE MONTHLY: 37.2 TOTAL FOR MONTH: 0.12 1 = FOG OR MIST
DPTR FM NORMAL: -4.7 DPTR FM NORMAL: -1.35 2 = FOG REDUCING VISIBILITY
HIGHEST: 81 ON 30 GRTST 24HR 0.06 ON 23-23 TO 1/4 MILE OR LESS
LOWEST: -7 ON 3 3 = THUNDER
SNOW, ICE PELLETS, HAIL 4 = ICE PELLETS
TOTAL MONTH: M 5 = HAIL
GRTST 24HR M ON M 6 = FREEZING RAIN OR DRIZZLE
GRTST DEPTH: M ON M 7 = DUSTSTORM OR SANDSTORM:
VSBY 1/2 MILE OR LESS
8 = SMOKE OR HAZE
[NO. OF DAYS WITH] [WEATHER - DAYS WITH] 9 = BLOWING SNOW
X = TORNADO
MAX 32 OR BELOW: 4 0.01 INCH OR MORE: 3
MAX 90 OR ABOVE: 0 0.10 INCH OR MORE: 0
MIN 32 OR BELOW: 26 0.50 INCH OR MORE: 0
MIN 0 OR BELOW: 1 1.00 INCH OR MORE: 0
[HDD (BASE 65) ]
TOTAL THIS MO. 829 CLEAR (SCALE 0-3) 16
DPTR FM NORMAL 134 PTCLDY (SCALE 4-7) 11
TOTAL FM JUL 1 8141 CLOUDY (SCALE 8-10) 3
DPTR FM NORMAL 37
[CDD (BASE 65) ]
TOTAL THIS MO. 0
DPTR FM NORMAL 0 [PRESSURE DATA]
TOTAL FM JAN 1 0 HIGHEST SLP 30.40 ON 3
DPTR FM NORMAL 0 LOWEST SLP 29.58 ON 17
[REMARKS]
#FINAL-04-20#