000
CXUS54 KJAN 011414
CF6HEZ
PRELIMINARY LOCAL CLIMATOLOGICAL DATA (WS FORM: F-6)
STATION: NATCHEZ
MONTH: JUNE
YEAR: 2020
LATITUDE: 31 37 N
LONGITUDE: 91 15 W
TEMPERATURE IN F: :PCPN: SNOW: WIND :SUNSHINE: SKY :PK WND
================================================================================
1 2 3 4 5 6A 6B 7 8 9 10 11 12 13 14 15 16 17 18
12Z AVG MX 2MIN
DY MAX MIN AVG DEP HDD CDD WTR SNW DPTH SPD SPD DIR MIN PSBL S-S WX SPD DR
================================================================================
1 86 63 75 M 0 10 T 0.0 0 3.1 8 100 M M 0 M M
2 90 69 80 M 0 15 0.00 0.0 0 2.3 7 140 M M 0 M M
3 M M M M M M T M 0 3.5 13 140 M M 0 3 M M
4 89 70 80 M 0 15 0.00 0.0 0 4.9 10 270 M M 3 1 M M
5 91 70 81 M 0 16 0.01 0.0 0 4.3 16 340 M M 2 3 21 340
6 88 66 77 M 0 12 0.04 0.0 0 6.2 14 20 M M 1 8 M M
7 81 73 77 M 0 12 0.31 0.0 0 10.3 14 20 M M 8 1 23 20
8 81 73 77 M 0 12 3.28 0.0 0 10.0 16 200 M M 9 138 27 200
9 92 76 84 M 0 19 0.00 0.0 0 9.6 14 200 M M 5 21 210
10 85 65 75 M 0 10 0.14 0.0 0 6.8 13 310 M M 3 13 17 290
11 82 61 72 M 0 7 0.00 0.0 0 5.3 13 10 M M 0 8 21 10
12 85 58 72 M 0 7 0.00 0.0 0 5.6 14 30 M M 0 25 60
13 86 59 73 M 0 8 0.00 0.0 0 4.5 12 10 M M 0 1 M M
14 89 66 78 M 0 13 0.04 0.0 0 4.3 12 150 M M 2 3 17 10
15 89 66 78 M 0 13 0.00 0.0 0 2.3 9 20 M M 1 M M
16 85 65 75 M 0 10 0.00 0.0 0 5.1 10 340 M M 1 8 M M
17 84 59 72 M 0 7 0.00 0.0 0 1.6 6 320 M M 1 8 M M
18 90 63 77 M 0 12 0.00 0.0 M 1.3 6 140 M M 0 M M
19 91 64 78 M 0 13 0.00 0.0 0 1.6 9 210 M M 0 M M
20 90 67 79 M 0 14 0.00 0.0 0 3.7 8 160 M M 1 M M
21 91 71 81 M 0 16 T 0.0 0 5.3 10 250 M M 1 3 M M
22 84 70 77 M 0 12 0.96 0.0 0 6.7 13 240 M M 2 13 16 240
23 89 68 79 M 0 14 T 0.0 0 5.2 12 300 M M 1 M M
24 M M M M M M 0.06 M 0 3.6 9 220 M M 2 M M
25 86 70 78 M 0 13 0.23 0.0 0 4.7 12 210 M M 0 138 M M
26 84 71 78 M 0 13 0.01 0.0 0 2.9 7 160 M M 1 18 M M
27 91 77 84 M 0 19 0.00 0.0 0 7.1 12 210 M M 5 17 200
28 92 76 84 M 0 19 0.00 0.0 0 5.9 9 190 M M 3 M M
29 92 71 82 M 0 17 0.92 0.0 0 6.6 12 200 M M 2 13 16 210
30 88 76 82 M 0 17 0.05 0.0 0 4.4 12 170 M M 4 1 M M
================================================================================
SM 2451 1903 0 365 6.05 0.0 148.7 M 58
================================================================================
AV 87.5 68.0 5.0 FASTST M M 2 MAX(MPH)
MISC ----> # 16 340 # 27 200
================================================================================
NOTES:
# LAST OF SEVERAL OCCURRENCES
COLUMN 17 PEAK WIND IN M.P.H.
PRELIMINARY LOCAL CLIMATOLOGICAL DATA (WS FORM: F-6) , PAGE 2
STATION: NATCHEZ
MONTH: JUNE
YEAR: 2020
LATITUDE: 31 37 N
LONGITUDE: 91 15 W
[TEMPERATURE DATA] [PRECIPITATION DATA] SYMBOLS USED IN COLUMN 16
AVERAGE MONTHLY: 77.8 TOTAL FOR MONTH: 6.05 1 = FOG OR MIST
DPTR FM NORMAL: M DPTR FM NORMAL: M 2 = FOG REDUCING VISIBILITY
HIGHEST: 92 ON 29,28 GRTST 24HR 3.28 ON 8- 8 TO 1/4 MILE OR LESS
LOWEST: 58 ON 12 3 = THUNDER
SNOW, ICE PELLETS, HAIL 4 = ICE PELLETS
TOTAL MONTH: 0.0 INCH 5 = HAIL
GRTST 24HR 0.0 6 = FREEZING RAIN OR DRIZZLE
GRTST DEPTH: 0 7 = DUSTSTORM OR SANDSTORM:
VSBY 1/2 MILE OR LESS
8 = SMOKE OR HAZE
[NO. OF DAYS WITH] [WEATHER - DAYS WITH] 9 = BLOWING SNOW
X = TORNADO
MAX 32 OR BELOW: 0 0.01 INCH OR MORE: 12
MAX 90 OR ABOVE: 10 0.10 INCH OR MORE: 6
MIN 32 OR BELOW: 0 0.50 INCH OR MORE: 3
MIN 0 OR BELOW: 0 1.00 INCH OR MORE: 1
[HDD (BASE 65) ]
TOTAL THIS MO. 0 CLEAR (SCALE 0-3) 24
DPTR FM NORMAL M PTCLDY (SCALE 4-7) 5
TOTAL FM JUL 1 1742 CLOUDY (SCALE 8-10) 1
DPTR FM NORMAL M
[CDD (BASE 65) ]
TOTAL THIS MO. 365
DPTR FM NORMAL M [PRESSURE DATA]
TOTAL FM JAN 1 798 HIGHEST SLP M ON M
DPTR FM NORMAL M LOWEST SLP 29.40 ON 8
[REMARKS]
#FINAL-06-20#