000
CXUS54 KJAN 011414
CF6HEZ
PRELIMINARY LOCAL CLIMATOLOGICAL DATA (WS FORM: F-6)
STATION: NATCHEZ
MONTH: FEBRUARY
YEAR: 2020
LATITUDE: 31 37 N
LONGITUDE: 91 15 W
TEMPERATURE IN F: :PCPN: SNOW: WIND :SUNSHINE: SKY :PK WND
================================================================================
1 2 3 4 5 6A 6B 7 8 9 10 11 12 13 14 15 16 17 18
12Z AVG MX 2MIN
DY MAX MIN AVG DEP HDD CDD WTR SNW DPTH SPD SPD DIR MIN PSBL S-S WX SPD DR
================================================================================
1 59 37 48 M 17 0 0.00 0.0 0 5.5 13 330 M M 6 21 320
2 73 35 54 M 11 0 0.00 0.0 0 7.1 14 240 M M 0 20 240
3 73 49 61 M 4 0 0.00 0.0 0 12.0 21 180 M M 2 25 170
4 M M M M M M 0.03 0.0 0 10.8 16 170 M M 8 1 27 200
5 75 48 62 M 3 0 0.12 0.0 0 11.2 17 190 M M 8 13 21 190
6 48 34 41 M 24 0 0.23 0.0 0 10.8 16 270 M M 9 13 25 270
7 61 26 44 M 21 0 0.00 0.0 0 6.0 14 170 M M 0 M M
8 64 40 52 M 13 0 0.00 0.0 0 5.5 12 130 M M 3 8 M M
9 74 50 62 M 3 0 0.22 0.0 0 13.2 23 170 M M 5 13 35 150
10 75 61 68 M 0 3 1.41 0.0 0 10.7 16 190 M M 8 13 27 190
11 M M M M M M 0.05 M 0 9.3 14 200 M M 10 1 20 200
12 79 48 64 M 1 0 1.16 M 0 8.3 22 170 M M 10 13 35 200
13 55 43 49 M 16 0 0.04 M 0 11.1 16 350 M M 10 1 24 360
14 50 34 42 M 23 0 0.00 0.0 0 8.2 12 20 M M 2 M M
15 67 29 48 M 17 0 T M 0 8.2 14 170 M M 4 M M
16 58 52 55 M 10 0 0.21 0.0 0 5.3 10 140 M M 10 1 M M
17 66 53 60 M 5 0 0.01 0.0 0 8.4 15 160 M M 10 1 M M
18 72 51 62 M 3 0 0.06 0.0 0 8.2 16 350 M M 9 1 M M
19 52 47 50 M 15 0 0.74 0.0 0 8.1 12 10 M M 9 1 M M
20 49 40 45 M 20 0 1.00 0.0 0 14.5 21 10 M M 8 1 32 350
21 44 28 36 M 29 0 0.00 0.0 0 8.4 15 360 M M 1 21 340
22 56 25 41 M 24 0 0.00 0.0 0 2.0 8 230 M M 0 M M
23 62 38 50 M 15 0 0.00 0.0 0 6.4 16 170 M M 8 M M
24 62 56 59 M 6 0 0.23 0.0 0 9.7 14 170 M M 8 21 170
25 67 48 58 M 7 0 0.00 0.0 0 1.9 9 340 M M 3 12 M M
26 54 40 47 M 18 0 0.05 M 0 11.5 20 340 M M 9 31 280
27 50 28 39 M 26 0 0.01 M 0 4.5 12 350 M M 0 8 17 350
28 61 30 46 M 19 0 0.00 0.0 0 6.4 18 290 M M 0 22 290
29 70 32 51 M 14 0 0.00 0.0 0 5.1 12 240 M M 0 M M
================================================================================
SM 1676 1102 364 3 5.57 0.0 238.3 M 160
================================================================================
AV 62.1 40.8 8.2 FASTST M M 6 MAX(MPH)
MISC ----> # 23 170 # 35 150
================================================================================
NOTES:
# LAST OF SEVERAL OCCURRENCES
COLUMN 17 PEAK WIND IN M.P.H.
PRELIMINARY LOCAL CLIMATOLOGICAL DATA (WS FORM: F-6) , PAGE 2
STATION: NATCHEZ
MONTH: FEBRUARY
YEAR: 2020
LATITUDE: 31 37 N
LONGITUDE: 91 15 W
[TEMPERATURE DATA] [PRECIPITATION DATA] SYMBOLS USED IN COLUMN 16
AVERAGE MONTHLY: 51.4 TOTAL FOR MONTH: 5.57 1 = FOG OR MIST
DPTR FM NORMAL: M DPTR FM NORMAL: M 2 = FOG REDUCING VISIBILITY
HIGHEST: 79 ON 12 GRTST 24HR 1.41 ON 10-10 TO 1/4 MILE OR LESS
LOWEST: 25 ON 22 3 = THUNDER
SNOW, ICE PELLETS, HAIL 4 = ICE PELLETS
TOTAL MONTH: 0.0 INCH 5 = HAIL
GRTST 24HR 0.0 6 = FREEZING RAIN OR DRIZZLE
GRTST DEPTH: 0 7 = DUSTSTORM OR SANDSTORM:
VSBY 1/2 MILE OR LESS
8 = SMOKE OR HAZE
[NO. OF DAYS WITH] [WEATHER - DAYS WITH] 9 = BLOWING SNOW
X = TORNADO
MAX 32 OR BELOW: 0 0.01 INCH OR MORE: 16
MAX 90 OR ABOVE: 0 0.10 INCH OR MORE: 9
MIN 32 OR BELOW: 7 0.50 INCH OR MORE: 4
MIN 0 OR BELOW: 0 1.00 INCH OR MORE: 3
[HDD (BASE 65) ]
TOTAL THIS MO. 364 CLEAR (SCALE 0-3) 10
DPTR FM NORMAL M PTCLDY (SCALE 4-7) 7
TOTAL FM JUL 1 1581 CLOUDY (SCALE 8-10) 12
DPTR FM NORMAL M
[CDD (BASE 65) ]
TOTAL THIS MO. 3
DPTR FM NORMAL M [PRESSURE DATA]
TOTAL FM JAN 1 10 HIGHEST SLP M ON M
DPTR FM NORMAL M LOWEST SLP M ON M
[REMARKS]
#FINAL-02-20#