000
CXUS53 KGID 011646
CF6HJH
PRELIMINARY LOCAL CLIMATOLOGICAL DATA (WS FORM: F-6)
STATION: HEBRON NE
MONTH: JANUARY
YEAR: 2023
LATITUDE: 40 9 N
LONGITUDE: 97 35 W
TEMPERATURE IN F: :PCPN: SNOW: WIND :SUNSHINE: SKY :PK WND
================================================================================
1 2 3 4 5 6A 6B 7 8 9 10 11 12 13 14 15 16 17 18
12Z AVG MX 2MIN
DY MAX MIN AVG DEP HDD CDD WTR SNW DPTH SPD SPD DIR MIN PSBL S-S WX SPD DR
================================================================================
1 50 26 38 M 27 0 0.00 M M 4.3 12 50 M M 1 M M
2 37 32 35 M 30 0 0.13 M M 9.3 17 90 M M 8 1 24 90
3 33 29 31 M 34 0 M M M 9.9 17 300 M M 10 13 25 330
4 38 27 33 M 32 0 0.00 M M 10.5 17 300 M M 6 24 300
5 41 20 31 M 34 0 0.00 M M 8.2 14 290 M M 0 20 300
6 49 16 33 M 32 0 0.00 M M 5.3 16 100 M M 2 20 100
7 38 23 31 M 34 0 0.00 M M 4.2 9 50 M M 7 M M
8 51 17 34 M 31 0 0.00 M M 3.0 7 190 M M 0 M M
9 57 28 43 M 22 0 0.00 M M 7.6 17 310 M M 0 24 310
10 54 23 39 M 26 0 0.00 M M 2.3 8 160 M M 1 M M
11 46 29 38 M 27 0 0.00 M M 8.4 16 350 M M 3 27 10
12 31 23 27 M 38 0 0.00 M M 12.4 20 360 M M 7 30 360
13 33 19 26 M 39 0 0.00 M M 3.6 7 340 M M 5 128 M M
14 46 23 35 M 30 0 0.00 M M 8.3 15 180 M M 0 20 180
15 53 27 40 M 25 0 0.00 M M 5.8 15 160 M M 1 18 160
16 51 31 41 M 24 0 0.00 M M 8.5 16 310 M M 5 1 25 310
17 41 27 34 M 31 0 0.00 M M 5.3 8 40 M M 7 1 M M
18 32 28 30 M 35 0 M M M 8.3 16 80 M M 9 1 25 90
19 32 21 27 M 38 0 M M M 3.1 6 300 M M 8 M M
20 32 9 21 M 44 0 0.00 M M 0.5 5 290 M M 0 M M
21 30 21 26 M 39 0 M M M 1.5 8 330 M M 10 M M
22 28 7 18 M 47 0 0.00 M M 2.0 7 310 M M 1 1 M M
23 32 M M M M M 0.00 M M 1.8 7 250 M M 3 M M
24 32 21 27 M 38 0 0.00 M M 2.7 8 200 M M 9 1 M M
25 30 14 22 M 43 0 0.00 M M 8.9 22 340 M M 6 1 29 340
26 33 18 26 M 39 0 T M M 5.2 15 220 M M 7 25 220
27 40 31 36 M 29 0 0.00 M M 6.6 13 250 M M 3 18 240
28 34 8 21 M 44 0 M M M 14.1 23 20 M M 8 1 29 20
29 9 3 6 M 59 0 T M M 13.9 20 20 M M 10 29 10
30 13 2 8 M 57 0 M M M 6.0 10 20 M M 7 M M
31 23 1 12 M 53 0 0.00 M M 3.8 10 240 M M 1 M M
================================================================================
SM M M M 0 M M 195.3 M 145
================================================================================
AV M M 6.3 FASTST M M 5 MAX(MPH)
MISC ----> 23 20 M M
================================================================================
NOTES:
# LAST OF SEVERAL OCCURRENCES
COLUMN 17 PEAK WIND IN M.P.H.
PRELIMINARY LOCAL CLIMATOLOGICAL DATA (WS FORM: F-6) , PAGE 2
STATION: HEBRON NE
MONTH: JANUARY
YEAR: 2023
LATITUDE: 40 9 N
LONGITUDE: 97 35 W
[TEMPERATURE DATA] [PRECIPITATION DATA] SYMBOLS USED IN COLUMN 16
AVERAGE MONTHLY: 28.6 TOTAL FOR MONTH: M 1 = FOG OR MIST
DPTR FM NORMAL: M DPTR FM NORMAL: M 2 = FOG REDUCING VISIBILITY
HIGHEST: 57 ON 9 GRTST 24HR M ON M TO 1/4 MILE OR LESS
LOWEST: M ON M 3 = THUNDER
SNOW, ICE PELLETS, HAIL 4 = ICE PELLETS
TOTAL MONTH: M 5 = HAIL
GRTST 24HR M ON M 6 = FREEZING RAIN OR DRIZZLE
GRTST DEPTH: M ON M 7 = DUSTSTORM OR SANDSTORM:
VSBY 1/2 MILE OR LESS
8 = SMOKE OR HAZE
[NO. OF DAYS WITH] [WEATHER - DAYS WITH] 9 = BLOWING SNOW
X = TORNADO
MAX 32 OR BELOW: 12 0.01 INCH OR MORE: M
MAX 90 OR ABOVE: 0 0.10 INCH OR MORE: M
MIN 32 OR BELOW: M 0.50 INCH OR MORE: M
MIN 0 OR BELOW: M 1.00 INCH OR MORE: M
[HDD (BASE 65) ]
TOTAL THIS MO. M CLEAR (SCALE 0-3) 12
DPTR FM NORMAL M PTCLDY (SCALE 4-7) 13
TOTAL FM JUL 1 M CLOUDY (SCALE 8-10) 6
DPTR FM NORMAL M
[CDD (BASE 65) ]
TOTAL THIS MO. 0
DPTR FM NORMAL M [PRESSURE DATA]
TOTAL FM JAN 1 0 HIGHEST SLP M ON M
DPTR FM NORMAL M LOWEST SLP M ON M
[REMARKS]
#FINAL-01-23#