000
CXUS56 KHNX 012350
CF6HJO
PRELIMINARY LOCAL CLIMATOLOGICAL DATA (WS FORM: F-6)
STATION: HANFORD CA AIRPORT
MONTH: OCTOBER
YEAR: 2021
LATITUDE: 36 19 N
LONGITUDE: 119 38 W
TEMPERATURE IN F: :PCPN: SNOW: WIND :SUNSHINE: SKY :PK WND
================================================================================
1 2 3 4 5 6A 6B 7 8 9 10 11 12 13 14 15 16 17 18
12Z AVG MX 2MIN
DY MAX MIN AVG DEP HDD CDD WTR SNW DPTH SPD SPD DIR MIN PSBL S-S WX SPD DR
================================================================================
1 92 50 71 1 0 6 0.00 0.0 0 1.7 7 70 M M 0 18 11 40
2 93 50 72 2 0 7 0.00 0.0 0 2.4 8 70 M M 0 18 12 40
3 88 49 69 0 0 4 0.00 0.0 0 2.4 7 70 M M 0 18 11 350
4 90 50 70 1 0 5 0.00 0.0 0 2.3 9 60 M M 0 18 12 60
5 88 53 71 2 0 6 0.00 0.0 0 3.5 9 320 M M 0 18 12 320
6 85 58 72 4 0 7 0.00 0.0 0 6.2 15 330 M M 0 8 18 320
7 82 58 70 2 0 5 0.00 0.0 0 4.9 16 310 M M 1 8 19 300
8 70 51 61 -7 4 0 0.06 0.0 0 5.6 17 320 M M 4 1 22 320
9 73 44 59 -8 6 0 0.00 0.0 0 3.9 10 340 M M 0 14 330
10 77 43 60 -7 5 0 0.00 0.0 0 2.6 10 320 M M 0 1 14 300
11 68 47 58 -8 7 0 0.00 0.0 0 17.8 32 310 M M 5 18 44 320
12 68 42 55 -11 10 0 0.00 0.0 0 7.3 23 320 M M 0 29 320
13 74 36 55 -11 10 0 0.00 0.0 0 3.7 9 160 M M 0 8 14 180
14 76 43 60 -5 5 0 0.00 0.0 0 4.9 12 330 M M 0 17 300
15 82 40 61 -4 4 0 0.00 0.0 0 1.4 7 180 M M 0 18 9 160
16 85 42 64 -1 1 0 0.00 0.0 0 1.6 8 40 M M 0 18 11 40
17 85 41 63 -1 2 0 0.00 0.0 0 6.2 16 330 M M 0 1 24 250
18 67 45 56 -8 9 0 0.03 0.0 0 6.9 17 340 M M 1 22 340
19 72 37 55 -9 10 0 0.00 0.0 0 3.6 10 190 M M 0 18 13 200
20 79 48 64 1 1 0 0.00 0.0 0 3.9 10 150 M M 1 14 150
21 82 49 66 3 0 1 0.00 0.0 0 2.6 10 320 M M 0 8 12 320
22 77 47 62 0 3 0 0.00 0.0 0 7.5 17 330 M M 1 18 21 320
23 72 52 62 0 3 0 0.00 0.0 0 5.8 16 320 M M 0 8 20 320
24 73 52 63 1 2 0 0.00 0.0 0 6.9 21 210 M M 2 29 200
25 67 47 57 -4 8 0 1.01 0.0 0 4.3 21 290 M M 4 13 28 290
26 67 42 55 -6 10 0 0.00 0.0 0 1.2 10 320 M M 3 128 14 320
27 70 45 58 -2 7 0 0.00 0.0 0 1.4 9 290 M M 0 18 12 260
28 75 48 62 2 3 0 0.00 0.0 0 1.0 6 180 M M 1 18 7 170
29 79 50 65 5 0 0 0.00 0.0 0 1.5 7 300 M M 1 128 9 330
30 76 54 65 6 0 0 0.00 0.0 0 2.4 10 310 M M 5 128 14 320
31 68 54 61 2 4 0 0.00 0.0 0 4.3 12 320 M M 2 18 15 320
================================================================================
SM 2400 1467 114 41 1.10 0.0 131.7 M 31
================================================================================
AV 77.4 47.3 4.2 FASTST M M 1 MAX(MPH)
MISC ----> 32 310 44 320
================================================================================
NOTES:
# LAST OF SEVERAL OCCURRENCES
COLUMN 17 PEAK WIND IN M.P.H.
PRELIMINARY LOCAL CLIMATOLOGICAL DATA (WS FORM: F-6) , PAGE 2
STATION: HANFORD CA AIRPORT
MONTH: OCTOBER
YEAR: 2021
LATITUDE: 36 19 N
LONGITUDE: 119 38 W
[TEMPERATURE DATA] [PRECIPITATION DATA] SYMBOLS USED IN COLUMN 16
AVERAGE MONTHLY: 62.4 TOTAL FOR MONTH: 1.10 1 = FOG OR MIST
DPTR FM NORMAL: -2.2 DPTR FM NORMAL: 0.64 2 = FOG REDUCING VISIBILITY
HIGHEST: 93 ON 2 GRTST 24HR 1.01 ON 25-25 TO 1/4 MILE OR LESS
LOWEST: 36 ON 13 3 = THUNDER
SNOW, ICE PELLETS, HAIL 4 = ICE PELLETS
TOTAL MONTH: 0.0 INCH 5 = HAIL
GRTST 24HR 0.0 6 = FREEZING RAIN OR DRIZZLE
GRTST DEPTH: 0 7 = DUSTSTORM OR SANDSTORM:
VSBY 1/2 MILE OR LESS
8 = SMOKE OR HAZE
[NO. OF DAYS WITH] [WEATHER - DAYS WITH] 9 = BLOWING SNOW
X = TORNADO
MAX 32 OR BELOW: 0 0.01 INCH OR MORE: 3
MAX 90 OR ABOVE: 3 0.10 INCH OR MORE: 1
MIN 32 OR BELOW: 0 0.50 INCH OR MORE: 1
MIN 0 OR BELOW: 0 1.00 INCH OR MORE: 1
[HDD (BASE 65) ]
TOTAL THIS MO. 114 CLEAR (SCALE 0-3) 27
DPTR FM NORMAL 33 PTCLDY (SCALE 4-7) 4
TOTAL FM JUL 1 114 CLOUDY (SCALE 8-10) 0
DPTR FM NORMAL 28
[CDD (BASE 65) ]
TOTAL THIS MO. 41
DPTR FM NORMAL -28 [PRESSURE DATA]
TOTAL FM JAN 1 2283 HIGHEST SLP 30.38 ON 27
DPTR FM NORMAL 416 LOWEST SLP 29.67 ON 25
[REMARKS]
#FINAL-10-21#