000
CXUS53 KGLD 041406
CLMHLC
CLIMATE REPORT
NATIONAL WEATHER SERVICE
806 AM MDT SUN JUN 04 2023
...................................
...THE HILL CITY KS CLIMATE SUMMARY FOR THE MONTH OF MAY 2023...
CLIMATE NORMAL PERIOD: 1991 TO 2020
CLIMATE RECORD PERIOD: 1896 TO 2023
WEATHER OBSERVED NORMAL DEPART LAST YEAR`S
VALUE DATE(S) VALUE FROM VALUE DATE(S)
NORMAL
................................................................
TEMPERATURE (F)
RECORD
HIGH 113 05/30/1934
LOW 22 05/08/1915
HIGHEST 92 05/30 94 -2 97 05/11
LOWEST 29 05/01 35 -6 36 05/01
05/06
AVG. MAXIMUM 80.2 76.3 3.9 77.7
AVG. MINIMUM 52.7 49.5 3.2 50.1
MEAN 66.5 62.9 3.6 63.9
DAYS MAX >= 90 2 3.8 -1.8 6
DAYS MAX <= 32 0 0.0 0.0 0
DAYS MIN <= 32 2 0.8 1.2 0
DAYS MIN <= 0 0 0.0 0.0 0
PRECIPITATION (INCHES)
RECORD
MAXIMUM 12.90 1995
MINIMUM 0.01 2012
TOTALS 3.45 3.34 0.11 2.73
DAILY AVG. 0.11 0.11 0.00 0.09
DAYS >= .01 8 9.9 -1.9 8
DAYS >= .10 5 5.4 -0.4 4
DAYS >= .50 3 2.0 1.0 3
DAYS >= 1.00 1 1.0 0.0 1
GREATEST
24 HR. TOTAL 1.62 05/25 TO 05/25 1.12
STORM TOTAL 1.62
(MM/DD(HH))
................................................................
- INDICATES NEGATIVE NUMBERS.
R INDICATES RECORD WAS SET OR TIED.
MM INDICATES DATA IS MISSING.
T INDICATES TRACE AMOUNT.
$$