000
CXUS56 KTFX 011110
CF6HLN
PRELIMINARY LOCAL CLIMATOLOGICAL DATA (WS FORM: F-6)
STATION: HELENA MT
MONTH: JUNE
YEAR: 2020
LATITUDE: 46 35 N
LONGITUDE: 112 0 W
TEMPERATURE IN F: :PCPN: SNOW: WIND :SUNSHINE: SKY :PK WND
================================================================================
1 2 3 4 5 6A 6B 7 8 9 10 11 12 13 14 15 16 17 18
12Z AVG MX 2MIN
DY MAX MIN AVG DEP HDD CDD WTR SNW DPTH SPD SPD DIR MIN PSBL S-S WX SPD DR
================================================================================
1 77 52 65 7 0 0 0.00 0.0 0 9.2 26 270 M M 3 34 270
2 79 48 64 6 1 0 0.00 0.0 0 6.2 22 270 M M 0 27 280
3 80 58 69 10 0 4 0.00 0.0 0 10.2 24 320 M M 1 33 300
4 76 56 66 7 0 1 0.00 0.0 0 10.3 20 310 M M 3 30 260
5 82 47 65 6 0 0 0.00 0.0 0 5.4 15 280 M M 1 3 19 340
6 73 52 63 3 2 0 0.49 0.0 0 10.7 33 250 M M 6 3 43 240
7 64 45 55 -5 10 0 0.03 0.0 0 11.6 22 250 M M 7 28 260
8 58 41 50 -10 15 0 0.18 0.0 0 11.9 29 260 M M 8 36 250
9 61 41 51 -9 14 0 0.00 0.0 0 11.2 22 270 M M 5 29 260
10 74 52 63 3 2 0 0.01 0.0 0 7.5 20 290 M M 5 26 260
11 83 48 66 5 0 1 T 0.0 0 5.2 23 230 M M 1 35 240
12 92 54 73 12 0 8 0.00 0.0 0 5.8 18 190 M M 0 27 180
13 88 53 71 10 0 6 0.00 0.0 0 15.0 41 190 M M 0 3 59 200
14 60 44 52 -10 13 0 0.23 0.0 0 12.8 29 250 M M 5 3 38 260
15 70 42 56 -6 9 0 0.05 0.0 0 7.5 28 250 M M 6 32 250
16 59 49 54 -8 11 0 0.13 0.0 0 4.2 12 280 M M 6 15 290
17 54 47 51 -11 14 0 0.63 0.0 0 6.8 17 330 M M 10 1 21 330
18 61 47 54 -9 11 0 0.07 0.0 0 2.7 14 350 M M 8 1 16 340
19 75 46 61 -2 4 0 0.00 0.0 0 7.4 26 310 M M 5 33 310
20 78 50 64 1 1 0 0.00 0.0 0 7.0 24 280 M M 5 32 290
21 78 60 69 5 0 4 0.00 0.0 0 10.6 24 280 M M 5 31 250
22 81 52 67 3 0 2 0.00 0.0 0 4.9 17 270 M M 0 21 250
23 88 52 70 6 0 5 0.00 0.0 0 6.9 18 270 M M 0 26 260
24 92 57 75 11 0 10 T 0.0 0 6.7 43 270 M M 1 3 53 270
25 83 56 70 5 0 5 0.00 0.0 0 4.8 13 40 M M 1 17 330
26 91 55 73 8 0 8 0.00 0.0 0 6.8 21 310 M M 0 28 310
27 82 55 69 4 0 4 0.12 0.0 0 8.3 29 300 M M 4 3 35 300
28 61 48 55 -11 10 0 0.50 0.0 0 6.5 22 70 M M 5 1 27 70
29 54 45 50 -16 15 0 0.63 0.0 0 5.4 15 270 M M 9 1 18 270
30 59 40 50 -16 15 0 0.08 0.0 0 4.4 16 290 M M 6 21 280
================================================================================
SM 2213 1492 147 58 3.15 0.0 233.9 M 116
================================================================================
AV 73.8 49.7 7.8 FASTST M M 4 MAX(MPH)
MISC ----> 43 270 59 200
================================================================================
NOTES:
# LAST OF SEVERAL OCCURRENCES
COLUMN 17 PEAK WIND IN M.P.H.
PRELIMINARY LOCAL CLIMATOLOGICAL DATA (WS FORM: F-6) , PAGE 2
STATION: HELENA MT
MONTH: JUNE
YEAR: 2020
LATITUDE: 46 35 N
LONGITUDE: 112 0 W
[TEMPERATURE DATA] [PRECIPITATION DATA] SYMBOLS USED IN COLUMN 16
AVERAGE MONTHLY: 61.8 TOTAL FOR MONTH: 3.15 1 = FOG OR MIST
DPTR FM NORMAL: -0.3 DPTR FM NORMAL: 1.09 2 = FOG REDUCING VISIBILITY
HIGHEST: 92 ON 24,12 GRTST 24HR 0.98 ON 28-29 TO 1/4 MILE OR LESS
LOWEST: 40 ON 30 3 = THUNDER
SNOW, ICE PELLETS, HAIL 4 = ICE PELLETS
TOTAL MONTH: 0.0 INCH 5 = HAIL
GRTST 24HR 0.0 6 = FREEZING RAIN OR DRIZZLE
GRTST DEPTH: 0 7 = DUSTSTORM OR SANDSTORM:
VSBY 1/2 MILE OR LESS
8 = SMOKE OR HAZE
[NO. OF DAYS WITH] [WEATHER - DAYS WITH] 9 = BLOWING SNOW
X = TORNADO
MAX 32 OR BELOW: 0 0.01 INCH OR MORE: 13
MAX 90 OR ABOVE: 3 0.10 INCH OR MORE: 8
MIN 32 OR BELOW: 0 0.50 INCH OR MORE: 3
MIN 0 OR BELOW: 0 1.00 INCH OR MORE: 0
[HDD (BASE 65) ]
TOTAL THIS MO. 147 CLEAR (SCALE 0-3) 13
DPTR FM NORMAL 11 PTCLDY (SCALE 4-7) 14
TOTAL FM JUL 1 7237 CLOUDY (SCALE 8-10) 3
DPTR FM NORMAL -303
[CDD (BASE 65) ]
TOTAL THIS MO. 58
DPTR FM NORMAL 9 [PRESSURE DATA]
TOTAL FM JAN 1 70 HIGHEST SLP 30.28 ON 18
DPTR FM NORMAL 13 LOWEST SLP 29.45 ON 6
[REMARKS]
#FINAL-06-20#