000
CXHW50 PHFO 011250
CF6HNL
PRELIMINARY LOCAL CLIMATOLOGICAL DATA (WS FORM: F-6)
STATION: HONOLULU HI
MONTH: NOVEMBER
YEAR: 2022
LATITUDE: 21 21 N
LONGITUDE: 157 56 W
TEMPERATURE IN F: :PCPN: SNOW: WIND :SUNSHINE: SKY :PK WND
================================================================================
1 2 3 4 5 6A 6B 7 8 9 10 11 12 13 14 15 16 17 18
12Z AVG MX 2MIN
DY MAX MIN AVG DEP HDD CDD WTR SNW DPTH SPD SPD DIR MIN PSBL S-S WX SPD DR
================================================================================
1 87 76 82 3 0 17 0.00 M M 10.9 25 40 M M 3 33 50
2 87 73 80 1 0 15 0.03 M M 8.5 18 60 M M 4 18 23 70
3 88 74 81 2 0 16 T M M 8.1 20 60 M M 5 26 70
4 89 74 82 3 0 17 T M M 8.6 21 60 M M 5 25 60
5 88 78 83 4 0 18 0.00 M M 12.3 20 60 M M 7 26 70
6 88 74 81 2 0 16 T M M 12.1 21 70 M M 5 27 50
7 88 76 82 3 0 17 T M M 13.4 23 60 M M 4 29 70
8 M M M M M M 0.00 M M 14.4 23 80 M M 5 29 60
9 90 75 83 5 0 18 0.00 M M 12.6 22 50 M M 2 29 30
10 83 70 77 -1 0 12 0.00 M M 7.3 17 40 M M 4 8 23 40
11 85 74 80 2 0 15 T M M 9.5 20 30 M M 5 27 40
12 84 73 79 1 0 14 0.01 M M 8.7 18 50 M M 6 8 25 40
13 86 70 78 0 0 13 0.01 M M 9.2 23 70 M M 4 18 27 70
14 86 69 78 0 0 13 T M M 9.0 20 60 M M 4 28 60
15 84 70 77 -1 0 12 0.00 M M 7.7 16 50 M M 3 22 50
16 85 67 76 -2 0 11 0.00 M M 8.9 22 80 M M 3 27 70
17 86 70 78 0 0 13 0.00 M M 5.4 14 230 M M 4 20 150
18 87 72 80 2 0 15 0.04 M M 8.3 25 60 M M 4 1 33 60
19 86 75 81 3 0 16 T M M 8.5 24 70 M M 3 30 60
20 86 75 81 3 0 16 T M M 12.7 30 60 M M 3 39 60
21 85 76 81 3 0 16 T M M 18.6 28 60 M M 3 34 80
22 85 74 80 3 0 15 T M M 13.6 25 70 M M 3 29 70
23 85 71 78 1 0 13 T M M 8.0 18 40 M M 5 23 50
24 79 70 75 -2 0 10 0.01 M M 11.9 25 20 M M 6 18 33 30
25 81 69 75 -2 0 10 0.01 M M 12.0 23 10 M M 2 32 40
26 81 64 73 -4 0 8 0.01 M M 6.4 13 40 M M 6 1 17 30
27 82 65 74 -3 0 9 T M M 5.2 17 130 M M 5 21 130
28 77 71 74 -3 0 9 0.03 M M 4.6 10 100 M M 7 1 13 110
29 84 68 76 -1 0 11 0.00 M M 4.0 12 200 M M 4 15 210
30 87 70 79 2 0 14 0.00 M M 4.4 14 230 M M 4 18 50
================================================================================
SM 2469 2083 0 399 0.15 M 284.8 M 128
================================================================================
AV 85.1 71.8 9.5 FASTST M M 4 MAX(MPH)
MISC ----> 30 60 39 60
================================================================================
NOTES:
# LAST OF SEVERAL OCCURRENCES
COLUMN 17 PEAK WIND IN M.P.H.
PRELIMINARY LOCAL CLIMATOLOGICAL DATA (WS FORM: F-6) , PAGE 2
STATION: HONOLULU HI
MONTH: NOVEMBER
YEAR: 2022
LATITUDE: 21 21 N
LONGITUDE: 157 56 W
[TEMPERATURE DATA] [PRECIPITATION DATA] SYMBOLS USED IN COLUMN 16
AVERAGE MONTHLY: 78.5 TOTAL FOR MONTH: 0.15 1 = FOG OR MIST
DPTR FM NORMAL: 0.5 DPTR FM NORMAL: -2.10 2 = FOG REDUCING VISIBILITY
HIGHEST: 90 ON 9 GRTST 24HR 0.04 ON 18-18 TO 1/4 MILE OR LESS
LOWEST: 64 ON 26 3 = THUNDER
SNOW, ICE PELLETS, HAIL 4 = ICE PELLETS
TOTAL MONTH: M 5 = HAIL
GRTST 24HR M ON M 6 = FREEZING RAIN OR DRIZZLE
GRTST DEPTH: M ON M 7 = DUSTSTORM OR SANDSTORM:
VSBY 1/2 MILE OR LESS
8 = SMOKE OR HAZE
[NO. OF DAYS WITH] [WEATHER - DAYS WITH] 9 = BLOWING SNOW
X = TORNADO
MAX 32 OR BELOW: 0 0.01 INCH OR MORE: 8
MAX 90 OR ABOVE: 1 0.10 INCH OR MORE: 0
MIN 32 OR BELOW: 0 0.50 INCH OR MORE: 0
MIN 0 OR BELOW: 0 1.00 INCH OR MORE: 0
[HDD (BASE 65) ]
TOTAL THIS MO. 0 CLEAR (SCALE 0-3) 9
DPTR FM NORMAL 0 PTCLDY (SCALE 4-7) 21
TOTAL FM JUL 1 0 CLOUDY (SCALE 8-10) 0
DPTR FM NORMAL 0
[CDD (BASE 65) ]
TOTAL THIS MO. 399
DPTR FM NORMAL 11 [PRESSURE DATA]
TOTAL FM JAN 1 4623 HIGHEST SLP 30.16 ON 21
DPTR FM NORMAL 183 LOWEST SLP 29.88 ON 30
[REMARKS]
#FINAL-11-22#