000
CXHW50 PHFO 011250
CF6HNL
PRELIMINARY LOCAL CLIMATOLOGICAL DATA (WS FORM: F-6)
STATION: HONOLULU HI
MONTH: SEPTEMBER
YEAR: 2022
LATITUDE: 21 21 N
LONGITUDE: 157 56 W
TEMPERATURE IN F: :PCPN: SNOW: WIND :SUNSHINE: SKY :PK WND
================================================================================
1 2 3 4 5 6A 6B 7 8 9 10 11 12 13 14 15 16 17 18
12Z AVG MX 2MIN
DY MAX MIN AVG DEP HDD CDD WTR SNW DPTH SPD SPD DIR MIN PSBL S-S WX SPD DR
================================================================================
1 88 76 82 0 0 17 T M M 11.2 20 70 M M 4 26 70
2 89 73 81 -1 0 16 0.04 M M 10.3 20 50 M M 5 1 26 60
3 88 75 82 0 0 17 0.01 M M 8.5 18 30 M M 7 1 24 30
4 90 76 83 1 0 18 0.03 M M 10.3 21 80 M M 4 1 28 60
5 89 76 83 1 0 18 0.00 M M 11.5 22 50 M M 4 30 70
6 90 78 84 2 0 19 T M M 14.6 25 70 M M 5 35 60
7 89 79 84 2 0 19 0.00 M M 13.9 23 70 M M 3 28 30
8 88 73 81 -1 0 16 0.03 M M 9.5 22 50 M M 3 27 50
9 87 74 81 -1 0 16 0.08 M M 8.8 20 40 M M 7 1 25 40
10 89 76 83 1 0 18 T M M 7.3 17 50 M M 5 3 22 50
11 89 74 82 0 0 17 T M M 7.0 17 310 M M 4 25 50
12 90 74 82 0 0 17 T M M 8.1 17 30 M M 3 26 10
13 89 75 82 0 0 17 0.00 M M 10.7 22 70 M M 4 27 70
14 91 77 84 2 0 19 0.00 M M 8.9 18 80 M M 3 23 70
15 88 74 81 -1 0 16 T M M 5.5 17 150 M M 4 23 150
16 86 74 80 -2 0 15 0.07 M M 5.0 14 20 M M 5 1 18 180
17 90 74 82 0 0 17 0.00 M M 8.5 20 80 M M 5 25 60
18 88 75 82 0 0 17 0.01 M M 10.9 22 70 M M 4 29 60
19 89 77 83 1 0 18 0.00 M M 13.2 25 80 M M 3 31 70
20 90 77 84 2 0 19 0.00 M M 13.0 22 80 M M 3 28 70
21 90 76 83 1 0 18 0.00 M M 9.4 22 50 M M 3 29 90
22 89 74 82 0 0 17 0.00 M M 7.9 18 70 M M 4 24 100
23 89 73 81 0 0 16 0.01 M M 6.5 20 130 M M 6 1 24 130
24 89 76 83 2 0 18 T M M 7.7 21 130 M M 6 32 130
25 86 74 80 -1 0 15 0.15 M M 5.5 13 100 M M 5 1 18 180
26 89 73 81 0 0 16 0.00 M M 9.0 20 50 M M 4 24 40
27 89 75 82 1 0 17 0.00 M M 9.9 20 60 M M 3 27 60
28 90 76 83 2 0 18 0.00 M M 9.2 18 70 M M 2 24 60
29 90 75 83 2 0 18 0.00 M M 10.8 20 70 M M 3 25 80
30 91 74 83 2 0 18 0.00 M M 8.7 18 70 M M 3 23 60
================================================================================
SM 2669 2253 0 517 0.43 M 281.3 M 124
================================================================================
AV 89.0 75.1 9.4 FASTST M M 4 MAX(MPH)
MISC ----> # 25 70 35 60
================================================================================
NOTES:
# LAST OF SEVERAL OCCURRENCES
COLUMN 17 PEAK WIND IN M.P.H.
PRELIMINARY LOCAL CLIMATOLOGICAL DATA (WS FORM: F-6) , PAGE 2
STATION: HONOLULU HI
MONTH: SEPTEMBER
YEAR: 2022
LATITUDE: 21 21 N
LONGITUDE: 157 56 W
[TEMPERATURE DATA] [PRECIPITATION DATA] SYMBOLS USED IN COLUMN 16
AVERAGE MONTHLY: 82.0 TOTAL FOR MONTH: 0.43 1 = FOG OR MIST
DPTR FM NORMAL: 0.4 DPTR FM NORMAL: -0.45 2 = FOG REDUCING VISIBILITY
HIGHEST: 91 ON 30,14 GRTST 24HR 0.15 ON 25-25 TO 1/4 MILE OR LESS
LOWEST: 73 ON 26,23 3 = THUNDER
SNOW, ICE PELLETS, HAIL 4 = ICE PELLETS
TOTAL MONTH: M 5 = HAIL
GRTST 24HR M ON M 6 = FREEZING RAIN OR DRIZZLE
GRTST DEPTH: M ON M 7 = DUSTSTORM OR SANDSTORM:
VSBY 1/2 MILE OR LESS
8 = SMOKE OR HAZE
[NO. OF DAYS WITH] [WEATHER - DAYS WITH] 9 = BLOWING SNOW
X = TORNADO
MAX 32 OR BELOW: 0 0.01 INCH OR MORE: 9
MAX 90 OR ABOVE: 10 0.10 INCH OR MORE: 1
MIN 32 OR BELOW: 0 0.50 INCH OR MORE: 0
MIN 0 OR BELOW: 0 1.00 INCH OR MORE: 0
[HDD (BASE 65) ]
TOTAL THIS MO. 0 CLEAR (SCALE 0-3) 5
DPTR FM NORMAL 0 PTCLDY (SCALE 4-7) 25
TOTAL FM JUL 1 0 CLOUDY (SCALE 8-10) 0
DPTR FM NORMAL 0
[CDD (BASE 65) ]
TOTAL THIS MO. 517
DPTR FM NORMAL 19 [PRESSURE DATA]
TOTAL FM JAN 1 3726 HIGHEST SLP 30.10 ON 12
DPTR FM NORMAL 151 LOWEST SLP 29.85 ON 22
[REMARKS]
#FINAL-09-22#