000
CXUS54 KMAF 011210
CF6HOB
PRELIMINARY LOCAL CLIMATOLOGICAL DATA (WS FORM: F-6)
STATION: LEA AIRPORT, HOBBS
MONTH: NOVEMBER
YEAR: 2021
LATITUDE: 32 40 N
LONGITUDE: 103-12 E
TEMPERATURE IN F: :PCPN: SNOW: WIND :SUNSHINE: SKY :PK WND
================================================================================
1 2 3 4 5 6A 6B 7 8 9 10 11 12 13 14 15 16 17 18
12Z AVG MX 2MIN
DY MAX MIN AVG DEP HDD CDD WTR SNW DPTH SPD SPD DIR MIN PSBL S-S WX SPD DR
================================================================================
1 72 37 55 M 10 0 0.00 M M 5.8 10 50 M M 1 M M
2 57 45 51 M 14 0 0.00 M M 9.9 16 80 M M 10 1 21 80
3 52 37 45 M 20 0 0.00 M M 7.8 14 30 M M 9 1 17 30
4 61 32 47 M 18 0 0.00 M M 5.6 12 160 M M 2 M M
5 75 34 55 M 10 0 0.00 M M 6.8 14 170 M M 3 12 16 170
6 77 36 57 M 8 0 0.00 M M 5.0 12 170 M M 0 M M
7 82 41 62 M 3 0 0.00 M M 8.9 13 190 M M 0 18 170
8 84 46 65 M 0 0 0.00 M M 7.7 13 200 M M 0 M M
9 79 43 61 M 4 0 0.00 M M 6.1 10 10 M M 0 12 350
10 75 48 62 M 3 0 0.00 M M 13.9 25 290 M M 2 12 36 290
11 68 37 53 M 12 0 0.00 M M 7.5 14 90 M M 0 20 90
12 61 36 49 M 16 0 0.00 M M 10.5 26 20 M M 0 8 35 360
13 75 32 54 M 11 0 0.00 M M 10.2 20 190 M M 0 25 210
14 70 43 57 M 8 0 0.00 M M 9.0 17 30 M M 0 22 40
15 82 39 61 M 4 0 0.00 M M 8.9 15 230 M M 0 21 260
16 82 48 65 M 0 0 0.00 M M 13.2 22 240 M M 0 28 240
17 70 41 56 M 9 0 0.00 M M 13.7 21 360 M M 0 7 30 360
18 54 28 41 M 24 0 0.00 M M 8.8 13 90 M M 4 M M
19 66 30 48 M 17 0 0.00 M M 9.4 17 170 M M 2 24 170
20 77 37 57 M 8 0 0.00 M M 10.9 20 240 M M 0 31 240
21 59 34 47 M 18 0 0.00 M M 13.5 24 10 M M 1 32 10
22 64 27 46 M 19 0 0.00 M M 8.2 13 200 M M 0 20 210
23 72 34 53 M 12 0 0.00 M M 9.7 17 200 M M 0 25 180
24 70 46 58 M 7 0 0.00 M M 10.8 21 240 M M 1 26 240
25 54 30 42 M 23 0 0.00 M M 13.5 24 360 M M 4 31 30
26 61 30 46 M 19 0 0.00 M M 8.8 14 210 M M 2 23 180
27 59 41 50 M 15 0 0.05 M M 6.3 15 360 M M 8 18 360
28 63 34 49 M 16 0 0.00 M M 9.3 13 350 M M 0 17 20
29 72 32 52 M 13 0 0.00 M M 7.7 13 210 M M 0 M M
30 75 37 56 M 9 0 0.00 M M 8.2 13 360 M M 0 17 300
================================================================================
SM 2068 1115 350 0 0.05 M 275.6 M 49
================================================================================
AV 68.9 37.2 9.2 FASTST M M 2 MAX(MPH)
MISC ----> 26 20 36 290
================================================================================
NOTES:
# LAST OF SEVERAL OCCURRENCES
COLUMN 17 PEAK WIND IN M.P.H.
PRELIMINARY LOCAL CLIMATOLOGICAL DATA (WS FORM: F-6) , PAGE 2
STATION: LEA AIRPORT, HOBBS
MONTH: NOVEMBER
YEAR: 2021
LATITUDE: 32 40 N
LONGITUDE: 103-12 E
[TEMPERATURE DATA] [PRECIPITATION DATA] SYMBOLS USED IN COLUMN 16
AVERAGE MONTHLY: 53.1 TOTAL FOR MONTH: 0.05 1 = FOG OR MIST
DPTR FM NORMAL: 0.0 DPTR FM NORMAL: M 2 = FOG REDUCING VISIBILITY
HIGHEST: 84 ON 8 GRTST 24HR 0.05 ON 27-27 TO 1/4 MILE OR LESS
LOWEST: 27 ON 22 3 = THUNDER
SNOW, ICE PELLETS, HAIL 4 = ICE PELLETS
TOTAL MONTH: M 5 = HAIL
GRTST 24HR M ON M 6 = FREEZING RAIN OR DRIZZLE
GRTST DEPTH: M ON M 7 = DUSTSTORM OR SANDSTORM:
VSBY 1/2 MILE OR LESS
8 = SMOKE OR HAZE
[NO. OF DAYS WITH] [WEATHER - DAYS WITH] 9 = BLOWING SNOW
X = TORNADO
MAX 32 OR BELOW: 0 0.01 INCH OR MORE: 1
MAX 90 OR ABOVE: 0 0.10 INCH OR MORE: 0
MIN 32 OR BELOW: 8 0.50 INCH OR MORE: 0
MIN 0 OR BELOW: 0 1.00 INCH OR MORE: 0
[HDD (BASE 65) ]
TOTAL THIS MO. 350 CLEAR (SCALE 0-3) 25
DPTR FM NORMAL M PTCLDY (SCALE 4-7) 2
TOTAL FM JUL 1 431 CLOUDY (SCALE 8-10) 3
DPTR FM NORMAL M
[CDD (BASE 65) ]
TOTAL THIS MO. 0
DPTR FM NORMAL M [PRESSURE DATA]
TOTAL FM JAN 1 1801 HIGHEST SLP M ON M
DPTR FM NORMAL M LOWEST SLP M ON M
[REMARKS]
#FINAL-11-21#