000
CXUS53 KFSD 032128
CF6HON
PRELIMINARY LOCAL CLIMATOLOGICAL DATA (WS FORM: F-6)
STATION: HURON
MONTH: DECEMBER
YEAR: 2021
LATITUDE: 44 22 N
LONGITUDE: 98 13 W
TEMPERATURE IN F: :PCPN: SNOW: WIND :SUNSHINE: SKY :PK WND
================================================================================
1 2 3 4 5 6A 6B 7 8 9 10 11 12 13 14 15 16 17 18
12Z AVG MX 2MIN
DY MAX MIN AVG DEP HDD CDD WTR SNW DPTH SPD SPD DIR MIN PSBL S-S WX SPD DR
================================================================================
1 65 33 49 23 16 0 0.00 0.0 0 9.6 21 250 M M 0 30 260
2 50 33 42 16 23 0 T 0.0 0 6.3 14 350 M M 4 20 350
3 40 25 33 8 32 0 0.00 0.0 0 8.3 21 350 M M 7 27 340
4 34 30 32 7 33 0 T T 0 10.4 30 150 M M 10 43 160
5 42 24 33 9 32 0 0.00 0.0 0 21.9 39 310 M M 7 51 300
6 26 3 15 -9 50 0 T T 0 13.2 36 320 M M 4 46 330
7 25 15 20 -3 45 0 T T 0 6.9 20 140 M M 6 27 140
8 38 14 26 3 39 0 0.00 0.0 0 14.0 28 160 M M 1 39 160
9 47 22 35 12 30 0 0.00 0.0 0 9.1 28 330 M M 2 35 320
10 30 23 27 5 38 0 0.12 2.0 0 5.4 14 300 M M 10 1 18 300
11 32 17 25 3 40 0 0.00 0.0 2 11.1 17 300 M M 0 22 290
12 39 15 27 5 38 0 0.00 0.0 2 7.4 13 190 M M 0 18 180
13 44 16 30 9 35 0 0.00 0.0 1 6.6 18 160 M M 0 1 26 170
14 39 25 32 11 33 0 0.00 0.0 T 12.7 20 150 M M 0 30 180
15 48 19 34 14 31 0 T T 0 18.0 45 310 M M 6 1269 62 320
16 29 12 21 1 44 0 T T T 13.4 33 310 M M 3 43 300
17 32 13 23 3 42 0 0.02 0.4 0 13.1 26 130 M M 10 1 37 120
18 18 6 12 -8 53 0 T T T 8.9 21 320 M M 6 1 25 320
19 37 8 23 4 42 0 0.00 0.0 T 12.5 23 160 M M 0 34 160
20 25 13 19 0 46 0 0.00 0.0 0 13.2 24 340 M M 2 32 360
21 31 15 23 4 42 0 T T 0 13.8 33 320 M M 3 43 310
22 43 19 31 13 34 0 0.00 0.0 0 6.0 13 160 M M 2 17 160
23 43 19 31 13 34 0 0.00 0.0 0 8.2 22 170 M M 0 32 180
24 49 14 32 14 33 0 0.00 0.0 0 14.2 25 350 M M 0 32 350
25 29 6 18 0 47 0 0.01 0.1 0 7.6 21 40 M M 3 28 50
26 33 5 19 1 46 0 0.02 0.3 T 11.4 28 110 M M 8 1 39 110
27 31 5 18 1 47 0 0.00 0.0 T 14.6 41 290 M M 2 56 290
28 24 -8 8 -9 57 0 T 0.1 T 11.7 25 320 M M 5 32 320
29 17 -6 6 -11 59 0 0.00 0.0 T 4.8 15 350 M M 4 19 10
30 20 -4 8 -9 57 0 0.00 0.0 T 6.6 14 350 M M 2 18 310
31 11 -9 1 -16 64 0 0.05 0.5 T 16.2 25 350 M M 7 31 340
================================================================================
SM 1071 422 1262 0 0.22 3.4 337.1 M 114
================================================================================
AV 34.5 13.6 10.9 FASTST M M 4 MAX(MPH)
MISC ----> 45 310 62 320
================================================================================
NOTES:
# LAST OF SEVERAL OCCURRENCES
-COLUMN 17 PEAK WIND IN M.P.H.
-PRECIPITATION AMOUNTS IN COLUMNS 7,8 AND 9 ARE THE OFFICIAL
PRECIPITATION AMOUNTS FOR HURON, SD.
-SNOW DEPTH IN COLUMN 9 IS RECORDED AT 6 AM CST (12Z).
PRELIMINARY LOCAL CLIMATOLOGICAL DATA (WS FORM: F-6) , PAGE 2
STATION: HURON
MONTH: DECEMBER
YEAR: 2021
LATITUDE: 44 22 N
LONGITUDE: 98 13 W
[TEMPERATURE DATA] [PRECIPITATION DATA] SYMBOLS USED IN COLUMN 16
AVERAGE MONTHLY: 24.1 TOTAL FOR MONTH: 0.22 1 = FOG OR MIST
DPTR FM NORMAL: 3.5 DPTR FM NORMAL: -0.44 2 = FOG REDUCING VISIBILITY
HIGHEST: 65 ON 1 GRTST 24HR 0.12 ON 10-10 TO 1/4 MILE OR LESS
LOWEST: -9 ON 31 3 = THUNDER
SNOW, ICE PELLETS, HAIL 4 = ICE PELLETS
TOTAL MONTH: 3.4 INCHES 5 = HAIL
GRTST 24HR 2.0 ON 10-10 6 = FREEZING RAIN OR DRIZZLE
GRTST DEPTH: 2 ON 12,11 7 = DUSTSTORM OR SANDSTORM:
VSBY 1/2 MILE OR LESS
8 = SMOKE OR HAZE
[NO. OF DAYS WITH] [WEATHER - DAYS WITH] 9 = BLOWING SNOW
X = TORNADO
MAX 32 OR BELOW: 15 0.01 INCH OR MORE: 5
MAX 90 OR ABOVE: 0 0.10 INCH OR MORE: 1
MIN 32 OR BELOW: 29 0.50 INCH OR MORE: 0
MIN 0 OR BELOW: 4 1.00 INCH OR MORE: 0
[HDD (BASE 65) ]
TOTAL THIS MO. 1262 CLEAR (SCALE 0-3) 16
DPTR FM NORMAL -114 PTCLDY (SCALE 4-7) 12
TOTAL FM JUL 1 2512 CLOUDY (SCALE 8-10) 3
DPTR FM NORMAL -534
[CDD (BASE 65) ]
TOTAL THIS MO. 0
DPTR FM NORMAL 0 [PRESSURE DATA]
TOTAL FM JAN 1 1037 HIGHEST SLP 30.50 ON 18
DPTR FM NORMAL 285 LOWEST SLP 29.20 ON 15
[REMARKS]
NONE
#FINAL-12-21#