000
CXUS53 KFSD 011804
CF6HON
PRELIMINARY LOCAL CLIMATOLOGICAL DATA (WS FORM: F-6)
STATION: HURON
MONTH: DECEMBER
YEAR: 2023
LATITUDE: 44 22 N
LONGITUDE: 98 13 W
TEMPERATURE IN F: :PCPN: SNOW: WIND :SUNSHINE: SKY :PK WND
================================================================================
1 2 3 4 5 6A 6B 7 8 9 10 11 12 13 14 15 16 17 18
12Z AVG MX 2MIN
DY MAX MIN AVG DEP HDD CDD WTR SNW DPTH SPD SPD DIR MIN PSBL S-S WX SPD DR
================================================================================
1 35 10 23 -3 42 0 0.00 0.0 0 3.9 10 140 M M 3 1 14 170
2 40 21 31 5 34 0 0.00 0.0 0 8.1 16 170 M M 0 25 150
3 31 21 26 1 39 0 0.00 0.0 0 5.1 9 170 M M 9 12 14 140
4 50 18 34 9 31 0 T T 0 8.2 25 320 M M 4 33 300
5 43 15 29 5 36 0 0.00 0.0 0 6.1 14 340 M M 1 1 19 160
6 66 30 48 24 17 0 0.00 0.0 0 7.2 14 170 M M 0 21 170
7 66 29 48 25 17 0 0.00 0.0 0 10.4 18 270 M M 0 26 180
8 50 33 42 19 23 0 T T 0 22.7 36 290 M M 7 1 46 280
9 34 21 28 5 37 0 T T T 22.0 35 320 M M 5 1 45 320
10 33 14 24 2 41 0 0.00 0.0 T 3.4 8 150 M M 3 11 160
11 45 20 33 11 32 0 0.00 0.0 T 8.5 16 320 M M 2 22 320
12 34 9 22 0 43 0 0.00 0.0 0 7.6 13 180 M M 0 18 160
13 47 19 33 12 32 0 0.00 0.0 0 7.7 13 170 M M 0 19 190
14 50 27 39 18 26 0 0.00 0.0 0 13.4 23 200 M M 4 32 210
15 42 35 39 19 26 0 0.00 0.0 0 9.0 22 190 M M 7 29 180
16 35 30 33 13 32 0 0.03 T 0 10.0 16 320 M M 10 20 330
17 44 22 33 13 32 0 0.00 0.0 0 12.7 33 340 M M 6 46 340
18 30 10 20 0 45 0 0.00 0.0 0 10.4 21 160 M M 0 32 160
19 41 20 31 12 34 0 0.00 0.0 0 6.8 20 170 M M 0 30 180
20 47 15 31 12 34 0 0.00 0.0 0 4.6 12 140 M M 0 17 140
21 47 23 35 16 30 0 0.00 0.0 0 6.9 15 160 M M 1 12 21 120
22 51 18 35 17 30 0 0.00 0.0 0 3.0 9 170 M M 0 12 12 160
23 51 27 39 21 26 0 0.35 0.0 0 12.4 23 170 M M 3 1 34 160
24 46 28 37 19 28 0 0.30 2.0 0 18.6 29 350 M M 10 126 38 360
25 36 21 29 11 36 0 0.43 4.3 2 23.1 31 340 M M 10 126 45 340
26 36 29 33 15 32 0 0.18 0.2 6 6.9 16 30 M M 10 16 21 20
27 34 24 29 12 36 0 T T 4 5.6 13 10 M M 10 1 17 360
28 34 19 27 10 38 0 0.00 0.0 4 8.2 18 320 M M 7 12 23 320
29 38 12 25 8 40 0 0.00 0.0 3 6.0 14 290 M M 0 18 300
30 32 21 27 10 38 0 0.00 0.0 3 14.0 23 340 M M 6 29 340
31 26 11 19 2 46 0 0.00 0.0 2 9.6 23 350 M M 5 30 350
================================================================================
SM 1294 652 1033 0 1.29 6.5 302.1 M 123
================================================================================
AV 41.7 21.0 9.7 FASTST M M 4 MAX(MPH)
MISC ----> 36 290 # 46 280
================================================================================
NOTES:
# LAST OF SEVERAL OCCURRENCES
-COLUMN 17 PEAK WIND IN M.P.H.
-PRECIPITATION AMOUNTS IN COLUMNS 7,8 AND 9 ARE THE OFFICIAL
PRECIPITATION AMOUNTS FOR HURON, SD.
-SNOW DEPTH IN COLUMN 9 IS RECORDED AT 6 AM CST (12Z).
PRELIMINARY LOCAL CLIMATOLOGICAL DATA (WS FORM: F-6) , PAGE 2
STATION: HURON
MONTH: DECEMBER
YEAR: 2023
LATITUDE: 44 22 N
LONGITUDE: 98 13 W
[TEMPERATURE DATA] [PRECIPITATION DATA] SYMBOLS USED IN COLUMN 16
AVERAGE MONTHLY: 31.4 TOTAL FOR MONTH: 1.29 1 = FOG OR MIST
DPTR FM NORMAL: 10.8 DPTR FM NORMAL: 0.63 2 = FOG REDUCING VISIBILITY
HIGHEST: 66 ON 7, 6 GRTST 24HR 0.64 ON 23-24 TO 1/4 MILE OR LESS
LOWEST: 9 ON 12 3 = THUNDER
SNOW, ICE PELLETS, HAIL 4 = ICE PELLETS
TOTAL MONTH: 6.5 INCHES 5 = HAIL
GRTST 24HR 4.3 ON 25-25 6 = FREEZING RAIN OR DRIZZLE
GRTST DEPTH: 6 ON 26 7 = DUSTSTORM OR SANDSTORM:
VSBY 1/2 MILE OR LESS
8 = SMOKE OR HAZE
[NO. OF DAYS WITH] [WEATHER - DAYS WITH] 9 = BLOWING SNOW
X = TORNADO
MAX 32 OR BELOW: 4 0.01 INCH OR MORE: 5
MAX 90 OR ABOVE: 0 0.10 INCH OR MORE: 4
MIN 32 OR BELOW: 29 0.50 INCH OR MORE: 0
MIN 0 OR BELOW: 0 1.00 INCH OR MORE: 0
[HDD (BASE 65) ]
TOTAL THIS MO. 1033 CLEAR (SCALE 0-3) 15
DPTR FM NORMAL -343 PTCLDY (SCALE 4-7) 10
TOTAL FM JUL 1 2444 CLOUDY (SCALE 8-10) 6
DPTR FM NORMAL -602
[CDD (BASE 65) ]
TOTAL THIS MO. 0
DPTR FM NORMAL 0 [PRESSURE DATA]
TOTAL FM JAN 1 1043 HIGHEST SLP 30.60 ON 13
DPTR FM NORMAL 291 LOWEST SLP 29.32 ON 7
[REMARKS]
RECORD HIGH DAILY MAXIMUM TEMPERATURE WAS ESTABLISHED ON THE 7TH WITH
66 DEGREES. THE PREVIOUS RECORD WAS 60 DEGREES IN 1918.
RECORD HIGH DAILY MINIMUM TEMPERATURE WAS ESTABLISHED ON THE 8TH WITH
33 DEGREES. THE PREVIOUS RECORD WAS 32 DEGREES IN 1946.
RECORD HIGH DAILY MINIMUM TEMPERATURE WAS ESTABLISHED ON THE 15TH WITH
35 DEGREES. THE PREVIOUS RECORD WAS 33 IN 1936 AND 2001.
THE MONTHLY AVERAGE TEMPERATURE OF 31.4 DEGREES WAS THE RECORD WARMEST
DECEMBER AVERAGE TEMPERATURE. THE AVERAGE MAXIMUM TEMPERATURE OF
41.7 DEGREES ALSO SET A RECORD FOR THE WARMEST DECEMBER AVERAGE
MAXIMUM TEMPERATURE. THE MONTHLY AVERAGE MINIMUM TEMPERATURE OF
21.0 DEGREES WAS THE SECOND HIGHEST DECEMBER AVERAGE MINIMUM TEMPERATURE.
#FINAL-12-23#