000
CXUS54 KLZK 011130
CF6HOT
PRELIMINARY LOCAL CLIMATOLOGICAL DATA (WS FORM: F-6)
STATION: HOT SPRINGS MEMORIAL FIELD
MONTH: SEPTEMBER
YEAR: 2021
LATITUDE: 34 28 N
LONGITUDE: 93 6 W
TEMPERATURE IN F: :PCPN: SNOW: WIND :SUNSHINE: SKY :PK WND
================================================================================
1 2 3 4 5 6A 6B 7 8 9 10 11 12 13 14 15 16 17 18
12Z AVG MX 2MIN
DY MAX MIN AVG DEP HDD CDD WTR SNW DPTH SPD SPD DIR MIN PSBL S-S WX SPD DR
================================================================================
1 102 73 88 8 0 23 0.71 M M 4.0 24 110 M M 2 13 37 30
2 91 73 82 3 0 17 0.00 M M 5.2 12 90 M M 3 14 80
3 92 73 83 4 0 18 0.00 M M 4.5 10 140 M M 1 15 150
4 96 76 86 7 0 21 0.00 0.0 0 3.8 13 240 M M 2 19 190
5 87 71 79 1 0 14 0.20 0.0 0 3.0 14 320 M M 4 13 21 320
6 91 67 79 1 0 14 0.00 0.0 0 3.1 13 120 M M 2 12 17 120
7 93 61 77 -1 0 12 0.00 0.0 0 2.7 10 220 M M 0 8 13 240
8 93 64 79 1 0 14 0.00 M M 4.8 14 340 M M 2 21 340
9 92 59 76 -1 0 11 0.00 0.0 M 4.3 17 50 M M 0 8 22 30
10 93 60 77 0 0 12 0.00 0.0 0 2.9 10 130 M M 0 8 15 130
11 91 63 77 0 0 12 0.00 M M 3.0 12 180 M M 0 8 14 180
12 91 62 77 1 0 12 0.00 0.0 0 4.1 13 170 M M 0 19 150
13 85 71 78 2 0 13 0.24 0.0 0 4.9 16 230 M M 4 1 20 230
14 91 72 82 6 0 17 0.00 0.0 0 3.2 13 150 M M 5 1 16 140
15 90 68 79 3 0 14 0.00 0.0 0 4.3 15 120 M M 3 20 120
16 90 70 80 5 0 15 0.00 0.0 0 6.5 15 80 M M 5 19 90
17 88 72 80 5 0 15 T 0.0 0 5.7 22 70 M M 7 29 90
18 90 73 82 8 0 17 0.02 0.0 0 5.2 17 80 M M 6 3 25 20
19 87 73 80 6 0 15 0.00 0.0 0 4.9 13 150 M M 4 3 17 140
20 92 71 82 8 0 17 0.00 0.0 0 4.9 12 240 M M 4 16 230
21 82 61 72 -1 0 7 0.79 0.0 0 3.9 18 300 M M 4 123 28 300
22 80 53 67 -6 0 2 0.00 M M 5.3 13 310 M M 0 19 330
23 80 48 64 -9 1 0 0.00 M M 1.9 10 250 M M 0 16 240
24 83 50 67 -5 0 2 0.00 M M 2.1 10 240 M M 0 14 250
25 89 53 71 -1 0 6 0.00 M M 3.0 12 350 M M 0 16 10
26 90 55 73 1 0 8 0.00 0.0 0 2.3 10 140 M M 0 15 180
27 88 60 74 3 0 9 0.00 0.0 0 3.2 12 210 M M 0 18 170
28 87 66 77 6 0 12 0.00 0.0 0 4.3 14 140 M M 4 19 150
29 79 69 74 4 0 9 0.00 0.0 0 4.9 10 120 M M 7 1 15 160
30 86 70 78 8 0 13 0.00 0.0 0 3.5 10 110 M M 6 1 14 140
================================================================================
SM 2669 1957 1 371 1.96 0.0 119.4 M 75
================================================================================
AV 89.0 65.2 4.0 FASTST M M 3 MAX(MPH)
MISC ----> 24 110 37 30
================================================================================
NOTES:
# LAST OF SEVERAL OCCURRENCES
COLUMN 17 PEAK WIND IN M.P.H.
PRELIMINARY LOCAL CLIMATOLOGICAL DATA (WS FORM: F-6) , PAGE 2
STATION: HOT SPRINGS MEMORIAL FIELD
MONTH: SEPTEMBER
YEAR: 2021
LATITUDE: 34 28 N
LONGITUDE: 93 6 W
[TEMPERATURE DATA] [PRECIPITATION DATA] SYMBOLS USED IN COLUMN 16
AVERAGE MONTHLY: 77.1 TOTAL FOR MONTH: 1.96 1 = FOG OR MIST
DPTR FM NORMAL: 1.9 DPTR FM NORMAL: -1.66 2 = FOG REDUCING VISIBILITY
HIGHEST: 102 ON 1 GRTST 24HR 0.79 ON 21-21 TO 1/4 MILE OR LESS
LOWEST: 48 ON 23 3 = THUNDER
SNOW, ICE PELLETS, HAIL 4 = ICE PELLETS
TOTAL MONTH: 0.0 INCH 5 = HAIL
GRTST 24HR 0.0 6 = FREEZING RAIN OR DRIZZLE
GRTST DEPTH: 0 7 = DUSTSTORM OR SANDSTORM:
VSBY 1/2 MILE OR LESS
8 = SMOKE OR HAZE
[NO. OF DAYS WITH] [WEATHER - DAYS WITH] 9 = BLOWING SNOW
X = TORNADO
MAX 32 OR BELOW: 0 0.01 INCH OR MORE: 5
MAX 90 OR ABOVE: 17 0.10 INCH OR MORE: 4
MIN 32 OR BELOW: 0 0.50 INCH OR MORE: 2
MIN 0 OR BELOW: 0 1.00 INCH OR MORE: 0
[HDD (BASE 65) ]
TOTAL THIS MO. 1 CLEAR (SCALE 0-3) 18
DPTR FM NORMAL -7 PTCLDY (SCALE 4-7) 12
TOTAL FM JUL 1 1 CLOUDY (SCALE 8-10) 0
DPTR FM NORMAL -4
[CDD (BASE 65) ]
TOTAL THIS MO. 371
DPTR FM NORMAL 58 [PRESSURE DATA]
TOTAL FM JAN 1 2094 HIGHEST SLP 30.27 ON 22
DPTR FM NORMAL -16 LOWEST SLP 29.73 ON 1
[REMARKS]
#FINAL-09-21#