000
CXUS56 KSEW 011031
CLMHQM
CLIMATE REPORT
NATIONAL WEATHER SERVICE SEATTLE
331 AM PDT FRI SEP 01 2023
...................................
...THE HOQUIAM WA AIRPORT CLIMATE SUMMARY FOR THE MONTH OF AUGUST 2023...
CLIMATE NORMAL PERIOD 1991 TO 2020
CLIMATE RECORD PERIOD 1953 TO 2023
WEATHER OBSERVED NORMAL DEPART LAST YEAR`S
VALUE DATE(S) VALUE FROM VALUE DATE(S)
NORMAL
................................................................
TEMPERATURE (F)
RECORD
HIGH 98 08/09/1981
LOW 40 08/29/1969
08/29/1965
HIGHEST 94 08/14 MM MM 88 08/07
08/30
LOWEST 50 08/19 MM MM 50 08/05
AVG. MAXIMUM 74.6 68.1 6.5 73.0
AVG. MINIMUM 58.4 53.9 4.5 57.8
MEAN 66.5 61.0 5.5 65.4
DAYS MAX >= 90 1 0.2 0.8 0
DAYS MAX <= 32 0 0.0 0.0 0
DAYS MIN <= 32 0 0.0 0.0 0
DAYS MIN <= 0 0 0.0 0.0 0
PRECIPITATION (INCHES)
RECORD
MAXIMUM 5.96 1991
MINIMUM 0.01 1998
TOTALS 0.41 1.35 -0.94 0.11
DAILY AVG. 0.01 0.04 -0.03 0.00
DAYS >= .01 5 7.1 -2.1 5
DAYS >= .10 1 2.5 -1.5 0
DAYS >= .50 0 0.9 -0.9 0
DAYS >= 1.00 0 0.4 -0.4 0
GREATEST
24 HR. TOTAL 0.17 08/09 TO 08/09
DEGREE DAYS
HEATING TOTAL 21 132 -111 27
SINCE 7/1 81 274 -193 MM
COOLING TOTAL 75 8 67 49
SINCE 1/1 97 17 80 MM
................................................................
WIND (MPH)
AVERAGE WIND SPEED 7.2
HIGHEST WIND SPEED/DIRECTION 22/290 DATE 08/18
22/240 08/26
HIGHEST GUST SPEED/DIRECTION 30/300 DATE 08/18
SKY COVER
POSSIBLE SUNSHINE (PERCENT) MM
AVERAGE SKY COVER 0.43
NUMBER OF DAYS FAIR 14
NUMBER OF DAYS PC 9
NUMBER OF DAYS CLOUDY 8
AVERAGE RH (PERCENT) 75
WEATHER CONDITIONS. NUMBER OF DAYS WITH
THUNDERSTORM 0 MIXED PRECIP 0
HEAVY RAIN 0 RAIN 1
LIGHT RAIN 6 FREEZING RAIN 0
LT FREEZING RAIN 0 HAIL 0
HEAVY SNOW 0 SNOW 0
LIGHT SNOW 0 SLEET 0
FOG 15 FOG W/VIS <= 1/4 MILE 2
HAZE 4
- INDICATES NEGATIVE NUMBERS.
R INDICATES RECORD WAS SET OR TIED.
MM INDICATES DATA IS MISSING.
T INDICATES TRACE AMOUNT.
$$