000
CXUS52 KMHX 011337
CF6HSE
PRELIMINARY LOCAL CLIMATOLOGICAL DATA (WS FORM: F-6)
STATION: CAPE HATTERAS NC
MONTH: JANUARY
YEAR: 2023
LATITUDE: 35 13 N
LONGITUDE: 75 37 W
TEMPERATURE IN F: :PCPN: SNOW: WIND :SUNSHINE: SKY :PK WND
================================================================================
1 2 3 4 5 6A 6B 7 8 9 10 11 12 13 14 15 16 17 18
12Z AVG MX 2MIN
DY MAX MIN AVG DEP HDD CDD WTR SNW DPTH SPD SPD DIR MIN PSBL S-S WX SPD DR
================================================================================
1 62 44 53 4 12 0 0.00 0.0 0 3.5 13 250 M M 5 12 19 240
2 65 43 54 5 11 0 0.00 0.0 0 2.9 7 230 M M 0 1 9 240
3 70 50 60 11 5 0 0.00 0.0 0 5.7 10 230 M M 0 1 16 250
4 71 62 67 18 0 2 T 0.0 0 9.2 20 230 M M 2 1 27 230
5 66 59 63 14 2 0 T 0.0 0 M M M M M 5 1 M M
6 59 46 53 4 12 0 0.00 0.0 0 7.8 13 300 M M 0 22 270
7 52 39 46 -2 19 0 0.00 0.0 0 3.6 8 320 M M 1 13 290
8 61 35 48 0 17 0 0.16 0.0 0 4.6 16 170 M M 5 1 20 170
9 60 44 52 4 13 0 0.17 0.0 0 7.9 18 210 M M 6 13 26 320
10 52 36 44 -4 21 0 0.00 0.0 0 3.2 8 300 M M 0 10 300
11 56 37 47 -1 18 0 0.00 0.0 0 M 10 70 M M M 17 40
12 67 50 59 11 6 0 T 0.0 0 8.9 24 200 M M 8 18 35 200
13 68 46 57 9 8 0 0.16 0.0 0 10.3 26 210 M M 8 138 38 210
14 46 37 42 -6 23 0 0.02 0.0 0 10.7 17 330 M M 10 1 31 340
15 43 35 39 -9 26 0 0.00 0.0 0 9.7 16 340 M M 6 29 340
16 49 37 43 -5 22 0 0.00 0.0 0 7.2 12 310 M M 0 20 320
17 58 42 50 2 15 0 0.04 0.0 0 9.2 20 250 M M 5 1 29 240
18 62 50 56 8 9 0 0.00 0.0 0 6.7 14 270 M M 0 1 22 250
19 65 44 55 7 10 0 0.00 0.0 0 8.0 21 240 M M 2 1 31 250
20 62 48 55 7 10 0 0.00 0.0 0 9.2 20 240 M M 0 18 29 240
21 48 38 43 -5 22 0 0.00 0.0 0 6.2 13 10 M M 0 22 360
22 62 40 51 3 14 0 1.17 0.0 0 8.2 21 120 M M 8 1 26 120
23 60 44 52 4 13 0 0.05 0.0 0 11.7 20 300 M M 6 1 32 320
24 49 32 41 -7 24 0 0.00 0.0 0 6.2 15 310 M M 0 25 310
25 68 32 50 2 15 0 0.31 0.0 0 18.4 35 170 M M 6 138 48 170
26 68 46 57 9 8 0 0.23 0.0 0 10.1 24 210 M M 2 1 43 220
27 50 41 46 -2 19 0 0.00 0.0 0 5.2 9 340 M M 0 14 330
28 56 32 44 -4 21 0 0.00 0.0 0 4.9 9 290 M M 0 14 290
29 63 42 53 5 12 0 0.00 0.0 0 4.2 9 310 M M 2 14 300
30 60 49 55 7 10 0 1.44 0.0 0 5.0 12 40 M M 10 128 18 40
31 56 49 53 5 12 0 0.01 0.0 0 3.7 9 360 M M 9 12 14 360
================================================================================
SM 1834 1329 429 2 3.76 0.0 212.1 M 106
================================================================================
AV 59.2 42.9 7.3 FASTST M M 4 MAX(MPH)
MISC ----> 35 170 48 170
================================================================================
NOTES:
# LAST OF SEVERAL OCCURRENCES
COLUMN 17 PEAK WIND IN M.P.H.
PRELIMINARY LOCAL CLIMATOLOGICAL DATA (WS FORM: F-6) , PAGE 2
STATION: CAPE HATTERAS NC
MONTH: JANUARY
YEAR: 2023
LATITUDE: 35 13 N
LONGITUDE: 75 37 W
[TEMPERATURE DATA] [PRECIPITATION DATA] SYMBOLS USED IN COLUMN 16
AVERAGE MONTHLY: 51.0 TOTAL FOR MONTH: 3.76 1 = FOG OR MIST
DPTR FM NORMAL: 3.0 DPTR FM NORMAL: -1.15 2 = FOG REDUCING VISIBILITY
HIGHEST: 71 ON 4 GRTST 24HR 1.80 ON 22-23 TO 1/4 MILE OR LESS
LOWEST: 32 ON 28,25 3 = THUNDER
SNOW, ICE PELLETS, HAIL 4 = ICE PELLETS
TOTAL MONTH: 0.0 INCH 5 = HAIL
GRTST 24HR 0.0 6 = FREEZING RAIN OR DRIZZLE
GRTST DEPTH: 0 7 = DUSTSTORM OR SANDSTORM:
VSBY 1/2 MILE OR LESS
8 = SMOKE OR HAZE
[NO. OF DAYS WITH] [WEATHER - DAYS WITH] 9 = BLOWING SNOW
X = TORNADO
MAX 32 OR BELOW: 0 0.01 INCH OR MORE: 11
MAX 90 OR ABOVE: 0 0.10 INCH OR MORE: 7
MIN 32 OR BELOW: 3 0.50 INCH OR MORE: 2
MIN 0 OR BELOW: 0 1.00 INCH OR MORE: 2
[HDD (BASE 65) ]
TOTAL THIS MO. 429 CLEAR (SCALE 0-3) 16
DPTR FM NORMAL -99 PTCLDY (SCALE 4-7) 9
TOTAL FM JUL 1 1159 CLOUDY (SCALE 8-10) 6
DPTR FM NORMAL -40
[CDD (BASE 65) ]
TOTAL THIS MO. 2
DPTR FM NORMAL 1 [PRESSURE DATA]
TOTAL FM JAN 1 2 HIGHEST SLP 30.45 ON 28
DPTR FM NORMAL 1 LOWEST SLP 29.58 ON 13
[REMARKS]
#FINAL-01-23#