000
CXUS53 KGID 280830
CF6HSI
PRELIMINARY LOCAL CLIMATOLOGICAL DATA (WS FORM: F-6)
STATION: HASTINGS NE
MONTH: MARCH
YEAR: 2024
LATITUDE: 40 35 N
LONGITUDE: 98 26 W
TEMPERATURE IN F: :PCPN: SNOW: WIND :SUNSHINE: SKY :PK WND
================================================================================
1 2 3 4 5 6A 6B 7 8 9 10 11 12 13 14 15 16 17 18
12Z AVG MX 2MIN
DY MAX MIN AVG DEP HDD CDD WTR SNW DPTH SPD SPD DIR MIN PSBL S-S WX SPD DR
================================================================================
1 60 29 45 10 20 0 0.00 0.0 0 12.8 21 200 M M 1 30 180
2 53 33 43 8 22 0 0.00 0.0 0 10.1 17 170 M M 6 12 25 150
3 65 38 52 16 13 0 0.00 0.0 0 12.6 31 300 M M 1 8 42 300
4 58 29 44 8 21 0 0.00 0.0 0 15.8 26 10 M M 0 35 10
5 54 19 37 1 28 0 0.00 0.0 0 4.5 17 320 M M 0 20 320
6 55 30 43 6 22 0 0.00 0.0 0 7.8 20 180 M M 3 28 200
7 53 29 41 4 24 0 T 0.0 0 17.6 28 40 M M 5 36 40
8 38 20 29 -9 36 0 0.34 3.4 1 17.1 32 10 M M 8 12 43 10
9 46 18 32 -6 33 0 0.00 0.0 3 5.9 13 310 M M 0 16 310
10 66 28 47 9 18 0 0.00 0.0 T 8.0 18 200 M M 0 27 190
11 73 36 55 16 10 0 0.00 0.0 0 11.4 25 200 M M 0 39 210
12 70 35 53 14 12 0 0.00 0.0 0 6.4 14 360 M M 0 8 19 360
13 71 39 55 15 10 0 0.06 0.0 0 9.7 23 10 M M 3 35 60
14 50 43 47 7 18 0 0.28 0.0 0 16.6 30 30 M M 10 1 40 30
15 55 32 44 3 21 0 0.00 0.0 0 9.7 20 350 M M 2 26 360
16 57 32 45 4 20 0 0.00 0.0 0 12.2 25 350 M M 0 40 330
17 43 20 32 -10 33 0 0.00 0.0 0 14.3 28 340 M M 0 41 350
18 48 16 32 -10 33 0 0.00 0.0 0 9.5 17 10 M M 0 23 290
19 68 35 52 10 13 0 0.00 0.0 0 9.2 24 360 M M 0 34 30
20 48 32 40 -3 25 0 0.00 0.0 0 12.6 25 50 M M 1 32 30
21 60 27 44 1 21 0 0.00 0.0 0 10.7 17 150 M M 2 24 150
22 48 28 38 -6 27 0 0.00 0.0 0 17.3 29 360 M M 4 40 350
23 40 24 32 -12 33 0 T T 0 11.1 21 150 M M 3 31 160
24 54 34 44 0 21 0 0.37 0.0 0 13.6 24 360 M M 9 13 37 160
25 36 23 30 -15 35 0 0.54 1.5 T 29.3 40 350 M M 10 16 60 350
26 29 17 23 -22 42 0 0.03 0.4 2 17.8 35 340 M M 3 18 47 340
27 47 17 32 -13 33 0 0.00 0.0 T 6.8 16 200 M M 3 24 210
================================================================================
SM 1445 763 644 0 1.62 5.3 330.4 M 74
================================================================================
AV 53.5 28.3 12.2 FASTST M M 3 MAX(MPH)
MISC ----> 40 350 60 350
================================================================================
NOTES:
# LAST OF SEVERAL OCCURRENCES
COLUMN 17 PEAK WIND IN M.P.H.
PRELIMINARY LOCAL CLIMATOLOGICAL DATA (WS FORM: F-6) , PAGE 2
STATION: HASTINGS NE
MONTH: MARCH
YEAR: 2024
LATITUDE: 40 35 N
LONGITUDE: 98 26 W
[TEMPERATURE DATA] [PRECIPITATION DATA] SYMBOLS USED IN COLUMN 16
AVERAGE MONTHLY: 40.9 TOTAL FOR MONTH: 1.62 1 = FOG OR MIST
DPTR FM NORMAL: 0.7 DPTR FM NORMAL: 0.54 2 = FOG REDUCING VISIBILITY
HIGHEST: 73 ON 11 GRTST 24HR 0.74 ON 24-25 TO 1/4 MILE OR LESS
LOWEST: 16 ON 18 3 = THUNDER
SNOW, ICE PELLETS, HAIL 4 = ICE PELLETS
TOTAL MONTH: 5.3 INCHES 5 = HAIL
GRTST 24HR 3.4 ON 8- 8 6 = FREEZING RAIN OR DRIZZLE
GRTST DEPTH: 3 ON 9 7 = DUSTSTORM OR SANDSTORM:
VSBY 1/2 MILE OR LESS
8 = SMOKE OR HAZE
[NO. OF DAYS WITH] [WEATHER - DAYS WITH] 9 = BLOWING SNOW
X = TORNADO
MAX 32 OR BELOW: 1 0.01 INCH OR MORE: 6
MAX 90 OR ABOVE: 0 0.10 INCH OR MORE: 4
MIN 32 OR BELOW: 19 0.50 INCH OR MORE: 1
MIN 0 OR BELOW: 0 1.00 INCH OR MORE: 0
[HDD (BASE 65) ]
TOTAL THIS MO. 644 CLEAR (SCALE 0-3) 18
DPTR FM NORMAL -28 PTCLDY (SCALE 4-7) 6
TOTAL FM JUL 1 4721 CLOUDY (SCALE 8-10) 3
DPTR FM NORMAL -463
[CDD (BASE 65) ]
TOTAL THIS MO. 0
DPTR FM NORMAL 0 [PRESSURE DATA]
TOTAL FM JAN 1 0 HIGHEST SLP M ON M
DPTR FM NORMAL 0 LOWEST SLP 29.29 ON 24
[REMARKS]