000
CXUS54 KHUN 180810
CF6HSV
PRELIMINARY LOCAL CLIMATOLOGICAL DATA (WS FORM: F-6)
STATION: HUNTSVILLE
MONTH: APRIL
YEAR: 2024
LATITUDE: 34 39 N
LONGITUDE: 86 46 W
TEMPERATURE IN F: :PCPN: SNOW: WIND :SUNSHINE: SKY :PK WND
================================================================================
1 2 3 4 5 6A 6B 7 8 9 10 11 12 13 14 15 16 17 18
12Z AVG MX 2MIN
DY MAX MIN AVG DEP HDD CDD WTR SNW DPTH SPD SPD DIR MIN PSBL S-S WX SPD DR
================================================================================
1 74 65 70 11 0 5 T 0.0 0 8.5 22 200 M M 7 31 200
2 78 62 70 11 0 5 T 0.0 0 12.6 26 200 M M 10 3 37 200
3 63 46 55 -4 10 0 T 0.0 0 14.6 28 290 M M 7 51 290
4 63 43 53 -7 12 0 0.00 0.0 0 12.6 24 300 M M 3 39 300
5 61 38 50 -10 15 0 0.00 0.0 0 7.5 17 30 M M 1 24 40
6 66 36 51 -9 14 0 0.00 0.0 0 4.4 14 50 M M 4 19 60
7 78 40 59 -1 6 0 0.00 0.0 0 8.9 20 170 M M 3 25 170
8 77 59 68 7 0 3 0.23 0.0 0 7.8 16 210 M M 9 3 22 220
9 63 56 60 -1 5 0 1.10 0.0 0 7.4 18 150 M M 10 1 25 140
10 69 60 65 4 0 0 0.17 0.0 0 9.8 22 120 M M 9 1 29 120
11 72 51 62 0 3 0 0.57 0.0 0 10.1 30 240 M M 9 1 46 290
12 69 48 59 -3 6 0 0.00 0.0 0 10.3 28 290 M M 1 45 290
13 78 41 60 -2 5 0 0.00 0.0 0 2.5 12 280 M M 0 19 310
14 83 51 67 5 0 2 0.00 0.0 0 7.7 21 220 M M 4 29 230
15 82 54 68 5 0 3 0.00 0.0 0 6.4 15 210 M M 3 23 220
16 84 61 73 10 0 8 0.00 0.0 0 9.6 21 190 M M 6 30 180
17 73 64 69 6 0 4 0.37 0.0 0 7.1 16 200 M M 8 13 25 200
================================================================================
SM 1233 875 76 30 2.44 0.0 147.8 M 94
================================================================================
AV 72.5 51.5 8.7 FASTST M M 6 MAX(MPH)
MISC ----> 30 240 51 290
================================================================================
NOTES:
# LAST OF SEVERAL OCCURRENCES
COLUMN 17 PEAK WIND IN M.P.H.
PRELIMINARY LOCAL CLIMATOLOGICAL DATA (WS FORM: F-6) , PAGE 2
STATION: HUNTSVILLE
MONTH: APRIL
YEAR: 2024
LATITUDE: 34 39 N
LONGITUDE: 86 46 W
[TEMPERATURE DATA] [PRECIPITATION DATA] SYMBOLS USED IN COLUMN 16
AVERAGE MONTHLY: 62.0 TOTAL FOR MONTH: 2.44 1 = FOG OR MIST
DPTR FM NORMAL: 1.0 DPTR FM NORMAL: -0.28 2 = FOG REDUCING VISIBILITY
HIGHEST: 84 ON 16 GRTST 24HR 1.24 ON 8- 9 TO 1/4 MILE OR LESS
LOWEST: 36 ON 6 3 = THUNDER
SNOW, ICE PELLETS, HAIL 4 = ICE PELLETS
TOTAL MONTH: 0.0 INCH 5 = HAIL
GRTST 24HR 0.0 6 = FREEZING RAIN OR DRIZZLE
GRTST DEPTH: 0 7 = DUSTSTORM OR SANDSTORM:
VSBY 1/2 MILE OR LESS
8 = SMOKE OR HAZE
[NO. OF DAYS WITH] [WEATHER - DAYS WITH] 9 = BLOWING SNOW
X = TORNADO
MAX 32 OR BELOW: 0 0.01 INCH OR MORE: 5
MAX 90 OR ABOVE: 0 0.10 INCH OR MORE: 5
MIN 32 OR BELOW: 0 0.50 INCH OR MORE: 2
MIN 0 OR BELOW: 0 1.00 INCH OR MORE: 1
[HDD (BASE 65) ]
TOTAL THIS MO. 76 CLEAR (SCALE 0-3) 5
DPTR FM NORMAL -20 PTCLDY (SCALE 4-7) 7
TOTAL FM JUL 1 2480 CLOUDY (SCALE 8-10) 5
DPTR FM NORMAL -292
[CDD (BASE 65) ]
TOTAL THIS MO. 30
DPTR FM NORMAL 2 [PRESSURE DATA]
TOTAL FM JAN 1 38 HIGHEST SLP M ON M
DPTR FM NORMAL -9 LOWEST SLP 29.43 ON 11
[REMARKS]