000
CXUS53 KAPX 010730
CF6HTL
PRELIMINARY LOCAL CLIMATOLOGICAL DATA (WS FORM: F-6)
STATION: HOUGHTON LAKE MI
MONTH: JUNE
YEAR: 2023
LATITUDE: 44 22 N
LONGITUDE: 84 41 W
TEMPERATURE IN F: :PCPN: SNOW: WIND :SUNSHINE: SKY :PK WND
================================================================================
1 2 3 4 5 6A 6B 7 8 9 10 11 12 13 14 15 16 17 18
12Z AVG MX 2MIN
DY MAX MIN AVG DEP HDD CDD WTR SNW DPTH SPD SPD DIR MIN PSBL S-S WX SPD DR
================================================================================
1 89 51 70 10 0 5 0.00 0.0 0 4.8 12 180 M M 0 16 110
2 91 51 71 11 0 6 0.00 0.0 0 2.5 14 110 M M 0 8 19 100
3 89 53 71 10 0 6 0.00 0.0 0 7.2 20 70 M M 2 8 28 80
4 79 43 61 0 4 0 0.00 0.0 0 4.9 16 80 M M 0 18 22 100
5 60 49 55 -6 10 0 0.01 0.0 0 0.9 5 70 M M 4 M M
6 74 44 59 -3 6 0 0.00 0.0 0 M M M M M M M M
7 73 42 58 -4 7 0 0.00 0.0 0 7.2 20 10 M M M 34 330
8 74 39 57 -5 8 0 0.00 0.0 0 M M M M M M M M
9 77 43 60 -2 5 0 0.00 0.0 0 5.4 16 320 M M 0 23 300
10 81 48 65 2 0 0 T 0.0 0 4.6 21 310 M M 7 30 300
11 57 49 53 -10 12 0 0.41 0.0 0 6.5 15 40 M M 10 1 19 40
12 63 47 55 -8 10 0 0.00 0.0 0 8.7 16 290 M M 9 23 280
13 65 48 57 -7 8 0 0.00 0.0 0 7.7 16 270 M M 7 1 21 280
14 72 42 57 -7 8 0 0.00 0.0 0 5.1 10 330 M M 2 12 16 270
15 59 46 53 -11 12 0 0.08 0.0 0 0.0 M M M M 0 M M
16 75 50 63 -1 2 0 0.00 0.0 0 M M M M M M M M
17 79 38 59 -5 6 0 0.00 0.0 0 M M M M M M M M
18 82 42 62 -3 3 0 0.00 0.0 0 M 13 180 M M M 16 170
19 83 48 66 1 0 1 0.00 0.0 0 4.8 14 110 M M M 20 100
20 85 50 68 3 0 3 0.00 0.0 0 M 22 70 M M M 30 70
21 85 53 69 4 0 4 0.00 0.0 0 M 17 80 M M M 26 120
22 85 50 68 2 0 3 0.00 0.0 0 M 16 110 M M M 22 110
23 85 59 72 6 0 7 0.00 0.0 0 M M M M M M M M
24 89 56 73 7 0 8 0.00 0.0 0 M 10 130 M M M 15 110
25 86 62 74 8 0 9 0.22 0.0 0 M 22 230 M M M 33 240
26 75 58 67 1 0 2 0.01 0.0 0 7.0 15 310 M M 10 13 21 320
27 74 53 64 -2 1 0 0.10 0.0 0 8.4 17 330 M M 10 18 25 330
28 80 43 62 -4 3 0 0.00 0.0 0 4.2 9 300 M M 1 128 14 250
29 77 57 67 0 0 2 1.64 0.0 0 6.8 16 180 M M 8 1238 24 150
30 86 59 73 6 0 8 0.00 0.0 0 5.6 17 280 M M 4 128 25 270
================================================================================
SM 2329 1473 105 64 2.47 0.0 102.3 M 74
================================================================================
AV 77.6 49.1 5.4 FASTST M M 4 MAX(MPH)
MISC ----> # 22 70 34 330
================================================================================
NOTES:
# LAST OF SEVERAL OCCURRENCES
COLUMN 17 PEAK WIND IN M.P.H.
PRELIMINARY LOCAL CLIMATOLOGICAL DATA (WS FORM: F-6) , PAGE 2
STATION: HOUGHTON LAKE MI
MONTH: JUNE
YEAR: 2023
LATITUDE: 44 22 N
LONGITUDE: 84 41 W
[TEMPERATURE DATA] [PRECIPITATION DATA] SYMBOLS USED IN COLUMN 16
AVERAGE MONTHLY: 63.4 TOTAL FOR MONTH: 2.47 1 = FOG OR MIST
DPTR FM NORMAL: -0.5 DPTR FM NORMAL: -0.75 2 = FOG REDUCING VISIBILITY
HIGHEST: 91 ON 2 GRTST 24HR 1.64 ON 29-29 TO 1/4 MILE OR LESS
LOWEST: 38 ON 17 3 = THUNDER
SNOW, ICE PELLETS, HAIL 4 = ICE PELLETS
TOTAL MONTH: 0.0 INCH 5 = HAIL
GRTST 24HR 0.0 6 = FREEZING RAIN OR DRIZZLE
GRTST DEPTH: 0 7 = DUSTSTORM OR SANDSTORM:
VSBY 1/2 MILE OR LESS
8 = SMOKE OR HAZE
[NO. OF DAYS WITH] [WEATHER - DAYS WITH] 9 = BLOWING SNOW
X = TORNADO
MAX 32 OR BELOW: 0 0.01 INCH OR MORE: 7
MAX 90 OR ABOVE: 1 0.10 INCH OR MORE: 4
MIN 32 OR BELOW: 0 0.50 INCH OR MORE: 1
MIN 0 OR BELOW: 0 1.00 INCH OR MORE: 1
[HDD (BASE 65) ]
TOTAL THIS MO. 105 CLEAR (SCALE 0-3) 8
DPTR FM NORMAL 3 PTCLDY (SCALE 4-7) 5
TOTAL FM JUL 1 7086 CLOUDY (SCALE 8-10) 17
DPTR FM NORMAL -812
[CDD (BASE 65) ]
TOTAL THIS MO. 64
DPTR FM NORMAL -5 [PRESSURE DATA]
TOTAL FM JAN 1 73 HIGHEST SLP 30.24 ON 21
DPTR FM NORMAL -17 LOWEST SLP 29.50 ON 26
[REMARKS]
#FINAL-06-23#